--
-- Host: localhost    Database: atario_cimpa
-- ------------------------------------------------------


--
-- Table structure for table `IDetiquetas`
--

CREATE TABLE `IDetiquetas` (
  `etiquetaID` int(11) NOT NULL AUTO_INCREMENT,
  `nombre` char(30) DEFAULT NULL,
  `ultima_modificacion` char(50) DEFAULT NULL,
  PRIMARY KEY (`etiquetaID`)
) ENGINE=InnoDB DEFAULT CHARSET=latin1;

--
-- Dumping data for table `IDetiquetas`
--

DELIMITER ;;
/*!50003 CREATE*/ /*!50017 DEFINER=`root`@`localhost`*/ /*!50003 TRIGGER `trigger_historial_IDetiquetas` BEFORE UPDATE ON `IDetiquetas`
 FOR EACH ROW BEGIN
        IF OLD.nombre != NEW.nombre
        THEN
                INSERT INTO historial
                    (
                        tabla_modificada    ,
                        columna_modificada       ,
                        IDelemento_modificado ,
                        valor_anterior     ,
                        valor_posterior     ,
                        usuario

                    )
                    VALUES
                    (
                        'IDetiquetas'    ,
                        'nombre'       ,
                        NEW.etiquetaID ,
                        OLD.nombre     ,
                        NEW.nombre     ,
                        NEW.ultima_modificacion
                    );
        END IF;
        
 
        
 
    END */;;
DELIMITER ;

--
-- Table structure for table `adjuntos`
--

CREATE TABLE `adjuntos` (
  `adjuntoID` int(11) NOT NULL AUTO_INCREMENT,
  `articuloID` int(11) DEFAULT NULL,
  `url` char(150) DEFAULT NULL,
  `nombre` char(150) DEFAULT NULL,
  PRIMARY KEY (`adjuntoID`),
  KEY `articuloID` (`articuloID`),
  CONSTRAINT `adjuntos_ibfk_1` FOREIGN KEY (`articuloID`) REFERENCES `articulos` (`articuloID`) ON DELETE CASCADE
) ENGINE=InnoDB AUTO_INCREMENT=9 DEFAULT CHARSET=latin1;

--
-- Dumping data for table `adjuntos`
--

INSERT INTO `adjuntos` VALUES (1,323,'instancia/adjuntos/323/VRA-1190-2017 VB en 254186 y 212577.pdf','VRA-1190-2017 VB en 254186 y 212577.pdf'),(3,324,'instancia/adjuntos/324/VRA-1190-2017 VB en 254186 y 212577.pdf','VRA-1190-2017 VB en 254186 y 212577.pdf'),(5,326,'instancia/adjuntos/326/CIMPA-0297-2016 VRA Nueva consulta sobre excl activos.pdf','CIMPA-0297-2016 VRA Nueva consulta sobre excl activos.pdf'),(7,328,'instancia/adjuntos/328/CIMPA-0297-2016 VRA Nueva consulta sobre excl activos.pdf','CIMPA-0297-2016 VRA Nueva consulta sobre excl activos.pdf'),(8,329,'instancia/adjuntos/329/CIMPA-0297-2016 VRA Nueva consulta sobre excl activos.pdf','CIMPA-0297-2016 VRA Nueva consulta sobre excl activos.pdf');

--
-- Table structure for table `articulos`
--

CREATE TABLE `articulos` (
  `articuloID` int(11) NOT NULL AUTO_INCREMENT,
  `numero_placa` char(30) DEFAULT NULL,
  `nombre` char(30) DEFAULT NULL,
  `marca` char(30) DEFAULT NULL,
  `modelo` char(30) DEFAULT NULL,
  `serie` char(50) DEFAULT NULL,
  `procedencia` char(50) DEFAULT NULL,
  `Otras_caracteristicas` char(70) DEFAULT NULL,
  `estadoID` int(11) DEFAULT NULL,
  `ubicacionID` int(11) DEFAULT NULL,
  `categoriaID` int(11) DEFAULT NULL,
  `ultima_modificacion` char(50) DEFAULT NULL,
  `removido` tinyint(1) NOT NULL DEFAULT '0',
  `codigo_barras` char(15) DEFAULT NULL,
  PRIMARY KEY (`articuloID`),
  KEY `estadoID` (`estadoID`),
  KEY `ubicacionID` (`ubicacionID`),
  KEY `categoriaID` (`categoriaID`),
  CONSTRAINT `articulos_ibfk_1` FOREIGN KEY (`estadoID`) REFERENCES `estados` (`estadoID`) ON DELETE SET NULL,
  CONSTRAINT `articulos_ibfk_2` FOREIGN KEY (`ubicacionID`) REFERENCES `ubicaciones` (`ubicacionID`) ON DELETE SET NULL,
  CONSTRAINT `articulos_ibfk_3` FOREIGN KEY (`categoriaID`) REFERENCES `categorias` (`categoriaID`) ON DELETE SET NULL
) ENGINE=InnoDB AUTO_INCREMENT=394 DEFAULT CHARSET=latin1;

--
-- Dumping data for table `articulos`
--

INSERT INTO `articulos` VALUES (1,'366296','Computadora 1','Dell','Optiplex 7010','9441428690','CIMPA','Core i5-3470 (3,2GHz)	8GB DDR3	1 TB	Windows 10 PRO',1,2,4,'felipe.escalanteguido@ucr.ac.cr',2,'EM00400001XX'),(2,'S/P','Monitor 1','Dell','E2214Hb','CN-0F4WW6-74261-43E-1M8U T','CIMPA','Tamaño  21.5 \" Resolución 1920x1080p',1,2,4,'felipe.escalanteguido@ucr.ac.cr',2,'EM00400002XX'),(3,'366291','Computadora 2','Dell','Optiplex 7010','9460044434','CIMPA','Core i5-3470 (3,2GHz)	8GB DDR3	1 TB	Windows 10 PRO',1,2,4,'felipe.escalanteguido@ucr.ac.cr',2,'EM00400003XX'),(4,'S/P','Monitor 2','Dell','E2214Hb','CN-0F4WW6-74261-43E1M9U T','CIMPA','Tamaño  21.5 \" Resolución 1920x1080p',1,2,4,'felipe.escalanteguido@ucr.ac.cr',2,'EM00400004XX'),(6,'366289','Computadora 3','Dell','Optiplex 7010','8991524882','CIMPA','Core i5-3470 (3,2GHz)	8GB DDR3	1 TB	Windows 10 PRO',1,2,4,'felipe.escalanteguido@ucr.ac.cr',0,'EM00400006XX'),(7,'S/P','Monitor 3','Dell','E2214Hb','CN-0F4WW6-74261-43E-1R8U T','CIMPA','Tamaño  21.5 \" Resolución 1920x1080p',1,2,4,'felipe.escalanteguido@ucr.ac.cr',0,'EM00400007XX'),(8,'379687','Computadora 4','HP','ProDesk 600 G2 MT','MXL6181TYQ','CIMPA','Core i7-6700 (3,4GHz)	16GB DDR4	1 TB	Windows 10 PRO',1,2,4,'felipe.escalanteguido@ucr.ac.cr',0,'EM00400008XX'),(9,'S/P','Monitor 4','HP','P222 va','CNK6110BCJ T','CIMPA','Tamaño  21.5 \" Resolución 1920x1080p',1,2,4,'felipe.escalanteguido@ucr.ac.cr',0,'EM00400009XX'),(10,'381332','Computadora Rafael','HP','ProDesk 600G2 SFF','MXL62013B6','CIMPA','Core i5-6600 (3,3GHz)	16GB DDR4	1 TB	Windows 10 PRO',1,3,4,'felipe.escalanteguido@ucr.ac.cr',0,'EM00400010XX'),(11,'S/P','Monitor Rafael','HP',' P222va','CNK6110BB1 T','CIMPA','Tamaño  21.5 \" Resolución 1920x1080p',1,3,4,'felipe.escalanteguido@ucr.ac.cr',0,'EM00400011XX'),(12,'381333','Computadora Samaria','HP','ProDesk 600G2 SFF','MXL62017W1','CIMPA','Core i5-6600 (3,3GHz)	16GB DDR4	1 TB	Windows 10 PRO',1,10,4,'felipe.escalanteguido@ucr.ac.cr',0,'EM00400012XX'),(13,'S/P','Monitor Samaria','HP','P222va','CNK6110BT4 T','CIMPA','Tamaño  21.5 \" Resolución 1920x1080p',1,10,4,'felipe.escalanteguido@ucr.ac.cr',0,'EM00400013XX'),(14,'366290','Computadora 7','Dell','Optiplex 7010','9008087762','CIMPA','Core i5-3470 (3,2GHz)	8GB DDR3	1 TB	Windows 10 PRO',1,2,4,'felipe.escalanteguido@ucr.ac.cr',2,'EM00400014XX'),(15,'S/P','Monitor 7','Dell','E2214Hb','CN-0F4WW6-74261-43E-1R4U T','CIMPA','Tamaño  21.5 \" Resolución 1920x1080p',1,2,4,'felipe.escalanteguido@ucr.ac.cr',2,'EM00400015XX'),(16,'381331','Computadora 2','HP','ProDesk 600G2 SFF','MXL620132J','CIMPA','Core i5-6600 (3,3GHz)	16GB DDR4	1 TB	Windows 10 PRO',1,2,4,'felipe.escalanteguido@ucr.ac.cr',0,'EM00400016XX'),(17,'S/P','Monitor 2','HP','P222va','CNK6110BB9 T','CIMPA','Tamaño  21.5 \" Resolución 1920x1080p',1,2,4,'felipe.escalanteguido@ucr.ac.cr',0,'EM00400017XX'),(18,'381330','Computadora 9','HP','ProDesk 600G2 SFF','MXL62013D1','CIMPA','Core i5-6600 (3,3GHz)	16GB DDR4	1 TB	Windows 10 PRO',1,2,4,'felipe.escalanteguido@ucr.ac.cr',0,'EM00400018XX'),(19,'S/P','Monitor 9','HP','P222va','CNK6110BTN T','CIMPA','Tamaño  21.5 \" Resolución 1920x1080p',1,2,4,'felipe.escalanteguido@ucr.ac.cr',0,'EM00400019XX'),(20,'347344','Computadora Allan','Dell','Optiplex 7010','5147453953','CIMPA','Core i5-3470 (3,2GHz)	4GB DDR3	500GB	Ubuntu 14',1,10,4,'felipe.escalanteguido@ucr.ac.cr',0,'EM00400020XX'),(21,'S/P',' Monitor Allan','Dell','E2214Hb','CN-0F4WW6-74261-43E-1PNU T','CIMPA','Tamaño  21.5 \" Resolución 1920x1080p',1,10,4,'felipe.escalanteguido@ucr.ac.cr',0,'EM00400021XX'),(22,'379688','Computadora 1','HP','ProDesk 600G2 MT','MXL6181TYT','CIMPA','Core i7-6700 (3,4GHz)	16GB DDR4	1 TB	Windows 10 PRO',1,2,4,'felipe.escalanteguido@ucr.ac.cr',0,'EM00400022XX'),(23,'S/P','Monitor 5','HP','P222va','CNK6110BTYT','CIMPA','Tamaño  21.5 \" Resolución 1920x1080p',1,2,4,'felipe.escalanteguido@ucr.ac.cr',0,'EM00400023XX'),(24,'351085','Teléfono IP Esteban','CISCO','CP-6921','PUC170218X2','CIMPA','Teléfono IP',1,3,3,'felipe.escalanteguido@ucr.ac.cr',0,'EM00300024XX'),(25,'306906','Impresora','HP','LaserJET P1102w','VNB3401716','CIMPA','Impresora Blanco y Negro',1,15,4,'felipe.escalanteguido@ucr.ac.cr',0,'EM00400025XX'),(26,'372996','Computadora Juanga','HP','Z640','2UA5293M5W','CIMPA','Xeon E5-2620 (2,40GHz)	32GB DDR4	1 TB	Open SUSE Leap 42,1',1,3,4,'felipe.escalanteguido@ucr.ac.cr',0,'EM00400026XX'),(27,'S/P','Monitor Juanga','HP','P222va','CNK5110M1R','CIMPA','Tamaño  21.5 \" Resolución 1920x1080p',1,3,4,'felipe.escalanteguido@ucr.ac.cr',0,'EM00400027XX'),(28,'351084','Teléfono IP Juanga','CISCO','CP-6921','PUC17020Z4F','CIMPA','Teléfono IP',1,3,3,'felipe.escalanteguido@ucr.ac.cr',0,'EM00300028XX'),(29,'351265','Teléfono IP','CISCO','CP-6921','PUC17111DFB','CIMPA','Teléfono IP',1,15,3,'felipe.escalanteguido@ucr.ac.cr',0,'EM00300029XX'),(30,'363569','Estación de Trabajo','S/M','S/M','S/S','CIMPA','Estación de Trabajo Cubículo 1',1,3,2,'felipe.escalanteguido@ucr.ac.cr',0,'EM00200030XX'),(31,'S/P','Arturito Esteban','S/M','S/M','S/S','CIMPA','Arturito Oficina 206',1,3,2,'felipe.escalanteguido@ucr.ac.cr',0,'EM00200031XX'),(32,'363564','Estantería Rafael','S/M','S/M','S/S','CIMPA','Estantería Oficina 206',1,3,2,'felipe.escalanteguido@ucr.ac.cr',0,'EM00200032XX'),(33,'S/P','Pizarra Acrílica Esteban','S/M','S/M','S/S','CIMPA','Pizarra Acrílica Oficina 206',1,3,7,'felipe.escalanteguido@ucr.ac.cr',0,'EM00700033XX'),(34,'S/P','Silla Ejecutiva Rafael','S/M','S/M','S/S','CIMPA','Silla Ejecutiva Cubículo 1',1,3,6,'felipe.escalanteguido@ucr.ac.cr',0,'EM00600034XX'),(35,'S/P','Silla Ejecutiva Esteban','S/M','S/M','S/S','CIMPA','Silla Ejecutiva Cubículo 2',1,3,6,'felipe.escalanteguido@ucr.ac.cr',0,'EM00600035XX'),(36,'S/P','Silla Ejecutiva Juanga','S/M','S/M','S/S','CIMPA','Silla Ejecutiva Cubículo 3',1,3,6,'felipe.escalanteguido@ucr.ac.cr',0,'EM00600036XX'),(37,'S/P','Silla de espera Oficina 206','S/M','S/M','S/S','CIMPA','Silla de espera Oficina 206',1,3,6,'felipe.escalanteguido@ucr.ac.cr',0,'EM00600037XX'),(38,'S/P','Silla de espera','S/M','S/M','S/S','CIMPA','Silla de espera Oficina 206',1,2,6,'felipe.escalanteguido@ucr.ac.cr',0,'EM00600038XX'),(39,'363570','Estación de Trabajo 1','S/M','S/M','S/S','CIMPA','Estación de Trabajo 1',1,2,2,'felipe.escalanteguido@ucr.ac.cr',0,'EM00200039XX'),(40,'363571','Estación de Trabajo 2','S/M','S/M','S/S','CIMPA','Estación de Trabajo 2',1,2,2,'felipe.escalanteguido@ucr.ac.cr',0,'EM00200040XX'),(41,'363572','Estación de Trabajo 3','S/M','S/M','S/S','CIMPA','Estación de Trabajo 3',1,2,2,'felipe.escalanteguido@ucr.ac.cr',0,'EM00200041XX'),(42,'363573','Estación de Trabajo 4','S/M','S/M','S/S','CIMPA','Estación de Trabajo 4',1,2,2,'felipe.escalanteguido@ucr.ac.cr',0,'EM00200042XX'),(43,'363574','Estación de Trabajo 5','S/M','S/M','S/S','CIMPA','Estación de Trabajo 5',1,2,2,'felipe.escalanteguido@ucr.ac.cr',0,'EM00200043XX'),(44,'363575','Estación de Trabajo 6','S/M','S/M','S/S','CIMPA','Estación de Trabajo 6',1,2,2,'felipe.escalanteguido@ucr.ac.cr',0,'EM00200044XX'),(45,'363579','Estación de Trabajo 7','S/M','S/M','S/S','CIMPA','Estación de Trabajo 7',1,2,2,'felipe.escalanteguido@ucr.ac.cr',0,'EM00200045XX'),(46,'363578','Estación de Trabajo 8','S/M','S/M','S/S','CIMPA','Estación de Trabajo 8',1,2,2,'felipe.escalanteguido@ucr.ac.cr',0,'EM00200046XX'),(47,'363577','Estación de Trabajo 9','S/M','S/M','S/S','CIMPA','Estación de Trabajo 9',1,2,2,'felipe.escalanteguido@ucr.ac.cr',0,'EM00200047XX'),(48,'363576','Estación de Trabajo 10','S/M','S/M','S/S','CIMPA','Estación de Trabajo 10',1,2,2,'felipe.escalanteguido@ucr.ac.cr',0,'EM00200048XX'),(49,'S/P','Pizarra Acrílica 205','S/M','S/M','S/S','CIMPA','Pizarra Acrílica 205',1,2,7,'felipe.escalanteguido@ucr.ac.cr',0,'EM00700049XX'),(50,'369912','Aire Acondicionado 205','Lennox','LXGUCMD036100P20-3','D202083890113604160102','CIMPA','Aire Acondicionado 205',1,2,8,'felipe.escalanteguido@ucr.ac.cr',0,'EM00800050XX'),(51,'372997','Computadora Maikol','HP','Z640','2UA5282SF5','CIMPA','Xeon E5-2620 (2,40GHz)	32GB DDR4	1 TB	Open SUSE Leap 42,1',1,4,4,'felipe.escalanteguido@ucr.ac.cr',0,'EM00400051XX'),(52,'347364','Monitor  1 Maikol','Dell','E1913c','CN-06JX4Y-64180-2BN-3U4S','CIMPA','Tamaño  19 \" Resolución 1440x900p',1,4,4,'felipe.escalanteguido@ucr.ac.cr',0,'EM00400052XX'),(53,'S/P','Monitor 2 Maikol','HP','P222va','CNK5110N1B T','CIMPA','Tamaño  21.5 \" Resolución 1920x1080p',1,4,4,'felipe.escalanteguido@ucr.ac.cr',0,'EM00400053XX'),(54,'363565','Estación de Trabajo Luis B','S/M','S/M','S/S','CIMPA','Estación de Trabajo Cubículo 1',1,4,2,'felipe.escalanteguido@ucr.ac.cr',0,'EM00200054XX'),(55,'326393','Teléfono IP Maikol','CISCO','CP-6921','PXN1521S339','CIMPA','Teléfono IP',1,4,3,'felipe.escalanteguido@ucr.ac.cr',0,'EM00300055XX'),(56,'S/P','Silla Ejecutiva Luis','S/M','s','S/S','CIMPA','Silla Ejecutiva Cubículo 1',1,4,6,'felipe.escalanteguido@ucr.ac.cr',0,'EM00600056XX'),(57,'S/P','Silla de Espera Maikol','S/M','S/M','S/S','CIMPA','Silla de Espera Cubículo 1',1,4,6,'felipe.escalanteguido@ucr.ac.cr',0,'EM00600057XX'),(58,'363568','Estantería Maikol','S/M','S/M','S/S','CIMPA','Estantería Oficina 207',1,4,2,'felipe.escalanteguido@ucr.ac.cr',0,'EM00200058XX'),(59,'372994','Computadora Luis','HP','Z640','2UA5282SDZ','CIMPA','Xeon E5-2620 (2,40GHz)	32GB DDR4	1 TB	Open SUSE Leap 42,1',1,4,4,'felipe.escalanteguido@ucr.ac.cr',0,'EM00400059XX'),(60,'S/P','Monitor Luis','HP','P222va','CNK5110N19 T','CIMPA','Tamaño  21.5 \" Resolución 1920x1080p',1,4,4,'felipe.escalanteguido@ucr.ac.cr',0,'EM00400060XX'),(61,'350947','Teléfono IP Luis','CISCO','CP-6921','PUC17111CQL','CIMPA','Teléfono IP',1,4,3,'felipe.escalanteguido@ucr.ac.cr',0,'EM00300061XX'),(62,'363566','Estación de Trabajo Maikol','S/M','S/M','S/S','CIMPA','Estación de Trabajo Cubículo 2',1,4,2,'felipe.escalanteguido@ucr.ac.cr',0,'EM00200062XX'),(63,'S/P','Arturito Luis','S/M','S/M','S/S','CIMPA','Arturito Cubículo 2',1,4,2,'felipe.escalanteguido@ucr.ac.cr',0,'EM00200063XX'),(64,'S/P','Arturito Maikol','S/M','S/M','S/S','CIMPA','Arturito Cubículo 1',1,4,2,'felipe.escalanteguido@ucr.ac.cr',0,'EM00200064XX'),(65,'363567','Estantería Luis B.','S/M','S/M','S/S','CIMPA','Estantería Cubículo 2',1,4,2,'felipe.escalanteguido@ucr.ac.cr',0,'EM00200065XX'),(66,'S/P','Pizarra Acrílica Maikol','S/M','S/M','S/S','CIMPA','Pizarra Acrílica Cubículo 1',1,4,7,'felipe.escalanteguido@ucr.ac.cr',0,'EM00700066XX'),(67,'S/P','Pizarra de Corcho Maikol','S/M','S/M','S/S','CIMPA','Pizarra de Corcho Cubículo 1',1,4,7,'felipe.escalanteguido@ucr.ac.cr',0,'EM00700067XX'),(68,'S/P','Pizarra Acrílica Luis','S/M','S/M','S/S','CIMPA','Pizarra Acrílica Cubículo 2',1,4,7,'felipe.escalanteguido@ucr.ac.cr',0,'EM00700068XX'),(69,'S/P','Pizarra Acrílica 207','S/M','S/M','S/S','CIMPA','Pizarra Acrílica Cubículo 2',1,4,7,'felipe.escalanteguido@ucr.ac.cr',0,'EM00700069XX'),(70,'S/P','Silla Ejecutiva Maikol','S/M','S/M','S/S','CIMPA','Silla Ejecutiva Cubículo 2',1,4,6,'felipe.escalanteguido@ucr.ac.cr',0,'EM00600070XX'),(71,'S/P','Silla de Espera','S/M','S/M','S/S','CIMPA','Silla de Espera Cubículo 2',1,4,2,'felipe.escalanteguido@ucr.ac.cr',0,'EM00200071XX'),(72,'381334','Computadora Ronald','HP','ProDesk 600G2 SFF','MXL6201300','CIMPA','Core i5-6600 (3,3GHz)	16GB DDR4	1 TB	Windows 10 PRO',1,7,4,'felipe.escalanteguido@ucr.ac.cr',0,'EM00400072XX'),(73,'S/P','Monitor Oficina 210','HP','P222va','CNK6110BB12 T','CIMPA','Tamaño  21.5 \" Resolución 1920x1080p',1,7,4,'felipe.escalanteguido@ucr.ac.cr',0,'EM00400073XX'),(74,'351088','Teléfono IP Ronald','CISCO','CP-6921','PUC17020Z4X','CIMPA','Teléfono IP',1,7,3,'felipe.escalanteguido@ucr.ac.cr',0,'EM00300074XX'),(75,'S/P','Estantería 1 Oficina 210','S/M','S/M','S/S','CIMPA','Estantería 1 Oficina 210',1,14,2,'felipe.escalanteguido@ucr.ac.cr',0,'EM00200075XX'),(76,'S/P','Estantería 2 Oficina 210','S/M','S/M','S/S','CIMPA','Estantería 2 Oficina 210',1,14,2,'felipe.escalanteguido@ucr.ac.cr',0,'EM00200076XX'),(77,'S/P','Pizarra Acrílica Oficina 210','S/M','S/M','S/S','CIMPA','Pizarra Acrílica Oficina 210',1,7,7,'felipe.escalanteguido@ucr.ac.cr',0,'EM00700077XX'),(78,'S/P','Ventilador Oficina 211','ATVI0','VF45-WM','S/S','CIMPA','Ventilador Oficina 210',1,8,6,'felipe.escalanteguido@ucr.ac.cr',0,'EM00600078XX'),(79,'S/P','Silla Ejecutiva Oficina 210','S/M','S/M','S/S','CIMPA','Silla Ejecutiva Oficina 210',1,7,6,'felipe.escalanteguido@ucr.ac.cr',0,'EM00600079XX'),(80,'S/P','Silla de Espera Oficina 210','S/M','S/M','S/S','CIMPA','Silla de Espera Oficina 210',1,7,6,'felipe.escalanteguido@ucr.ac.cr',0,'EM00600080XX'),(81,'215634','Impresora Oficina 209','HP','Laser Jet 1015','CNFB042764','CIMPA','Blanco y Negro',1,21,4,'felipe.escalanteguido@ucr.ac.cr',0,'EM00400081XX'),(83,'372995','Computadora','HP','Z640','2UA5293M5X','CIMPA','Xeon E5-2620 (2,40GHz)	32GB DDR4	1 TB	Open SUSE Leap 42,1',3,14,4,'felipe.escalanteguido@ucr.ac.cr',0,'EM00400083XX'),(85,'S/P','Monitor 1','HP','P222va','CNK51100LXG T','CIMPA','Tamaño  21.5 \" Resolución 1920x1080p',1,2,4,'felipe.escalanteguido@ucr.ac.cr',0,'EM00400085XX'),(86,'S/P','Arturito Oficina 209','S/M','S/M','S/S','CIMPA','Arturito Oficina 209',1,6,2,'felipe.escalanteguido@ucr.ac.cr',0,'EM00200086XX'),(87,'363562','Estantería 1 Fabio','S/M','S/M','S/S','CIMPA','Estantería 1 Oficina 209',1,6,2,'felipe.escalanteguido@ucr.ac.cr',0,'EM00200087XX'),(88,'S/P','Estantería 2 Oficina 209','S/M','S/M','S/S','CIMPA','Estantería 2 Oficina 209',1,6,2,'felipe.escalanteguido@ucr.ac.cr',0,'EM00200088XX'),(89,'326398','Teléfono IP Fabio','CISCO','CP-6921','PXN1521S33V','CIMPA','Teléfono IP',1,6,3,'felipe.escalanteguido@ucr.ac.cr',0,'EM00300089XX'),(90,'S/P','Pizarra Acrílica Oficina 209','S/M','S/M','S/S','CIMPA','Pizarra Acrílica Oficina 209',1,6,7,'felipe.escalanteguido@ucr.ac.cr',0,'EM00700090XX'),(91,'S/P','Pizarra de Corcho Oficina 209','S/M','S/M','S/S','CIMPA','Pizarra de Corcho Oficina 209',1,6,7,'felipe.escalanteguido@ucr.ac.cr',0,'EM00700091XX'),(92,'S/P','Silla Ejecutiva Oficina 209','S/M','S/M','S/S','CIMPA','Silla Ejecutiva Oficina 209',1,6,6,'felipe.escalanteguido@ucr.ac.cr',0,'EM00600092XX'),(93,'S/P','Silla de Espera Oficina 209','S/M','S/M','S/S','CIMPA','Silla de Espera Oficina 209',1,6,6,'felipe.escalanteguido@ucr.ac.cr',0,'EM00600093XX'),(94,'379685','Computadora Mario','HP','ProDesk 600G2 MT','MXL6181TYR','CIMPA','Core i7-6700 (3,4GHz)	16GB DDR4	1 TB	Windows 10 PRO',1,9,4,'felipe.escalanteguido@ucr.ac.cr',0,'EM00400094XX'),(95,'S/P','Monitor 1 Oficina 212','HP','P222va','CNK6110BSS','CIMPA','Tamaño  21.5 \" Resolución 1920x1080p',1,9,4,'felipe.escalanteguido@ucr.ac.cr',0,'EM00400095XX'),(96,'366292','Computadora 10','Dell','Optiplex 7010','9446607506','CIMPA','Core i5-3470 (3,2GHz)	8GB DDR3	1 TB	Windows 7 Professional',1,2,4,'felipe.escalanteguido@ucr.ac.cr',0,'EM00400096XX'),(97,'353232','Monitor 2 Mario','LG','22EN33','304NDEZDT700','CIMPA','Tamaño  21.5 \" Resolución 1920x1080p',1,9,4,'felipe.escalanteguido@ucr.ac.cr',0,'EM00400097XX'),(98,'347343','Computadora 8','Dell','Optiplex 7010','4834905409','CIMPA','Core i5-3470 (3,2GHz)	8GB DDR3	1 TB	Windows 7 Professional',1,2,4,'felipe.escalanteguido@ucr.ac.cr',0,'EM00400098XX'),(99,'351089','Teléfono IP Mario','CISCO','CP-6921','PUC170218X5','CIMPA','Teléfono IP',1,9,3,'felipe.escalanteguido@ucr.ac.cr',0,'EM00300099XX'),(101,'363560','Estantería 1 Mario','S/M','S/M','S/S','CIMPA','Estantería 1 Oficina 212',1,9,2,'felipe.escalanteguido@ucr.ac.cr',0,'EM00200101XX'),(102,'309910','Estantería 2 Oficina 212','S/M','S/M','S/S','CIMPA','Estantería 2 Oficina 212',1,9,2,'felipe.escalanteguido@ucr.ac.cr',0,'EM00200102XX'),(103,'S/P','Pizarra Acrílica Oficina 212','S/M','S/M','S/S','CIMPA','Pizarra Acrílica Oficina 212',1,9,7,'felipe.escalanteguido@ucr.ac.cr',0,'EM00700103XX'),(104,'S/P','Silla Ejecutiva Oficina 212','S/M','S/M','S/S','CIMPA','Silla Ejecutiva Oficina 212',1,9,6,'felipe.escalanteguido@ucr.ac.cr',0,'EM00600104XX'),(105,'S/P','Silla de Espera Oficina 212','S/M','S/M','S/S','CIMPA',' Silla de Espera Oficina 212',1,9,6,'felipe.escalanteguido@ucr.ac.cr',0,'EM00600105XX'),(106,'S/P','Mesa de madera Oficina 212','S/M','S/M','S/S','CIMPA','Mesa de madera Oficina 212',1,9,2,'felipe.escalanteguido@ucr.ac.cr',0,'EM00200106XX'),(107,'S/P','Silla de Espera','S/M','S/M','S/S','CIMPA','Silla de Espera Oficina 212',1,9,6,'felipe.escalanteguido@ucr.ac.cr',0,'EM00600107XX'),(108,'366294','Computadora Alexander R','Dell','Optiplex 7010','9538939730','CIMPA','Core i5-3470 (3,2GHz)	8GB DDR3	1 TB	Windows 7 Professional',1,8,4,'felipe.escalanteguido@ucr.ac.cr',0,'EM00400108XX'),(109,'S/P','Monitor 1 Oficina 211','Dell','E2214Hb','CN-0F4WW6-74261-43E-1MWU T','CIMPA','Tamaño  21.5 \" Resolución 1920x1080p',1,8,4,'felipe.escalanteguido@ucr.ac.cr',0,'EM00400109XX'),(110,'307310','Computadora 2 Oficina 211','Mac','iMac A1311','W80241LV5PC','CIMPA','Core 2 Duo	4GB DDR3	1TB	MacOS 9',1,8,4,'felipe.escalanteguido@ucr.ac.cr',2,'EM00400110XX'),(111,'351082','Teléfono IP Alexander R','CISCO','CP-6921','PUC170218WV','CIMPA','Teléfono IP',1,8,3,'felipe.escalanteguido@ucr.ac.cr',0,'EM00300111XX'),(112,'333028','Impresora Revista','EPSON','Stylus Tx560wd','MGLY007863','CIMPA','Multifuncional a Color',1,16,4,'felipe.escalanteguido@ucr.ac.cr',0,'EM00400112XX'),(113,'S/P','Arturito Oficina 211','S/M','S/M','S/S','CIMPA','Arturito Oficina 211',1,8,2,'felipe.escalanteguido@ucr.ac.cr',0,'EM00200113XX'),(114,'S/P','Estantería 1 Oficina 211','S/M','S/M','S/S','CIMPA','Estantería 1 Oficina 211',1,8,2,'felipe.escalanteguido@ucr.ac.cr',0,'EM00200114XX'),(115,'S/P','Estantería 2 Oficina 211','S/M','S/M','S/S','CIMPA','Estantería 2 Oficina 211',1,8,2,'felipe.escalanteguido@ucr.ac.cr',0,'EM00200115XX'),(116,'S/P','Silla Ejecutiva Oficina 211','S/M','S/M','S/S','CIMPA','Silla Ejecutiva Oficina 211',1,8,6,'felipe.escalanteguido@ucr.ac.cr',0,'EM00600116XX'),(117,'S/P','Silla de Espera Oficina 211','S/M','S/M','S/S','CIMPA','Silla de Espera Oficina 211',1,8,6,'felipe.escalanteguido@ucr.ac.cr',0,'EM00600117XX'),(118,'S/P','Pizarra Acrílica Oficina 211','S/M','S/M','S/S','CIMPA','Pizarra Acrílica Oficina 211',1,8,7,'felipe.escalanteguido@ucr.ac.cr',0,'EM00700118XX'),(119,'S/P','Pizarra de Corcho Oficina 211','S/M','S/M','S/S','CIMPA','Pizarra de Corcho Oficina 211',1,8,7,'felipe.escalanteguido@ucr.ac.cr',0,'EM00700119XX'),(120,'S/P','Ventilador','Galaxy','S/M','S/S','CIMPA','Ventilador',1,21,6,'felipe.escalanteguido@ucr.ac.cr',0,'EM00600120XX'),(121,'369498','Impresora','Lexmark','MS415DN','451444LM193R8','CIMPA','Blanco y Negro',1,15,4,'felipe.escalanteguido@ucr.ac.cr',0,'EM00400121XX'),(122,'243470','Video Beam 1','EPSON','Power Lite 76C','GyHF6900286L','CIMPA','Proyector VGA',1,15,7,'felipe.escalanteguido@ucr.ac.cr',0,'EM00400122XX'),(123,'366297','Computadora 6','Dell','Optiplex 7010','9046998866','CIMPA','Computadora',1,2,4,'felipe.escalanteguido@ucr.ac.cr',0,'EM00400123XX'),(124,'S/P','Monitor 6','Dell','E2214Hb','CN-0F4WW6-74261-43E-1R6U T','CIMPA','Tamaño  21.5 \" Resolución 1920x1080p',1,2,4,'felipe.escalanteguido@ucr.ac.cr',0,'EM00400124XX'),(125,'114842','Archivo Metálico','S/M','S/M','S/S','CIMPA','Archivo Metálico',1,28,6,'felipe.escalanteguido@ucr.ac.cr',1,'EM00600125XX'),(126,'301587','Monitor','HP','L1710','3CQ9393D81','CIMPA','Tamaño  17 \" Resolución 1280x1024p',2,21,4,'felipe.escalanteguido@ucr.ac.cr',0,'EM00400126XX'),(127,'286675','Monitor','Dell','E178FPb','CN-0R229K-74261-91D-44TL T','CIMPA','Tamaño  17 \" Resolución 1280x1024p',2,21,4,'felipe.escalanteguido@ucr.ac.cr',0,'EM00400127XX'),(128,'271091','Monitor','Dell','E178FPc','CN-0TP219-64180-7B8-01CL','CIMPA','Tamaño  17 \" Resolución 1280x1024p',2,21,4,'felipe.escalanteguido@ucr.ac.cr',0,'EM00400128XX'),(129,'301578','Computadora','HP','Compaq6005 Pro','MXL01510QL','CIMPA','AMD Athlom II X2 (3GHz)	2GB DDR2	250GB	Zorin OS II',2,21,4,'felipe.escalanteguido@ucr.ac.cr',0,'EM00400129XX'),(130,'271090','Computadora','Dell','Optiplex 7040','25RXJF1','CIMPA','AMD Athlom II X2 (3GHz)	2GB DDR2	80GB	Zorin OS II',2,21,4,'felipe.escalanteguido@ucr.ac.cr',0,'EM00400130XX'),(131,'287251','Computadora','HP','Compaqdc7900','MXJ9060269','CIMPA','Core 2 Duo	2GB DDR2	160GB	Windows Vista',2,21,4,'felipe.escalanteguido@ucr.ac.cr',0,'EM00400131XX'),(132,'250090','Monitor','HP','1740','CNC7041D1V','CIMPA','Tamaño  17 \" Resolución 1280x1024p',2,21,4,'felipe.escalanteguido@ucr.ac.cr',0,'EM00400132XX'),(133,'354327','UPS','Ciber power','750VA','CP6BU2002658','CIMPA','UPS',2,21,4,'felipe.escalanteguido@ucr.ac.cr',0,'EM00400133XX'),(134,'250474','Impresora','HP','PhotosmartC3180','CN67FC10QW','CIMPA','Color',2,21,4,'felipe.escalanteguido@ucr.ac.cr',0,'EM00400134XX'),(135,'243003','UPS','Tripp Lite','Internet3050U','9431EY0BC505601987','CIMPA','UPS',2,21,4,'felipe.escalanteguido@ucr.ac.cr',0,'EM00400135XX'),(136,'352379','UPS','CDP','B-Smar906','100203-0510398','CIMPA','UPS',2,21,4,'felipe.escalanteguido@ucr.ac.cr',0,'EM00400136XX'),(137,'S/P','UPS','CDP','B-UPR505','100402-020012','CIMPA','UPS',2,21,4,'felipe.escalanteguido@ucr.ac.cr',2,'EM00400137XX'),(138,'S/P','UPS','CDP','B-UPR505','070105-1290190','CIMPA','UPS',2,21,4,'felipe.escalanteguido@ucr.ac.cr',2,'EM00400138XX'),(139,'335922','UPS','CDP','B-UPR706','100318-0220616','CIMPA','UPS',2,21,4,'felipe.escalanteguido@ucr.ac.cr',0,'EM00400139XX'),(140,'C5402','Teléfono Analógico','Coby','CT-P710','S/S','CIMPA','Teléfono Analógico',2,5,3,'felipe.escalanteguido@ucr.ac.cr',0,'EM00300140XX'),(141,'S/P','Impresora','hp','DeskJetD1660','CN9ANC925S','CIMPA','Blanco y Negro',2,21,4,'felipe.escalanteguido@ucr.ac.cr',2,'EM00400141XX'),(142,'234469','Impresora','Lexmart','E332N','720R33K','CIMPA','Blanco y Negro',2,21,4,'felipe.escalanteguido@ucr.ac.cr',0,'EM00400142XX'),(143,'264931','Duplicadora','Ricoh','Priport DX3340','N0370770160','CIMPA','Duplicadora',4,28,6,'felipe.escalanteguido@ucr.ac.cr',0,'EM00600143XX'),(144,'C212578','Mueble Formica Verde','S/M','S/M','S/S','CIMPA','Mueble Formica Verde',1,21,2,'felipe.escalanteguido@ucr.ac.cr',1,'EM00200144XX'),(145,'S/P','Estantería 2','S/M','S/M','S/S','CIMPA','Estantería 2',1,10,2,'felipe.escalanteguido@ucr.ac.cr',0,'EM00200145XX'),(146,'S/P','Estantería','S/M','S/M','S/S','CIMPA','Estantería 3',1,7,2,'felipe.escalanteguido@ucr.ac.cr',0,'EM00200146XX'),(147,'S/P','Estantería 4','S/M','S/M','S/S','CIMPA','Estantería 4',1,10,2,'felipe.escalanteguido@ucr.ac.cr',0,'EM00200147XX'),(148,'806','Mesa de madera','S/M','S/M','S/S','CIMPA','Mesa de madera',1,31,2,'felipe.escalanteguido@ucr.ac.cr',0,'EM00200148XX'),(149,'S/P','Biblioteca de Metal','S/M','S/M','S/S','CIMPA','Biblioteca de Metal',1,5,6,'felipe.escalanteguido@ucr.ac.cr',0,'EM00600149XX'),(150,'S/P','Biblioteca de Metal','S/M','S/M','S/S','CIMPA','Biblioteca de Metal',1,5,6,'felipe.escalanteguido@ucr.ac.cr',0,'EM00600150XX'),(152,'S/P','Pizarra Acrílica','S/M','S/M','S/S','CIMPA','Pizarra Acrílica',1,10,7,'felipe.escalanteguido@ucr.ac.cr',0,'EM00700152XX'),(153,'S/P','Pizarra Acrílica  Movible','S/M','S/M','S/S','CIMPA','Pizarra Acrílica  Movible',1,31,7,'felipe.escalanteguido@ucr.ac.cr',2,'EM00700153XX'),(154,'S/P','Mesa Plegable Grande','Lifetime','8390','841101005651','CIMPA','Mesa Plegable Plástica',1,19,6,'felipe.escalanteguido@ucr.ac.cr',0,'EM00600154XX'),(155,'S/P','Mesa Plegable Pequeña','Lifetime','4429','841101002445','CIMPA','Mesa Plegable Plástica',1,18,6,'felipe.escalanteguido@ucr.ac.cr',0,'EM00600155XX'),(156,'89772','Banco de madera','S/M','S/M','S/S','CIMPA','Banco de madera',1,25,6,'felipe.escalanteguido@ucr.ac.cr',0,'EM00600156XX'),(157,'S/P','Pantalla de Proyección','Vega','Economy','04103567','CIMPA','Pantalla de Proyección 48x34',1,2,7,'felipe.escalanteguido@ucr.ac.cr',0,'EM00700157XX'),(158,'S/P','Pantalla de Proyección','Apollo','P6406','718575601989','CIMPA','Pantalla de Proyección Tripode 1.52x 1.52',1,5,7,'felipe.escalanteguido@ucr.ac.cr',0,'EM00700158XX'),(159,'S/P','Ventilador Metálico','Galaxy','S/M','S/S','CIMPA','Ventilador Metálico',1,3,6,'felipe.escalanteguido@ucr.ac.cr',0,'EM00600159XX'),(160,'340048','Carretilla','S/M','S/M','S/S','CIMPA','Carretilla Pequeña',1,11,8,'felipe.escalanteguido@ucr.ac.cr',0,'EM00800160XX'),(161,'S/P','Sopladora','Makita','L4000G','00007818','CIMPA','Sopladora',1,11,8,'felipe.escalanteguido@ucr.ac.cr',0,'EM00800161XX'),(162,'379689','Computadora Feli','HP','ProDesk 600G2 MT','MXL6181TYT','CIMPA','Core i7-6700 (3,4GHz)	16GB DDR4	1 TB	Windows 10 PRO',1,12,4,'felipe.escalanteguido@ucr.ac.cr',0,'EM00400162XX'),(163,'S/P','Monitor 1','HP','P222va','CNK5451NMFT','CIMPA','Tamaño  21.5 \" Resolución 1920x1080p',1,12,4,'felipe.escalanteguido@ucr.ac.cr',0,'EM00400163XX'),(164,'S/P','Monitor 8','Dell','E2214Hb','CL-0F4WW6-74261-43E-1GPU T','CIMPA','Tamaño  21.5 \" Resolución 1920x1080p',1,2,4,'felipe.escalanteguido@ucr.ac.cr',0,'EM00400164XX'),(165,'353231','Servidor','Genérico','S/M','MA01300037XX','CIMPA','	32GB		Ubuntu Server',1,28,4,'felipe.escalanteguido@ucr.ac.cr',0,'EM00400165XX'),(166,'329792','Servidor','HP','Proliant ML150G6','MXS1390012','CIMPA','Memoria RAM 4GB Procesador Intel XEON E55042GHz',1,28,4,'felipe.escalanteguido@ucr.ac.cr',0,'EM00400166XX'),(168,'S/P','Silla Ejecutiva Samaria','S/M','S/M','S/S','CIMPA','Silla Ejecutiva de Rodines',1,10,6,'felipe.escalanteguido@ucr.ac.cr',0,'EM00600168XX'),(169,'S/P','Silla de Espera','S/M','S/M','S/S','CIMPA','Silla de Espera',1,2,6,'felipe.escalanteguido@ucr.ac.cr',0,'EM00600169XX'),(170,'S/P','Silla Ejecutiva','S/M','S/M','S/S','CIMPA','Silla Ejecutiva Amarillo',1,9,6,'felipe.escalanteguido@ucr.ac.cr',0,'EM00600170XX'),(171,'372993','Computadora','HP','Z640','2UA5282SF4','CIMPA','Xeon E5-2620 (2,40GHz)	32GB DDR4	1 TB	Open SUSE Leap 42,1',3,12,4,'felipe.escalanteguido@ucr.ac.cr',0,'EM00400171XX'),(172,'S/P','Monitor','HP','P222va','CNX5110N1K T','CIMPA','Tamaño  21.5 \" Resolución 1920x1080p',1,12,4,'felipe.escalanteguido@ucr.ac.cr',0,'EM00400172XX'),(173,'S/P','Monitor 10','Dell','E2214Hb','CN-0F4WW6-74261-43E-1PMU T','CIMPA','Tamaño  21.5 \" Resolución 1920x1080p',1,2,4,'felipe.escalanteguido@ucr.ac.cr',0,'EM00400173XX'),(174,'S/P','Silla Ejecutiva','S/M','S/M','S/S','CIMPA','Silla Ejecutiva',1,12,6,'felipe.escalanteguido@ucr.ac.cr',0,'EM00600174XX'),(175,'363557','Estación de Trabajo Feli','S/M','S/M','S/S','CIMPA','Estación de Trabajo',1,12,2,'felipe.escalanteguido@ucr.ac.cr',0,'EM00200175XX'),(176,'S/P','Arturito','S/M','S/M','S/S','CIMPA','Arturito',1,12,2,'felipe.escalanteguido@ucr.ac.cr',0,'EM00200176XX'),(177,'S/P','Pizarra Acrílica','S/M','S/M','S/S','CIMPA','Pizarra Acrílica',1,12,7,'felipe.escalanteguido@ucr.ac.cr',0,'EM00700177XX'),(178,'382157','Pantalla','ZIF','Z48Y-D4','K-151210116-Z48Y-D4-0493','CIMPA','Pantalla 48\'\'',1,13,7,'felipe.escalanteguido@ucr.ac.cr',0,'EM00700178XX'),(179,'S/P','Pizarra Acrílica','S/M','S/M','S/S','CIMPA','Pizarra Acrílica',1,13,7,'felipe.escalanteguido@ucr.ac.cr',0,'EM00700179XX'),(180,'362260','Mesa de madera','S/M','S/M','S/S','CIMPA','Mesa de madera Grande',1,13,2,'felipe.escalanteguido@ucr.ac.cr',0,'EM00200180XX'),(181,'S/P','Silla 1','S/M','S/M','S/S','CIMPA','Silla mesa de sesiones',1,13,2,'felipe.escalanteguido@ucr.ac.cr',0,'EM00200181XX'),(182,'S/P','Silla 2','S/M','S/M','S/S','CIMPA','Silla mesa de sesiones',1,13,2,'felipe.escalanteguido@ucr.ac.cr',0,'EM00200182XX'),(183,'S/P','Silla 3','S/M','S/M','S/S','CIMPA','Silla mesa de sesiones',1,13,2,'felipe.escalanteguido@ucr.ac.cr',0,'EM00200183XX'),(184,'S/P','Silla 4','S/M','S/M','S/S','CIMPA','Silla mesa de sesiones',1,13,2,'felipe.escalanteguido@ucr.ac.cr',0,'EM00200184XX'),(185,'S/P','Silla 5','S/M','S/M','S/S','CIMPA','Silla mesa de sesiones',1,13,2,'felipe.escalanteguido@ucr.ac.cr',0,'EM00200185XX'),(186,'S/P','Silla 6','S/M','S/M','S/S','CIMPA','Silla mesa de sesiones',1,13,2,'felipe.escalanteguido@ucr.ac.cr',0,'EM00200186XX'),(187,'S/P','Silla 7','S/M','S/M','S/S','CIMPA','Silla mesa de sesiones',1,13,2,'felipe.escalanteguido@ucr.ac.cr',0,'EM00200187XX'),(188,'S/P','Silla 8','S/M','S/M','S/S','CIMPA','Silla mesa de sesiones',1,13,2,'felipe.escalanteguido@ucr.ac.cr',0,'EM00200188XX'),(189,'S/P','Silla 9','S/M','S/M','S/S','CIMPA','Silla mesa de sesiones',1,13,2,'felipe.escalanteguido@ucr.ac.cr',0,'EM00200189XX'),(190,'S/P','Silla 10','S/M','S/M','S/S','CIMPA','Silla mesa de sesiones',1,13,2,'felipe.escalanteguido@ucr.ac.cr',0,'EM00200190XX'),(191,'379262','Punto de acceso','CISCO','AIR-CAP17021-A-K9','FJC2021F3PN','CI','Punto de acceso',1,13,1,'felipe.escalanteguido@ucr.ac.cr',0,'EM00100191XX'),(192,'366295','Computadora','Dell','Optiplex 7010','9144416594','CIMPA','Core i5-3470 (3,2GHz)	8GB DDR3	1 TB	Windows 7 Professional',1,15,4,'felipe.escalanteguido@ucr.ac.cr',0,'EM00400192XX'),(193,'S/P','Monitor','Dell','E2214Hb','CN-0F4WW6-74261-43E-1MRU T','CIMPA','Tamaño  21.5 \" Resolución 1920x1080p',1,14,4,'felipe.escalanteguido@ucr.ac.cr',0,'EM00400193XX'),(194,'326365','Teléfono IP','CISCO','CP-6921','PXN1521S2UP','CIMPA','Teléfono IP',1,14,3,'felipe.escalanteguido@ucr.ac.cr',0,'EM00300194XX'),(195,'348396','Impresora','Lexmart','MS410DN','451420LM06B25','CIMPA','Blanco y Negro',1,14,4,'felipe.escalanteguido@ucr.ac.cr',0,'EM00400195XX'),(196,'362209','Estación de Trabajo Dirección','S/M','S/M','S/S','CIMPA','Estación de Trabajo Dirección',1,14,2,'felipe.escalanteguido@ucr.ac.cr',0,'EM00200196XX'),(197,'S/P','Silla Ejecutiva','S/M','S/M','S/S','CIMPA','Silla Ejecutiva',1,14,2,'felipe.escalanteguido@ucr.ac.cr',0,'EM00200197XX'),(198,'S/P','Banca de espera','S/M','S/M','S/S','CIMPA','Banca de espera dirección',1,14,2,'felipe.escalanteguido@ucr.ac.cr',0,'EM00200198XX'),(199,'S/P','Silla de Espera 1','S/M','S/M','S/S','CIMPA','Silla de Espera 1',1,14,2,'felipe.escalanteguido@ucr.ac.cr',0,'EM00200199XX'),(200,'S/P','Silla de Espera 2','S/M','S/M','S/S','CIMPA','Silla de Espera 2',1,14,2,'felipe.escalanteguido@ucr.ac.cr',0,'EM00200200XX'),(201,'S/P','Estantería','S/M','S/M','S/S','CIMPA','Estantería',1,7,2,'felipe.escalanteguido@ucr.ac.cr',0,'EM00200201XX'),(202,'S/P','Mesa blanca','S/M','S/M','S/S','CIMPA','Mesa pequeña para impresora',1,14,2,'felipe.escalanteguido@ucr.ac.cr',0,'EM00200202XX'),(203,'326356','Teléfono IP','CISCO','CP-6921','PXN1521S2W0','CIMPA','Teléfono IP',1,12,3,'felipe.escalanteguido@ucr.ac.cr',0,'EM00300203XX'),(204,'366288','Computadora Juli','Dell','Optiplex 7010','9503807762','CIMPA','Core i5-3470 (3,2GHz)	8GB DDR3	1 TB	Windows 10 Pro',1,16,4,'felipe.escalanteguido@ucr.ac.cr',0,'EM00400204XX'),(205,'347363','Monitor Juli','Dell','E1913c','CN-06JX4Y-64180-2BN-3x0S','CIMPA','Tamaño  17 \" Resolución 1440x900',1,16,4,'felipe.escalanteguido@ucr.ac.cr',0,'EM00400205XX'),(206,'333900','Impresora','Epson','Stylus DX560WD','MGLY003618','CIMPA','Impresora a color multi funcional',4,16,4,'felipe.escalanteguido@ucr.ac.cr',0,'EM00400206XX'),(207,'363556','Estación de Trabajo Juli','S/M','S/M','S/S','CIMPA','Estación de Trabajo',1,16,2,'felipe.escalanteguido@ucr.ac.cr',0,'EM00200207XX'),(208,'326370','Teléfono IP','CISCO','CP-6921','PXN1521S2W5','CIMPA','Teléfono IP',1,16,3,'felipe.escalanteguido@ucr.ac.cr',0,'EM00300208XX'),(209,'S/P','Arturito','S/M','S/M','S/S','CIMPA','Arturito',1,16,2,'felipe.escalanteguido@ucr.ac.cr',0,'EM00200209XX'),(210,'S/P','Silla Ejecutiva','S/M','S/M','S/S','CIMPA','Silla Ejecutiva',1,16,2,'felipe.escalanteguido@ucr.ac.cr',0,'EM00200210XX'),(211,'S/P','Estantería','S/M','S/M','S/S','CIMPA','Estantería',1,16,2,'felipe.escalanteguido@ucr.ac.cr',0,'EM00200211XX'),(212,'379686','Computadora 5','HP','ProDesk 600G2 MT','MXL6181TYS','CIMPA','Core i7-6700 (3,4GHz)	16GB DDR4	1 TB	Windows 10 PRO',1,2,4,'felipe.escalanteguido@ucr.ac.cr',0,'EM00400212XX'),(213,'366293','CPU','Dell','Optiplex 7010','8945988626','CIMPA','Core i5-3470 (3,2GHz)	8GB DDR3	1 TB	Windows 10 Pro',3,12,4,'felipe.escalanteguido@ucr.ac.cr',0,'EM00400213XX'),(214,'S/P','Monitor','HP','P222va','CNK6110BTS T','CIMPA','Tamaño  21.5 \" Resolución 1920x1080p',1,12,4,'felipe.escalanteguido@ucr.ac.cr',0,'EM00400214XX'),(215,'S/P','Impresora','Ricoh','MP305+','G586P901109','CIMPA','Multi funcional',1,15,4,'felipe.escalanteguido@ucr.ac.cr',0,'EM00400215XX'),(216,'S/P','Impresora','Brother','MFC-T800w','U64052E5H777825','CIMPA','Multi funcional a color',1,15,4,'felipe.escalanteguido@ucr.ac.cr',0,'EM00400216XX'),(217,'326366','Teléfono IP','CISCO','CP-6921','PXN1521S3BK','CIMPA','Teléfono IP',1,15,3,'felipe.escalanteguido@ucr.ac.cr',0,'EM00300217XX'),(218,'S/P','Trituradora','GBC','SC170','PM1602600838','CIMPA','Trituradora de papel',1,15,6,'felipe.escalanteguido@ucr.ac.cr',0,'EM00600218XX'),(219,'363555','Estación de Trabajo Mari','S/M','S/M','S/S','CIMPA','Estación de Trabajo',1,15,2,'felipe.escalanteguido@ucr.ac.cr',0,'EM00200219XX'),(220,'S/P','Arturito','S/M','S/M','S/S','CIMPA','Arturito',1,15,2,'felipe.escalanteguido@ucr.ac.cr',0,'EM00200220XX'),(221,'74145','Archivo Metálico','Rosago','S/M','S/S','CIMPA','Archivo Metálico',1,18,6,'felipe.escalanteguido@ucr.ac.cr',0,'EM00600221XX'),(222,'S/P','Estantería 1','S/M','S/M','S/S','CIMPA','Estantería 1',1,15,2,'felipe.escalanteguido@ucr.ac.cr',0,'EM00200222XX'),(223,'S/P','Estantería 2','S/M','S/M','S/S','CIMPA','Estantería 2',1,15,2,'felipe.escalanteguido@ucr.ac.cr',0,'EM00200223XX'),(224,'S/P','Silla Ejecutiva','S/M','S/M','S/S','CIMPA','Silla Ejecutiva',1,15,2,'felipe.escalanteguido@ucr.ac.cr',0,'EM00200224XX'),(225,'S/P','Silla de Espera','S/M','S/M','S/S','CIMPA','Silla de Espera',1,15,2,'felipe.escalanteguido@ucr.ac.cr',0,'EM00200225XX'),(226,'S/P','Pizarra','S/M','S/M','S/S','CIMPA','Pizarra dividida en acrílica y corcho',1,18,7,'felipe.escalanteguido@ucr.ac.cr',0,'EM00700226XX'),(227,'371385','Portátil 1','Toshiba','Satellite S55-B52558','ZE40181CDC19V','CIMPA','Core i7-4710 (2.5GHz)	8GB DDR3	1 TB	Windows 8.1',1,15,4,'felipe.escalanteguido@ucr.ac.cr',0,'EM00400227XX'),(228,'272394','Portátil 8','Dell','PP04X','CN-0XM006-48643-818-0347','CIMPA','AMD Semprom	1GHz DDR2	80GB	Ubuntu 14',1,15,4,'felipe.escalanteguido@ucr.ac.cr',0,'EM00400228XX'),(229,'368116','Portátil 4','Acer','Aspire V5 series ZHL','NXMFRAL055352110CD7600','CIMPA','AMD Dual-Core(1GHz)	2GB DDR3	500GB	Windows 8,1 PRO',1,15,4,'felipe.escalanteguido@ucr.ac.cr',0,'EM00400229XX'),(230,'331477','Portátil 9','HP','Probook 6465b','CNU1460C0F','CIMPA','AMD A4-3310MX (2,10GHz)	4GB DDR3	500GB	Windows 7 Professional',1,15,4,'felipe.escalanteguido@ucr.ac.cr',0,'EM00400230XX'),(231,'S/P','Portátil 6','Acer','ES1-512 series MS2394','NXMRWAL0044340386D6600','CIMPA','Celeron N2840 (2.16GHz)	4GB DDR3	500GB	Windows 8,1 PRO',1,15,4,'felipe.escalanteguido@ucr.ac.cr',0,'EM00400231XX'),(232,'378764','Portátil 4','HP','Pavilion Notebook','5CD54560L4','CIMPA','Core i7-6700Hq (2,6GHz)	8GB DDR3	1 TB	Windows 10 Pro',1,15,4,'felipe.escalanteguido@ucr.ac.cr',0,'EM00400232XX'),(233,'243469','Video Beam 2','Epson','EMP-X13','GYHF690263L','CIMPA','Video Beam VGA',1,15,7,'felipe.escalanteguido@ucr.ac.cr',0,'EM00700233XX'),(234,'357256','Video Beam 5','Acer','CWV1109','EYJE00101034700AB25901','CIMPA','Video Beam pequeño',1,15,7,'felipe.escalanteguido@ucr.ac.cr',0,'EM00700234XX'),(235,'380225','Video Beam 4','Epson','Power Live W28+','V6YK5400347','CIMPA','Video Beam blanco HDMI',1,15,7,'felipe.escalanteguido@ucr.ac.cr',0,'EM00700235XX'),(236,'S/P','Disco Duro Externo','Toshiba','canvio basics','46N1T3I0T4GE','CIMPA','Disco Duro Externo 1TB',1,15,4,'felipe.escalanteguido@ucr.ac.cr',0,'EM00400236XX'),(237,'378765','Portátil 2','HP','Pavilion Notebook','5CD5457DFW','CIMPA','Core i7-6700Hq (2,6GHz)	8GB DDR3	1 TB',1,15,4,'felipe.escalanteguido@ucr.ac.cr',0,'EM00400237XX'),(238,'335921','Unidad de CD Pórtatil','Samsung','SE-208','R8L46GXB823545','CIMPA','DVD',1,15,4,'felipe.escalanteguido@ucr.ac.cr',0,'EM00400238XX'),(239,'329184','Disco Duro Externo','HP','DT2000i','WCAZA8943451','CIMPA','Disco duro externo 2TB',1,15,4,'felipe.escalanteguido@ucr.ac.cr',0,'EM00400239XX'),(240,'337110','Grabadora de voz','Sony','ICD-PX312F','1929042','CIMPA','Grabadora de voz 2 GB',1,15,1,'felipe.escalanteguido@ucr.ac.cr',0,'EM00100240XX'),(241,'S/P','Encuadernadora','GBC','Personal BindMate 7706170','0808150209','CIMPA','Encuadernadora',1,21,6,'felipe.escalanteguido@ucr.ac.cr',0,'EM00600241XX'),(243,'366287','Computadora Jess','Dell','Optiplex 7010','8986165650','CIMPA','Core i5-3470 (3,2GHz)	8GB DDR3	1 TB	Windows 10 Pro',1,18,4,'felipe.escalanteguido@ucr.ac.cr',0,'EM00400243XX'),(244,'S/P','Monitor','Dell','E2214Hb','CN-0F4WW6-74261-43E-1LVU T','CIMPA','Tamaño  21.5 \" Resolución 1920x1080p',1,18,4,'felipe.escalanteguido@ucr.ac.cr',0,'EM00400244XX'),(245,'351086','Teléfono IP Jess','CISCO','CP-6921','PUC170218PW','CIMPA','Teléfono IP',1,18,4,'felipe.escalanteguido@ucr.ac.cr',0,'EM00400245XX'),(246,'S/P','ATA','CISCO','ATA 187','FCH182590V9','CIMPA','Adaptador para Telefonía analógica',1,15,3,'felipe.escalanteguido@ucr.ac.cr',0,'EM00300246XX'),(247,'S/P','Impresora','Brother','DCP-7060D','U62711J3N981521','CIMPA','Blanco y Negro Multifuncional',1,18,4,'felipe.escalanteguido@ucr.ac.cr',0,'EM00400247XX'),(248,'351589','Fax','Brother','Personal Fax 275','U56454K2K045002','CIMPA','Teléfono Fax',4,18,3,'felipe.escalanteguido@ucr.ac.cr',1,'EM00300248XX'),(249,'363492','Estación de Trabajo Jess','S/M','S/M','S/S','CIMPA','Estación de Trabajo',1,18,2,'felipe.escalanteguido@ucr.ac.cr',0,'EM00200249XX'),(250,'S/P','Arturito','S/M','S/M','S/S','CIMPA','Arturito',1,18,2,'felipe.escalanteguido@ucr.ac.cr',0,'EM00200250XX'),(251,'S/P','Arturito 2','S/M','S/M','S/S','CIMPA','Arturito 2',1,18,2,'felipe.escalanteguido@ucr.ac.cr',0,'EM00200251XX'),(252,'S/P','Arturito 3','S/M','S/M','S/S','CIMPA','Arturito 3',1,18,2,'felipe.escalanteguido@ucr.ac.cr',0,'EM00200252XX'),(253,'S/P','Silla Ejecutiva','S/M','S/M','S/S','CIMPA','Silla Ejecutiva',1,18,2,'felipe.escalanteguido@ucr.ac.cr',0,'EM00200253XX'),(254,'S/P','Silla de Espera','S/M','S/M','S/S','CIMPA','Silla de Espera',1,18,2,'felipe.escalanteguido@ucr.ac.cr',0,'EM00200254XX'),(255,'S/P','Secamanos','Nova5','0112','M1307-10031','CIMPA','Secamanos',1,17,8,'felipe.escalanteguido@ucr.ac.cr',0,'EM00800255XX'),(256,'S/P','Casillero','S/M','S/M','S/S','CIMPA','Casillero',1,17,2,'felipe.escalanteguido@ucr.ac.cr',0,'EM00200256XX'),(257,'S/P','Secamanos','Nova5','0112','M1307-10029','CIMPA','Secamanos',1,20,8,'felipe.escalanteguido@ucr.ac.cr',0,'EM00800257XX'),(258,'S/P','Casillero 1','S/M','S/M','S/S','CIMPA','Casillero 1',1,20,2,'felipe.escalanteguido@ucr.ac.cr',0,'EM00200258XX'),(259,'S/P','Casillero 2','S/M','S/M','S/S','CIMPA','Casillero 2',1,20,2,'felipe.escalanteguido@ucr.ac.cr',0,'EM00200259XX'),(260,'S/P','Escalera','S/M','S/M','110102253012','CIMPA','Escalera pequeña',1,19,8,'felipe.escalanteguido@ucr.ac.cr',0,'EM00800260XX'),(261,'S/P','Estantería','S/M','S/M','S/S','CIMPA','Estantería',1,23,2,'felipe.escalanteguido@ucr.ac.cr',0,'EM00200261XX'),(262,'S/P','Escalera','Davidson','S/M','S/S','CIMPA','Escalera grande',1,19,8,'felipe.escalanteguido@ucr.ac.cr',0,'EM00800262XX'),(263,'S/P','Pantalla','Erick-son','L23E4200','OLE114753B0258','CIMPA','Pantalla  20\'\'',1,19,7,'felipe.escalanteguido@ucr.ac.cr',0,'EM00700263XX'),(264,'372839','Mesa de comedor','S/M','S/M','S/S','CIMPA','Mesa de comedor  redonda',1,22,2,'felipe.escalanteguido@ucr.ac.cr',0,'EM00200264XX'),(265,'S/P','Silla de comedor 1','S/M','S/M','S/S','CIMPA','Silla de comedor 1',1,22,2,'felipe.escalanteguido@ucr.ac.cr',0,'EM00200265XX'),(266,'S/P','Silla  de comedor 2','S/M','S/M','S/S','CIMPA','Silla  de comedor 2',1,22,2,'felipe.escalanteguido@ucr.ac.cr',0,'EM00200266XX'),(267,'S/P','Silla  de comedor 3','S/M','S/M','S/S','CIMPA','Silla  de comedor 3',1,22,2,'felipe.escalanteguido@ucr.ac.cr',0,'EM00200267XX'),(268,'S/P','Silla  de comedor 4','S/M','S/M','S/S','CIMPA','Silla  de comedor 4',1,22,2,'felipe.escalanteguido@ucr.ac.cr',0,'EM00200268XX'),(269,'S/P','Silla  de comedor 5','S/M','S/M','S/S','CIMPA','Silla  de comedor 5',1,22,2,'felipe.escalanteguido@ucr.ac.cr',0,'EM00200269XX'),(270,'S/P','Silla  de comedor 6','S/M','S/M','S/S','CIMPA','Silla  de comedor 6',1,22,2,'felipe.escalanteguido@ucr.ac.cr',0,'EM00200270XX'),(271,'S/P','Silla de Espera','S/M','S/M','S/S','CIMPA','Silla de Espera',1,22,2,'felipe.escalanteguido@ucr.ac.cr',0,'EM00200271XX'),(272,'S/P','Silla de Espera','S/M','S/M','S/S','CIMPA','Silla de Espera',1,2,2,'felipe.escalanteguido@ucr.ac.cr',0,'EM00200272XX'),(273,'S/P','Juego de sala','S/M','S/M','S/S','CIMPA','Juego de sala beige',1,22,2,'felipe.escalanteguido@ucr.ac.cr',0,'EM00200273XX'),(274,'292835','Microondas','LG','MS-0745V','801TAKK05981','CIMPA','Microondas 1',1,22,5,'felipe.escalanteguido@ucr.ac.cr',0,'EM00500274XX'),(275,'327456','Estantería','S/M','S/M','S/S','CIMPA','Estantería Blanca',1,22,2,'felipe.escalanteguido@ucr.ac.cr',0,'EM00200275XX'),(276,'292836','Refrigeradora','Atlas','S/M','794653044350','CIMPA','Refrigeradora Grande',1,22,5,'felipe.escalanteguido@ucr.ac.cr',0,'EM00500276XX'),(277,'336332','Microondas','FRIGIDAIRE','FMDJ07S3MJW','15101167','CIMPA','Microondas 2',1,22,5,'felipe.escalanteguido@ucr.ac.cr',0,'EM00500277XX'),(278,'S/P','Coffee Maker','Proctor Silex','43501Y','C1511DJ','CIMPA','Coffee Maker Blanco',1,22,5,'felipe.escalanteguido@ucr.ac.cr',0,'EM00500278XX'),(279,'S/P','Tostadora','Hamilton Beach','220708','C0921B1','CIMPA','Tostadora',1,22,5,'felipe.escalanteguido@ucr.ac.cr',0,'EM00500279XX'),(280,'S/P','Máquina para hacer café','Oster','PrimaLatte','S/S','CIMPA',' Máquina para hacer café Negro',1,22,5,'felipe.escalanteguido@ucr.ac.cr',0,'EM00500280XX'),(281,'S/P','Cafetera Electrica','Durabrand','XD0208B-WM-CA','S/S','CIMPA','Cafetera Electrica Blanca',1,22,5,'felipe.escalanteguido@ucr.ac.cr',0,'EM00500281XX'),(282,'S/P','Coffee Maker','Black&Decker','DCM1100B','S/S','CIMPA','Coffee Maker Negro',1,22,5,'felipe.escalanteguido@ucr.ac.cr',0,'EM00500282XX'),(283,'S/P','Percolador','West Bend','54130','S/S','CIMPA','Percolador pequeño',1,22,5,'felipe.escalanteguido@ucr.ac.cr',0,'EM00500283XX'),(284,'S/P','Percolador','Hamilton Beach','40514','A5131BW','CIMPA','Percolador Grande',1,22,5,'felipe.escalanteguido@ucr.ac.cr',0,'EM00500284XX'),(285,'363580','Estación de Trabajo','S/M','S/M','S/S','CIMPA','Estación de Trabajo',1,22,2,'felipe.escalanteguido@ucr.ac.cr',0,'EM00200285XX'),(287,'S/P','Extintor','Amerex','S/M','AC-639436','CIMPA','Extintor Categoría Líquidos y Equipo Eléctrico BC',1,24,8,'felipe.escalanteguido@ucr.ac.cr',0,'EM00800287XX'),(288,'S/P','Extintor 2','Amerex','S/M','S/S','CIMPA','Extintor Categoría Líquidos y Equipo Electrico (B,C)',1,24,8,'felipe.escalanteguido@ucr.ac.cr',0,'EM00800288XX'),(289,'S/P','Pizarra de corcho 1','S/M','S/M','S/S','CIMPA','Pizarra de corcho',1,24,7,'felipe.escalanteguido@ucr.ac.cr',0,'EM00700289XX'),(290,'S/P','Pizarra de corcho 2','S/M','S/M','S/S','CIMPA','Pizarra de corcho 2',1,24,7,'felipe.escalanteguido@ucr.ac.cr',0,'EM00700290XX'),(291,'379261','Punto de acceso','CISCO','AIR-CAP-17021-A-K-9','FJC2021F3MW','CIMPA','Punto de acceso',1,24,1,'felipe.escalanteguido@ucr.ac.cr',0,'EM00100291XX'),(292,'218308','Refigeradora Pequeña','Haier','HSL04WNAWW','E2003603123','Cimpa','Refigeradora Pequeña',1,24,5,'felipe.escalanteguido@ucr.ac.cr',2,'EM00500292XX'),(293,'S/P','Silla Ejecutiva Allan','S/M','S/M','S/S','CIMPA','Silla Ejecutiva',1,10,6,'felipe.escalanteguido@ucr.ac.cr',0,'EM00600293XX'),(294,'S/P','Silla Ejecutiva Alberto','S/M','S/M','S/S','CIMPA','Silla Ejecutiva',1,10,6,'felipe.escalanteguido@ucr.ac.cr',0,'EM00600294XX'),(295,'S/P','Silla Ejecutiva 3','S/M','S/M','S/S','CIMPA','Silla Ejecutiva',1,2,6,'felipe.escalanteguido@ucr.ac.cr',0,'EM00600295XX'),(296,'S/P','Silla Ejecutiva 4','S/M','S/M','S/S','CIMPA','Silla Ejecutiva',1,2,6,'felipe.escalanteguido@ucr.ac.cr',0,'EM00600296XX'),(297,'S/P','Silla Ejecutiva 5','S/M','S/M','S/S','CIMPA','Silla Ejecutiva',1,2,6,'felipe.escalanteguido@ucr.ac.cr',0,'EM00600297XX'),(298,'S/P','Silla Ejecutiva 6','S/M','S/M','S/S','CIMPA','Silla Ejecutiva',1,2,6,'felipe.escalanteguido@ucr.ac.cr',0,'EM00600298XX'),(299,'S/P','Silla Ejecutiva Samaria','S/M','S/M','S/S','CIMPA','Silla Ejecutiva',1,10,6,'felipe.escalanteguido@ucr.ac.cr',0,'EM00600299XX'),(300,'S/P','Silla de Espera 1','S/M','S/M','S/S','CIMPA','Silla de Espera',1,2,6,'felipe.escalanteguido@ucr.ac.cr',0,'EM00600300XX'),(301,'S/P','Silla de Espera 2','S/M','S/M','S/S','CIMPA','Silla de Espera',1,2,6,'felipe.escalanteguido@ucr.ac.cr',0,'EM00600301XX'),(302,'S/P','Silla de Espera 3','S/M','S/M','S/S','CIMPA','Silla de Espera',1,2,6,'felipe.escalanteguido@ucr.ac.cr',0,'EM00600302XX'),(303,'S/P','Silla de Espera 4','S/M','S/M','S/S','CIMPA','Silla de Espera',1,22,6,'felipe.escalanteguido@ucr.ac.cr',0,'EM00600303XX'),(304,'363563','Estación de Tabajo Ronald','S/M','S/M','S/S','CIMPA','Estación de Tabajo Cubículo 4',1,7,2,'felipe.escalanteguido@ucr.ac.cr',0,'EM00200304XX'),(305,'363561','Estación de Tabajo Fabio','S/M','S/M','S/S','CIMPA','Estación de Tabajo Cubículo 3',1,6,2,'felipe.escalanteguido@ucr.ac.cr',0,'EM00200305XX'),(306,'363559','Estación de Tabajo Mario','S/M','S/M','S/S','CIMPA','Estación de Tabajo Cubículo 2',1,9,2,'felipe.escalanteguido@ucr.ac.cr',0,'EM00200306XX'),(307,'363558','Estación de Tabajo Alexander R','S/M','S/M','S/S','CIMPA','Estación de Tabajo Cubículo 1',1,8,2,'felipe.escalanteguido@ucr.ac.cr',0,'EM00200307XX'),(308,'S/P','Banco de Madera 2','S/M','S/M','S/S','CIMPA','Banco de Madera 2',1,23,6,'felipe.escalanteguido@ucr.ac.cr',0,'EM00600308XX'),(309,'356329','Punto de Acceso','CISCO','AIR-LAP1041N-A-K9','FTX1648K42C','C.I','Punto de Acceso',1,2,1,'felipe.escalanteguido@ucr.ac.cr',0,'EM00100309XX'),(310,'356328','Punto de Acceso','CISCO','AIR-LAP1041N-A-K9','FTX1648K42B','C.I','Punto de Acceso',1,24,1,'felipe.escalanteguido@ucr.ac.cr',0,'EM00100310XX'),(311,'325918','Portátil 8','Dell','E6420ATG','2CE1491GSW','CIMPA','Core i5, 2GB de RAM, 250GB',1,15,4,'felipe.escalanteguido@ucr.ac.cr',0,'EM00400311XX'),(312,'277515','Mueble','S/M','S/M','S/S','CIMPA','Mueble de Madera',1,26,2,'felipe.escalanteguido@ucr.ac.cr',0,'EM00200312XX'),(313,'287909','Monitor','HP','L1710','CNC903QJP6','CIMPA','Tamaño  17 \" Resolución 1280x1024p',1,28,4,'felipe.escalanteguido@ucr.ac.cr',0,'EM00400313XX'),(315,'S/P','Teléfono IP Samaria','CISCO','CP-7821','WZP20440P7H','C.I.','Teléfono IP',1,10,3,'felipe.escalanteguido@ucr.ac.cr',0,'EM00300315XX'),(316,'S/P','Teléfono IP Alberto','CISCO','CP-7821','WZP20440P6Q','C.I.','Teléfono IP',1,10,3,'felipe.escalanteguido@ucr.ac.cr',0,'EM00300316XX'),(317,'S/P','Teléfono IP Rafael','CISCO','CP-7821','WZP20440P6B','C.I.','Teléfono IP',1,3,3,'felipe.escalanteguido@ucr.ac.cr',0,'EM00300317XX'),(318,'S/P','Teléfono IP','CISCO','CP-7821','WZP20440P79','C.I.','Teléfono IP',3,15,3,'felipe.escalanteguido@ucr.ac.cr',0,'EM00300318XX'),(319,'351591','Guillotina','SWINGLINE','9112','','CIMPA','Guillotina',1,15,6,'felipe.escalanteguido@ucr.ac.cr',0,'EM00600319XX'),(320,'350222','Tablet Mario','Samsung','P3113','RF2D10JB2','CIMPA','Android™ 4.2, Jelly Bean, 8GB',1,9,4,'felipe.escalanteguido@ucr.ac.cr',0,'EM00400320XX'),(323,'212577','Mueble Formica Verde','','','','CIMPA','',5,10,2,'juanblancosegleau@gmail.com',1,'EM00200323XX'),(324,'254186','Estante Madera Tipo Biblioteca','','','','CIMPA','',5,10,2,'felipe.escalanteguido@ucr.ac.cr',1,'EM00200324XX'),(326,'225011','Monitor','IBM','C170','88NMN88','CIMPA','Robado',7,10,4,'felipe.escalanteguido@ucr.ac.cr',1,'EM00400326XX'),(328,'292365','Scanner','Benq','6642','1SA3703444550','CIMPA','Robado',7,10,4,'felipe.escalanteguido@ucr.ac.cr',1,'EM00400328XX'),(329,'306907','Computadora Portátil','Dell','E6420ATG','2CE1491GSW','CIMPA','Robado',7,10,4,'felipe.escalanteguido@ucr.ac.cr',1,'EM00400329XX'),(330,'387711','Impresora de Placas','Zebra','GK420t','29J170400659','CIMPA','Impresora de Etiquetas',1,15,4,'felipe.escalanteguido@ucr.ac.cr',0,'EM00400330XX'),(331,'379197','Impresora','HP','M426FDW','PHB8J3395H','CIEQ','Impresora Multifuncional',1,24,4,'felipe.escalanteguido@ucr.ac.cr',0,'EM00400331XX'),(332,'372679','Servidor CI gauss','HP','DL 380 Gen9','MXQ5240121','CI','32 RAM, Procesador Xeon E5-2600, 1TB HDD',1,29,4,'felipe.escalanteguido@ucr.ac.cr',0,'EM00400332XX'),(333,'301284','Impresora','HP','LaserJet P1006','VND3F84456','CIMPA','Impresora Blanco y Negro',1,15,4,'felipe.escalanteguido@ucr.ac.cr',1,'EM00400333XX'),(334,'387930','Computadora Esteban','Dell','Precision tower 5810','5305GK2','CIEQ','32GB RAM, Procesador: Xeon e5-2620 2.4GHz, 2TB HDD',3,3,4,'felipe.escalanteguido@ucr.ac.cr',0,'EM00400334XX'),(335,'387931','Computadora','Dell','Precision tower 5810','5300GK2','CIEQ','32GB RAM, Procesador: Xeon e5-2620 2.4GHz, 2TB HDD',3,8,4,'felipe.escalanteguido@ucr.ac.cr',0,'EM00400335XX'),(336,'387932','Computadora','Dell','Precision tower 5810','5301GK2','CIEQ','32GB RAM, Procesador: Xeon e5-2620 2.4GHz, 2TB HDD',3,15,4,'felipe.escalanteguido@ucr.ac.cr',0,'EM00400336XX'),(337,'387933','Computadora','Dell','Precision tower 5810','5311GK2','CIEQ','32GB RAM, Procesador: Xeon e5-2620 2.4GHz, 2TB HDD',3,14,4,'felipe.escalanteguido@ucr.ac.cr',0,'EM00400337XX'),(338,'387934','Computadora Carlos Montalto','Dell','Precision tower 5810','52Z3GK2','CIEQ','32GB RAM, Procesador: Xeon e5-2620 2.4GHz, 2TB HDD',3,33,4,'felipe.escalanteguido@ucr.ac.cr',2,'EM00400338XX'),(340,'S/P','Monitor Carlos Montalto','Dell','p2217H','CN-0668VCQDC0074T62ABA00','CIEQ','21\", LED',3,33,4,'felipe.escalanteguido@ucr.ac.cr',2,'EM00400340XX'),(341,'S/P','Monitor Esteban','Dell','p2217H','CN-0668VC-QDC00-758-75UB-A00','CIEQ','21\", LED',1,3,4,'felipe.escalanteguido@ucr.ac.cr',0,'EM00400341XX'),(342,'S/P','Pizarra Acrílica','S/M','S/M','S/S','CIMPA','Pizarra Acrílica',1,10,7,'felipe.escalanteguido@ucr.ac.cr',0,'EM00700342XX'),(343,'S/P','Pizarra Acrílica','S/M','S/M','S/S','CIMPA','Pizarra Acrílica',1,10,7,'felipe.escalanteguido@ucr.ac.cr',0,'EM00700343XX'),(344,'S/P','Coffe Maker','Black&Decker','CM2035BD','S/S','CIMPA','Coffe Maker',1,10,5,'felipe.escalanteguido@ucr.ac.cr',0,'EM00500344XX'),(345,'S/P','Monitor Fabio','Dell','p2217H','CN-0668VC-QDC00-74T-62W8-A00','CIEQ','Monitor 21\" LED',1,21,4,'felipe.escalanteguido@ucr.ac.cr',0,'EM00400345XX'),(349,'S/P','Monitor Mari','Dell','p2217H','CN-0668VC-QDC00-74T-634B-A00','CIEQ','Monitor 21\" LED',1,15,4,'felipe.escalanteguido@ucr.ac.cr',0,'EM00400349XX'),(350,'339512','Arturito','S/M','S/M','S/S','CIMPA','Arturito',1,9,2,'felipe.escalanteguido@ucr.ac.cr',0,'EM00200350XX'),(351,'350209','Tablet','AOC','MW0712','M14D312SD2195','CIMPA','Tablet 7\" Android 4, 1.2GHz CPU, 8GB de Almacenamiento, 1GB DRAM DDR3',1,15,4,'felipe.escalanteguido@ucr.ac.cr',0,'EM00400351XX'),(353,'351590','Emplasticadora','S/M','S/M','S/S','CIMPA','Emplasticadora',1,15,6,'felipe.escalanteguido@ucr.ac.cr',0,'EM00600353XX'),(354,'380680','Portátil 5','Dell','Latitude E5470','7WK9LC2','CIMPA','14\" - Core i5 6300U - 8 GB RAM - 500 GB HDD',1,15,4,'felipe.escalanteguido@ucr.ac.cr',0,'EM00400354XX'),(355,'380681','Portátil 6','Dell','Latitude E5470','59G2KC2','CIMPA','14\" - Core i5 6300U - 8 GB RAM - 500 GB HDD',1,15,4,'felipe.escalanteguido@ucr.ac.cr',0,'EM00400355XX'),(356,'391741','Video Beam 3','Epson','PowerLite w32+','WEKK7700229','CIMPA','Video Beam blanco HDMI',1,15,7,'felipe.escalanteguido@ucr.ac.cr',0,'EM00700356XX'),(357,'401196','Pantalla','LG','43LJ5500','805MXBPMD901','CIMPA','43\" LED',1,22,5,'felipe.escalanteguido@ucr.ac.cr',0,'EM00500357XX'),(358,'391742','Video Beam Lab','Epson','PowerLite W32+','WEKK7700299','CIMPA','Video Beam blanco HDMI',1,2,7,'felipe.escalanteguido@ucr.ac.cr',0,'EM00700358XX'),(359,'S/P','Disco Duro Externo Milena','Seagate','SRD0NF1','NA8ZZTXA','CIMPA','1TB, préstamo Milena',1,33,4,'felipe.escalanteguido@ucr.ac.cr',0,'EM00400359XX'),(360,'S/P','Disco Duro Externo Felipe','Seagate','SRD0NF1','NA8QHCRS','CIMPA','1TB, préstamo Laura',1,12,4,'felipe.escalanteguido@ucr.ac.cr',0,'EM00400360XX'),(361,'S/P','Disco Duro Externo Juanga','Seagate','SRD0NF1','NA8DBMBL','CIMPA','1TB, préstamo Juanga',1,3,4,'felipe.escalanteguido@ucr.ac.cr',0,'EM00400361XX'),(362,'S/P','Disco Duro Externo Fabio','Seagate','STDR4000100','NA9S8VSQ','CIMPA','4TB, préstamo Fabio',1,6,4,'felipe.escalanteguido@ucr.ac.cr',0,'EM00400362XX'),(363,'S/P','Laptop MAC','Apple','MacBook A1708','FVFXK16LHV2H','CIMPA','13\", Intel Core i5 2.3GHz, 8 GB DDR3, SSD de 128 GB',1,6,4,'felipe.escalanteguido@ucr.ac.cr',0,'EM00400363XX'),(364,'401687','Cámara','Canon','EOS 77D','162031004733','CIMPA','Cámara Profesional',1,15,7,'felipe.escalanteguido@ucr.ac.cr',0,'EM00700364XX'),(365,'S/P','Monitor','Dell','p2217H','CN-0668VC-QDC00-47T-62YB-A00','CIEQ','21\", LED',3,15,4,'felipe.escalanteguido@ucr.ac.cr',0,'EM00400365XX'),(366,'S/P','Parlante','Durabrand','MBC01B15L','S/S','CIMPA','Parlante Negro',1,28,7,'felipe.escalanteguido@ucr.ac.cr',0,'EM00700366XX'),(367,'401292','Servidor CI Aedes','Dell','PowerEdge R740','CPRFHQ2','CIMPA','Intel® Xeon, DDR$, Fila C rack 05 Ubicación U21-22, IP 163.178.101.103',1,29,4,'felipe.escalanteguido@ucr.ac.cr',0,'EM00400367XX'),(368,'S/P','Disco Duro Externo Mari','Seagate','SRD0NF1','NA8CE8MM','CIMPA','1TB, externo',1,15,4,'felipe.escalanteguido@ucr.ac.cr',0,'EM00400368XX'),(369,'401508','Computadora Fabio','Apple','iMac A1418','D25XR1ZPJ1G9','CIMPA',' 21.5 pulgadas, 8 GB, Core i5-4260U 1.6GHz , 500GB',1,6,4,'felipe.escalanteguido@ucr.ac.cr',0,'EM00400369XX'),(370,'401510','Computadora Portátil Fabio','Apple','MacBook Pro','fvfck16lhv2h','CIMPA','',1,6,4,'felipe.escalanteguido@ucr.ac.cr',0,'EM00400370XX'),(371,'SP','Disco Duro Externo Jessi','Toshiba','DTB310','26OLP7IVTSX3','CIMPA','Disco Duro Externo 1TB',1,15,4,'felipe.escalanteguido@ucr.ac.cr',0,'EM00400371XX'),(372,'SP','Disco Duro Externo','Seagate','SRDONF1','NA8GZYB8','CIMPA','Disco Duro Externo 1TB',1,33,4,'felipe.escalanteguido@ucr.ac.cr',0,'EM00400372XX'),(373,'SP','Disco Duro Externo Fabio','Seagate','SRDONF1','NA8CMQES','CIMPA','Disco Duro Externo 1TB',1,6,4,'felipe.escalanteguido@ucr.ac.cr',0,'EM00400373XX'),(375,'S/P','Disco Duro Externo RMTA','Toshiba','DTB310','29C7TAPZTRPG','CIMPA','Disco Duro Externo 1TB',1,16,4,'felipe.escalanteguido@ucr.ac.cr',0,'EM00400375XX'),(377,'S/P','Disco Duro Externo Grande','Toshiba','PH3100U-1EXB','1A000DWGD','CIMPA','Disco Duro Externo Grande 1TB',1,15,4,'felipe.escalanteguido@ucr.ac.cr',0,'EM00400377XX'),(378,'408018','Pantalla 65\"','LG','65UK63','','CIMPA','UHD, 4k',3,13,7,'felipe.escalanteguido@ucr.ac.cr',0,'EM00700378XX'),(379,'392026','Servidor CI Nextcloud','Dell','EMC Poweredge r430','9H2tqp2','CIMPA','Ubicación Fila D rack 06, IP 163.178.101.69',1,29,4,'felipe.escalanteguido@ucr.ac.cr',0,'EM00400379XX'),(380,'411931','Servidor CI Covid19','Lenovo','Sr630','7x02cto1ww-j101366e','CIMPA','Ubicación Fila C rack 02 U 2',1,29,4,'felipe.escalanteguido@ucr.ac.cr',0,'EM00400380XX'),(381,'406809','Computadora Portátil','Lenovo','','','CIMPA','',1,33,4,'felipe.escalanteguido@ucr.ac.cr',0,'EM00400381XX'),(382,'406807','Computadora Portátil','Lenovo','','','CIMPA','',1,33,4,'felipe.escalanteguido@ucr.ac.cr',0,'EM00400382XX'),(383,'406810','Computadora Portátil','Lenovo','','','CIMPA','',1,33,4,'felipe.escalanteguido@ucr.ac.cr',0,'EM00400383XX'),(384,'406806','Computadora Portátil','Lenovo','','','CIMPA','',1,33,4,'felipe.escalanteguido@ucr.ac.cr',0,'EM00400384XX'),(385,'406808','Computadora Portátil','Lenovo','','','CIMPA','',1,33,4,'felipe.escalanteguido@ucr.ac.cr',0,'EM00400385XX'),(386,'408009','Computadora Portátil Jessi','Dell','','','CIMPA','',1,33,4,'felipe.escalanteguido@ucr.ac.cr',0,'EM00400386XX'),(388,'408008','Computadora Portátil Mari','Dell','','','CIMPA','',1,33,4,'felipe.escalanteguido@ucr.ac.cr',0,'EM00400388XX'),(389,'S/P','Pizarra','Tauro','S/M','S/S','','Pizarra acrilica con marco de madera',1,31,7,'felipe.escalanteguido@ucr.ac.cr',0,'EM00700389XX'),(390,'332342','Teléfono IP Adri','Cisco','6921','PXN15490DH7','CIMPA','Teléfono IP',1,10,1,'felipe.escalanteguido@ucr.ac.cr',0,'EM00100390XX'),(391,'422277','Video Beam','Sony','VPL-CWZ10','70022904143','CIMPA','',1,15,7,'felipe.escalanteguido@ucr.ac.cr',0,'EM00700391XX'),(392,'356327','Punto de Acceso','Cisco','S/M','S/S','CIMPA','Punto de Acceso',1,31,1,'felipe.escalanteguido@ucr.ac.cr',0,'EM00100392XX'),(393,'369908','Aire Acondicionado','Lennox','LXGUCMD036100 P20-3','D20205513011341 8160085','CIMPA','Aire Acondicionado Miniauditorio',1,31,8,'felipe.escalanteguido@ucr.ac.cr',0,'EM00800393XX');
DELIMITER ;;
/*!50003 CREATE*/ /*!50017 DEFINER=`root`@`localhost`*/ /*!50003 TRIGGER `trigger_historial_articulos` BEFORE UPDATE ON `articulos`
 FOR EACH ROW BEGIN
        IF OLD.numero_placa != NEW.numero_placa
        THEN
                INSERT INTO historial
                    (
                        tabla_modificada    ,
                        columna_modificada       ,
                        IDelemento_modificado ,
                        valor_anterior     ,
                        valor_posterior     ,
                        usuario

                    )
                    VALUES
                    (
                        'articulos'    ,
                        'numero_placa'       ,
                        NEW.articuloID ,
                        OLD.numero_placa     ,
                        NEW.numero_placa     ,
                        NEW.ultima_modificacion
                    );
        END IF;
        IF OLD.nombre != NEW.nombre
        THEN
                INSERT INTO historial
                    (
                        tabla_modificada    ,
                        columna_modificada       ,
                        IDelemento_modificado ,
                        valor_anterior     ,
                        valor_posterior     ,
                        usuario

                    )
                    VALUES
                    (
                        'articulos'    ,
                        'nombre'       ,
                        NEW.articuloID ,
                        OLD.nombre     ,
                        NEW.nombre     ,
                        NEW.ultima_modificacion
                    );
        END IF;
        IF OLD.marca != NEW.marca
        THEN
                INSERT INTO historial
                    (
                        tabla_modificada    ,
                        columna_modificada       ,
                        IDelemento_modificado ,
                        valor_anterior     ,
                        valor_posterior     ,
                        usuario

                    )
                    VALUES
                    (
                        'articulos'    ,
                        'marca'       ,
                        NEW.articuloID ,
                        OLD.marca     ,
                        NEW.marca     ,
                        NEW.ultima_modificacion
                    );
        END IF;
        IF OLD.modelo != NEW.modelo
        THEN
                INSERT INTO historial
                    (
                        tabla_modificada    ,
                        columna_modificada       ,
                        IDelemento_modificado ,
                        valor_anterior     ,
                        valor_posterior     ,
                        usuario

                    )
                    VALUES
                    (
                        'articulos'    ,
                        'modelo'       ,
                        NEW.articuloID ,
                        OLD.modelo     ,
                        NEW.modelo     ,
                        NEW.ultima_modificacion
                    );
        END IF;
        IF OLD.serie != NEW.serie
        THEN
                INSERT INTO historial
                    (
                        tabla_modificada    ,
                        columna_modificada       ,
                        IDelemento_modificado ,
                        valor_anterior     ,
                        valor_posterior     ,
                        usuario

                    )
                    VALUES
                    (
                        'articulos'    ,
                        'serie'       ,
                        NEW.articuloID ,
                        OLD.serie     ,
                        NEW.serie     ,
                        NEW.ultima_modificacion
                    );
        END IF;
        IF OLD.procedencia != NEW.procedencia
        THEN
                INSERT INTO historial
                    (
                        tabla_modificada    ,
                        columna_modificada       ,
                        IDelemento_modificado ,
                        valor_anterior     ,
                        valor_posterior     ,
                        usuario

                    )
                    VALUES
                    (
                        'articulos'    ,
                        'procedencia'       ,
                        NEW.articuloID ,
                        OLD.procedencia     ,
                        NEW.procedencia     ,
                        NEW.ultima_modificacion
                    );
        END IF;
        IF OLD.Otras_caracteristicas != NEW.Otras_caracteristicas
        THEN
                INSERT INTO historial
                    (
                        tabla_modificada    ,
                        columna_modificada       ,
                        IDelemento_modificado ,
                        valor_anterior     ,
                        valor_posterior     ,
                        usuario

                    )
                    VALUES
                    (
                        'articulos'    ,
                        'Otras_caracteristicas'       ,
                        NEW.articuloID ,
                        OLD.Otras_caracteristicas     ,
                        NEW.Otras_caracteristicas     ,
                        NEW.ultima_modificacion
                    );
        END IF;
        IF OLD.estadoID != NEW.estadoID
        THEN
                INSERT INTO historial
                    (
                        tabla_modificada    ,
                        columna_modificada       ,
                        IDelemento_modificado ,
                        valor_anterior     ,
                        valor_posterior     ,
                        usuario

                    )
                    VALUES
                    (
                        'articulos'    ,
                        'estadoID'       ,
                        NEW.articuloID ,
                        OLD.estadoID     ,
                        NEW.estadoID     ,
                        NEW.ultima_modificacion
                    );
        END IF;
        IF OLD.ubicacionID != NEW.ubicacionID
        THEN
                INSERT INTO historial
                    (
                        tabla_modificada    ,
                        columna_modificada       ,
                        IDelemento_modificado ,
                        valor_anterior     ,
                        valor_posterior     ,
                        usuario

                    )
                    VALUES
                    (
                        'articulos'    ,
                        'ubicacionID'       ,
                        NEW.articuloID ,
                        OLD.ubicacionID     ,
                        NEW.ubicacionID     ,
                        NEW.ultima_modificacion
                    );
        END IF;
        IF OLD.categoriaID != NEW.categoriaID
        THEN
                INSERT INTO historial
                    (
                        tabla_modificada    ,
                        columna_modificada       ,
                        IDelemento_modificado ,
                        valor_anterior     ,
                        valor_posterior     ,
                        usuario

                    )
                    VALUES
                    (
                        'articulos'    ,
                        'categoriaID'       ,
                        NEW.articuloID ,
                        OLD.categoriaID     ,
                        NEW.categoriaID     ,
                        NEW.ultima_modificacion
                    );
        END IF;
 
        
 
    END */;;
DELIMITER ;

--
-- Table structure for table `categorias`
--

CREATE TABLE `categorias` (
  `categoriaID` int(11) NOT NULL AUTO_INCREMENT,
  `descripcion` char(255) DEFAULT NULL,
  `nombre` char(40) DEFAULT NULL,
  `ultima_modificacion` char(50) DEFAULT NULL,
  PRIMARY KEY (`categoriaID`)
) ENGINE=InnoDB AUTO_INCREMENT=9 DEFAULT CHARSET=latin1;

--
-- Dumping data for table `categorias`
--

INSERT INTO `categorias` VALUES (1,'Grabadora de Voz, Fax, AP','Equipo de Comunicación',NULL),(2,'Mobiliario','Mobiliario',NULL),(3,'IP, Analógico','Equipo Telefónico',NULL),(4,'Equipo de Cómputo','Equipo de Cómputo',NULL),(5,'Equipo Doméstico','Equipo Doméstico',NULL),(6,'Equipo de Oficina','Equipo de Oficina',NULL),(7,'Proyector, T.U.','Equipo Didáctico',NULL),(8,'Carretilla, Aire Acondicionado','Miscelaneo',NULL);
DELIMITER ;;
/*!50003 CREATE*/ /*!50017 DEFINER=`root`@`localhost`*/ /*!50003 TRIGGER `trigger_historial_categorias` BEFORE UPDATE ON `categorias`
 FOR EACH ROW BEGIN
        IF OLD.descripcion != NEW.descripcion
        THEN
                INSERT INTO historial
                    (
                        tabla_modificada    ,
                        columna_modificada       ,
                        IDelemento_modificado ,
                        valor_anterior     ,
                        valor_posterior     ,
                        usuario

                    )
                    VALUES
                    (
                        'categorias'    ,
                        'descripcion'       ,
                        NEW.categoriaID ,
                        OLD.descripcion     ,
                        NEW.descripcion     ,
                        NEW.ultima_modificacion
                    );
        END IF;
        IF OLD.nombre != NEW.nombre
        THEN
                INSERT INTO historial
                    (
                        tabla_modificada    ,
                        columna_modificada       ,
                        IDelemento_modificado ,
                        valor_anterior     ,
                        valor_posterior     ,
                        usuario

                    )
                    VALUES
                    (
                        'categorias'    ,
                        'nombre'       ,
                        NEW.categoriaID ,
                        OLD.nombre     ,
                        NEW.nombre     ,
                        NEW.ultima_modificacion
                    );
        END IF;
        
 
        
 
    END */;;
DELIMITER ;

--
-- Table structure for table `configuraciones`
--

CREATE TABLE `configuraciones` (
  `configuracionID` int(11) NOT NULL AUTO_INCREMENT,
  `nombre_configuracion` char(20) DEFAULT NULL,
  `valor` char(30) DEFAULT NULL,
  PRIMARY KEY (`configuracionID`)
) ENGINE=InnoDB DEFAULT CHARSET=latin1;

--
-- Dumping data for table `configuraciones`
--


--
-- Table structure for table `croquis`
--

CREATE TABLE `croquis` (
  `croquisID` int(11) NOT NULL AUTO_INCREMENT,
  `imagen` char(30) DEFAULT NULL,
  `piso` int(11) DEFAULT NULL,
  PRIMARY KEY (`croquisID`)
) ENGINE=InnoDB AUTO_INCREMENT=2 DEFAULT CHARSET=latin1;

--
-- Dumping data for table `croquis`
--

INSERT INTO `croquis` VALUES (1,'croquis temporal hasta impleme',0);

--
-- Table structure for table `estados`
--

CREATE TABLE `estados` (
  `estadoID` int(11) NOT NULL AUTO_INCREMENT,
  `descripcion` char(255) DEFAULT NULL,
  `nombre` char(40) DEFAULT NULL,
  `ultima_modificacion` char(50) DEFAULT NULL,
  PRIMARY KEY (`estadoID`)
) ENGINE=InnoDB AUTO_INCREMENT=8 DEFAULT CHARSET=latin1;

--
-- Dumping data for table `estados`
--

INSERT INTO `estados` VALUES (1,'Bueno','Bueno',NULL),(2,'Bueno sin Uso','Bueno sin Uso',NULL),(3,'Bueno sin Asignar','Bueno sin Asignar',NULL),(4,'Dañado','Dañado',NULL),(5,'Desecho','Desecho',NULL),(6,'Traslado','Traslado',NULL),(7,'Robado','Robado',NULL);

--
-- Table structure for table `etiquetas`
--

CREATE TABLE `etiquetas` (
  `articuloID` int(11) DEFAULT NULL,
  `etiquetaID` int(11) DEFAULT NULL,
  KEY `articuloID` (`articuloID`),
  KEY `etiquetaID` (`etiquetaID`),
  CONSTRAINT `etiquetas_ibfk_1` FOREIGN KEY (`articuloID`) REFERENCES `articulos` (`articuloID`) ON DELETE CASCADE,
  CONSTRAINT `etiquetas_ibfk_2` FOREIGN KEY (`etiquetaID`) REFERENCES `IDetiquetas` (`etiquetaID`) ON DELETE CASCADE
) ENGINE=InnoDB DEFAULT CHARSET=latin1;

--
-- Dumping data for table `etiquetas`
--


--
-- Table structure for table `historial`
--

CREATE TABLE `historial` (
  `ID` int(11) NOT NULL AUTO_INCREMENT,
  `tabla_modificada` char(30) DEFAULT NULL,
  `columna_modificada` char(30) DEFAULT NULL,
  `IDelemento_modificado` int(11) DEFAULT NULL,
  `valor_anterior` char(30) DEFAULT NULL,
  `valor_posterior` char(30) DEFAULT NULL,
  `usuario` char(50) DEFAULT NULL,
  `fecha` timestamp NOT NULL DEFAULT CURRENT_TIMESTAMP ON UPDATE CURRENT_TIMESTAMP,
  PRIMARY KEY (`ID`)
) ENGINE=InnoDB AUTO_INCREMENT=746 DEFAULT CHARSET=latin1;

--
-- Dumping data for table `historial`
--

INSERT INTO `historial` VALUES (1,'articulos','Todas (Articulo eliminado)',2,'----','----','jose.rodriguezcastrillo@ucr.ac.cr','2017-03-13 19:29:00'),(2,'articulos','Todas (Articulo eliminado)',10,'----','----','jose.rodriguezcastrillo@ucr.ac.cr','2017-03-13 19:29:05'),(3,'articulos','Todas (Articulo eliminado)',11,'----','----','cimpa@ucr.ac.cr','2017-03-23 15:18:18'),(4,'articulos','Todas (Articulo eliminado)',1,'----','----','felipe.escalanteguido@ucr.ac.cr','2017-03-23 17:06:18'),(5,'articulos','Todas (Articulo agregado)',1,'----','----','felipe.escalanteguido@ucr.ac.cr','2017-03-27 15:59:00'),(6,'articulos','Todas (Articulo agregado)',2,'----','----','felipe.escalanteguido@ucr.ac.cr','2017-03-27 16:08:06'),(7,'articulos','Todas (Articulo agregado)',3,'----','----','felipe.escalanteguido@ucr.ac.cr','2017-03-27 16:11:36'),(8,'articulos','Todas (Articulo agregado)',4,'----','----','felipe.escalanteguido@ucr.ac.cr','2017-03-27 16:13:34'),(9,'articulos','Todas (Articulo agregado)',5,'----','----','felipe.escalanteguido@ucr.ac.cr','2017-03-27 16:13:40'),(10,'articulos','Todas (Articulo eliminado)',5,'----','----','felipe.escalanteguido@ucr.ac.cr','2017-03-27 16:13:50'),(11,'articulos','Todas (Articulo agregado)',6,'----','----','felipe.escalanteguido@ucr.ac.cr','2017-03-27 16:15:55'),(12,'articulos','Todas (Articulo agregado)',7,'----','----','felipe.escalanteguido@ucr.ac.cr','2017-03-27 16:17:50'),(13,'articulos','Todas (Articulo agregado)',8,'----','----','felipe.escalanteguido@ucr.ac.cr','2017-03-27 16:20:21'),(14,'articulos','Todas (Articulo agregado)',9,'----','----','felipe.escalanteguido@ucr.ac.cr','2017-03-27 16:22:53'),(15,'articulos','nombre',4,'Computadora 2','Monitor 2','felipe.escalanteguido@ucr.ac.cr','2017-03-27 16:23:34'),(16,'articulos','nombre',7,'Computadora 3','Monitor 3','felipe.escalanteguido@ucr.ac.cr','2017-03-27 16:23:46'),(17,'articulos','Todas (Articulo agregado)',10,'----','----','felipe.escalanteguido@ucr.ac.cr','2017-03-27 16:25:52'),(18,'articulos','Todas (Articulo agregado)',11,'----','----','felipe.escalanteguido@ucr.ac.cr','2017-03-27 16:27:16'),(19,'articulos','Todas (Articulo agregado)',12,'----','----','felipe.escalanteguido@ucr.ac.cr','2017-03-27 16:29:05'),(20,'articulos','Todas (Articulo agregado)',13,'----','----','felipe.escalanteguido@ucr.ac.cr','2017-03-27 16:30:21'),(21,'articulos','serie',11,'CNK6110BB1','CNK6110BB1 T','felipe.escalanteguido@ucr.ac.cr','2017-03-27 16:30:39'),(22,'articulos','serie',9,'CNK6110BCJ','CNK6110BCJ T','felipe.escalanteguido@ucr.ac.cr','2017-03-27 16:30:50'),(23,'articulos','Todas (Articulo agregado)',14,'----','----','felipe.escalanteguido@ucr.ac.cr','2017-03-27 16:32:15'),(24,'articulos','Todas (Articulo agregado)',15,'----','----','felipe.escalanteguido@ucr.ac.cr','2017-03-27 16:33:53'),(25,'articulos','Todas (Articulo agregado)',16,'----','----','felipe.escalanteguido@ucr.ac.cr','2017-03-27 16:35:56'),(26,'articulos','Todas (Articulo agregado)',17,'----','----','felipe.escalanteguido@ucr.ac.cr','2017-03-27 16:37:04'),(27,'articulos','Todas (Articulo agregado)',18,'----','----','felipe.escalanteguido@ucr.ac.cr','2017-03-27 16:38:39'),(28,'articulos','Todas (Articulo agregado)',19,'----','----','felipe.escalanteguido@ucr.ac.cr','2017-03-27 16:39:35'),(29,'articulos','Todas (Articulo agregado)',20,'----','----','felipe.escalanteguido@ucr.ac.cr','2017-03-27 16:46:19'),(30,'articulos','Todas (Articulo agregado)',21,'----','----','felipe.escalanteguido@ucr.ac.cr','2017-03-27 16:48:30'),(31,'articulos','Todas (Articulo agregado)',22,'----','----','felipe.escalanteguido@ucr.ac.cr','2017-03-27 16:49:59'),(32,'articulos','Todas (Articulo agregado)',23,'----','----','felipe.escalanteguido@ucr.ac.cr','2017-03-27 16:51:08'),(33,'articulos','Todas (Articulo agregado)',24,'----','----','felipe.escalanteguido@ucr.ac.cr','2017-03-27 16:52:22'),(34,'articulos','Todas (Articulo agregado)',25,'----','----','felipe.escalanteguido@ucr.ac.cr','2017-03-27 16:54:12'),(35,'articulos','Todas (Articulo agregado)',26,'----','----','felipe.escalanteguido@ucr.ac.cr','2017-03-27 16:55:59'),(36,'articulos','Todas (Articulo agregado)',27,'----','----','felipe.escalanteguido@ucr.ac.cr','2017-03-27 16:56:50'),(37,'articulos','Todas (Articulo agregado)',28,'----','----','felipe.escalanteguido@ucr.ac.cr','2017-03-27 16:58:26'),(38,'articulos','nombre',20,'Cubículo 1','Computadora Cubículo 1','felipe.escalanteguido@ucr.ac.cr','2017-03-27 17:05:03'),(39,'articulos','Todas (Articulo agregado)',29,'----','----','felipe.escalanteguido@ucr.ac.cr','2017-03-27 17:09:30'),(40,'articulos','Todas (Articulo agregado)',30,'----','----','felipe.escalanteguido@ucr.ac.cr','2017-03-27 17:12:08'),(41,'articulos','categoriaID',30,'4','2','felipe.escalanteguido@ucr.ac.cr','2017-03-27 17:12:52'),(42,'articulos','Todas (Articulo agregado)',31,'----','----','felipe.escalanteguido@ucr.ac.cr','2017-03-27 17:19:48'),(43,'articulos','Todas (Articulo agregado)',32,'----','----','felipe.escalanteguido@ucr.ac.cr','2017-03-27 17:21:27'),(44,'articulos','Todas (Articulo agregado)',33,'----','----','felipe.escalanteguido@ucr.ac.cr','2017-03-27 17:28:35'),(45,'articulos','Todas (Articulo agregado)',34,'----','----','felipe.escalanteguido@ucr.ac.cr','2017-03-27 17:30:00'),(46,'articulos','Todas (Articulo agregado)',35,'----','----','felipe.escalanteguido@ucr.ac.cr','2017-03-27 17:30:41'),(47,'articulos','Todas (Articulo agregado)',36,'----','----','felipe.escalanteguido@ucr.ac.cr','2017-03-27 17:31:17'),(48,'articulos','Todas (Articulo agregado)',37,'----','----','felipe.escalanteguido@ucr.ac.cr','2017-03-27 17:32:29'),(49,'articulos','Todas (Articulo agregado)',38,'----','----','felipe.escalanteguido@ucr.ac.cr','2017-03-27 17:33:37'),(50,'articulos','Todas (Articulo agregado)',39,'----','----','felipe.escalanteguido@ucr.ac.cr','2017-03-27 17:41:12'),(51,'articulos','Todas (Articulo agregado)',40,'----','----','felipe.escalanteguido@ucr.ac.cr','2017-03-27 17:41:58'),(52,'articulos','categoriaID',39,'6','8','felipe.escalanteguido@ucr.ac.cr','2017-03-27 17:42:11'),(53,'articulos','categoriaID',39,'8','1','felipe.escalanteguido@ucr.ac.cr','2017-03-27 17:42:15'),(54,'articulos','categoriaID',39,'1','4','felipe.escalanteguido@ucr.ac.cr','2017-03-27 17:42:21'),(55,'articulos','categoriaID',39,'4','2','felipe.escalanteguido@ucr.ac.cr','2017-03-27 17:42:30'),(56,'articulos','Todas (Articulo agregado)',41,'----','----','felipe.escalanteguido@ucr.ac.cr','2017-03-27 17:43:09'),(57,'articulos','Todas (Articulo agregado)',42,'----','----','felipe.escalanteguido@ucr.ac.cr','2017-03-27 17:44:08'),(58,'articulos','Todas (Articulo agregado)',43,'----','----','felipe.escalanteguido@ucr.ac.cr','2017-03-27 17:45:05'),(59,'articulos','Todas (Articulo agregado)',44,'----','----','felipe.escalanteguido@ucr.ac.cr','2017-03-27 17:46:43'),(60,'articulos','Todas (Articulo agregado)',45,'----','----','felipe.escalanteguido@ucr.ac.cr','2017-03-27 17:48:25'),(61,'articulos','Todas (Articulo agregado)',46,'----','----','felipe.escalanteguido@ucr.ac.cr','2017-03-27 17:49:17'),(62,'articulos','Todas (Articulo agregado)',47,'----','----','felipe.escalanteguido@ucr.ac.cr','2017-03-27 17:50:06'),(63,'articulos','Todas (Articulo agregado)',48,'----','----','felipe.escalanteguido@ucr.ac.cr','2017-03-27 17:50:58'),(64,'articulos','Todas (Articulo agregado)',49,'----','----','felipe.escalanteguido@ucr.ac.cr','2017-03-27 17:51:57'),(65,'articulos','Todas (Articulo agregado)',50,'----','----','felipe.escalanteguido@ucr.ac.cr','2017-03-27 17:58:02'),(66,'articulos','Todas (Articulo agregado)',51,'----','----','felipe.escalanteguido@ucr.ac.cr','2017-03-28 15:18:32'),(67,'articulos','Todas (Articulo agregado)',52,'----','----','felipe.escalanteguido@ucr.ac.cr','2017-03-28 15:22:23'),(68,'articulos','Todas (Articulo agregado)',53,'----','----','felipe.escalanteguido@ucr.ac.cr','2017-03-28 15:24:26'),(69,'articulos','nombre',52,'Monitor Cubículo 1','Monitor  1 Cubículo 1','felipe.escalanteguido@ucr.ac.cr','2017-03-28 15:25:00'),(70,'articulos','Todas (Articulo agregado)',54,'----','----','felipe.escalanteguido@ucr.ac.cr','2017-03-28 15:25:43'),(71,'articulos','Todas (Articulo agregado)',55,'----','----','felipe.escalanteguido@ucr.ac.cr','2017-03-28 15:26:54'),(72,'articulos','categoriaID',24,'4','3','felipe.escalanteguido@ucr.ac.cr','2017-03-28 15:27:46'),(73,'articulos','categoriaID',28,'4','3','felipe.escalanteguido@ucr.ac.cr','2017-03-28 15:28:25'),(74,'articulos','categoriaID',29,'4','3','felipe.escalanteguido@ucr.ac.cr','2017-03-28 15:28:51'),(75,'articulos','Todas (Articulo agregado)',56,'----','----','felipe.escalanteguido@ucr.ac.cr','2017-03-28 15:30:47'),(76,'articulos','categoriaID',56,'2','6','felipe.escalanteguido@ucr.ac.cr','2017-03-28 15:33:03'),(77,'articulos','Todas (Articulo agregado)',57,'----','----','felipe.escalanteguido@ucr.ac.cr','2017-03-28 15:34:39'),(78,'articulos','Todas (Articulo agregado)',58,'----','----','felipe.escalanteguido@ucr.ac.cr','2017-03-28 15:37:44'),(79,'articulos','Todas (Articulo agregado)',59,'----','----','felipe.escalanteguido@ucr.ac.cr','2017-03-28 15:39:12'),(80,'articulos','Todas (Articulo agregado)',60,'----','----','felipe.escalanteguido@ucr.ac.cr','2017-03-28 15:40:25'),(81,'articulos','Todas (Articulo agregado)',61,'----','----','felipe.escalanteguido@ucr.ac.cr','2017-03-28 15:41:37'),(82,'articulos','Todas (Articulo agregado)',62,'----','----','felipe.escalanteguido@ucr.ac.cr','2017-03-28 15:42:15'),(83,'articulos','Todas (Articulo agregado)',63,'----','----','felipe.escalanteguido@ucr.ac.cr','2017-03-28 15:43:17'),(84,'articulos','Todas (Articulo agregado)',64,'----','----','felipe.escalanteguido@ucr.ac.cr','2017-03-28 15:44:03'),(85,'articulos','Todas (Articulo agregado)',65,'----','----','felipe.escalanteguido@ucr.ac.cr','2017-03-28 15:45:03'),(86,'articulos','nombre',58,'Estantería Oficina 207','Estantería Cubículo 1','felipe.escalanteguido@ucr.ac.cr','2017-03-28 15:45:28'),(87,'articulos','Todas (Articulo agregado)',66,'----','----','felipe.escalanteguido@ucr.ac.cr','2017-03-28 15:46:23'),(88,'articulos','categoriaID',66,'2','7','felipe.escalanteguido@ucr.ac.cr','2017-03-28 15:46:40'),(89,'articulos','Todas (Articulo agregado)',67,'----','----','felipe.escalanteguido@ucr.ac.cr','2017-03-28 15:47:23'),(90,'articulos','Todas (Articulo agregado)',68,'----','----','felipe.escalanteguido@ucr.ac.cr','2017-03-28 15:47:54'),(91,'articulos','Todas (Articulo agregado)',69,'----','----','felipe.escalanteguido@ucr.ac.cr','2017-03-28 15:48:27'),(92,'articulos','Todas (Articulo agregado)',70,'----','----','felipe.escalanteguido@ucr.ac.cr','2017-03-28 15:49:30'),(93,'articulos','Todas (Articulo agregado)',71,'----','----','felipe.escalanteguido@ucr.ac.cr','2017-03-28 15:50:00'),(94,'articulos','Todas (Articulo agregado)',72,'----','----','felipe.escalanteguido@ucr.ac.cr','2017-03-28 15:54:07'),(95,'articulos','Todas (Articulo agregado)',73,'----','----','felipe.escalanteguido@ucr.ac.cr','2017-03-28 15:55:29'),(96,'articulos','Todas (Articulo agregado)',74,'----','----','felipe.escalanteguido@ucr.ac.cr','2017-03-28 15:56:30'),(97,'articulos','Todas (Articulo agregado)',75,'----','----','felipe.escalanteguido@ucr.ac.cr','2017-03-28 16:05:31'),(98,'articulos','Todas (Articulo agregado)',76,'----','----','felipe.escalanteguido@ucr.ac.cr','2017-03-28 16:06:02'),(99,'articulos','Todas (Articulo agregado)',77,'----','----','felipe.escalanteguido@ucr.ac.cr','2017-03-28 16:06:49'),(100,'articulos','Todas (Articulo agregado)',78,'----','----','felipe.escalanteguido@ucr.ac.cr','2017-03-28 16:09:35'),(101,'articulos','Todas (Articulo agregado)',79,'----','----','felipe.escalanteguido@ucr.ac.cr','2017-03-28 16:10:18'),(102,'articulos','Todas (Articulo agregado)',80,'----','----','felipe.escalanteguido@ucr.ac.cr','2017-03-28 16:11:17'),(103,'articulos','Todas (Articulo agregado)',81,'----','----','felipe.escalanteguido@ucr.ac.cr','2017-03-28 16:17:41'),(104,'articulos','Todas (Articulo agregado)',82,'----','----','felipe.escalanteguido@ucr.ac.cr','2017-03-28 16:17:46'),(105,'articulos','Todas (Articulo eliminado)',82,'----','----','felipe.escalanteguido@ucr.ac.cr','2017-03-28 16:18:23'),(106,'articulos','Todas (Articulo agregado)',83,'----','----','felipe.escalanteguido@ucr.ac.cr','2017-03-28 16:20:13'),(107,'articulos','Todas (Articulo agregado)',84,'----','----','felipe.escalanteguido@ucr.ac.cr','2017-03-28 16:23:07'),(108,'articulos','Todas (Articulo agregado)',85,'----','----','felipe.escalanteguido@ucr.ac.cr','2017-03-28 16:24:35'),(109,'articulos','Todas (Articulo agregado)',86,'----','----','felipe.escalanteguido@ucr.ac.cr','2017-03-28 16:26:31'),(110,'articulos','Todas (Articulo agregado)',87,'----','----','felipe.escalanteguido@ucr.ac.cr','2017-03-28 16:27:30'),(111,'articulos','Todas (Articulo agregado)',88,'----','----','felipe.escalanteguido@ucr.ac.cr','2017-03-28 16:28:03'),(112,'articulos','Todas (Articulo agregado)',89,'----','----','felipe.escalanteguido@ucr.ac.cr','2017-03-28 16:28:59'),(113,'articulos','Todas (Articulo agregado)',90,'----','----','felipe.escalanteguido@ucr.ac.cr','2017-03-28 16:29:51'),(114,'articulos','Todas (Articulo agregado)',91,'----','----','felipe.escalanteguido@ucr.ac.cr','2017-03-28 16:30:38'),(115,'articulos','Todas (Articulo agregado)',92,'----','----','felipe.escalanteguido@ucr.ac.cr','2017-03-28 16:31:12'),(116,'articulos','Todas (Articulo agregado)',93,'----','----','felipe.escalanteguido@ucr.ac.cr','2017-03-28 16:31:51'),(117,'articulos','Todas (Articulo agregado)',94,'----','----','felipe.escalanteguido@ucr.ac.cr','2017-03-28 16:35:02'),(118,'articulos','Todas (Articulo agregado)',95,'----','----','felipe.escalanteguido@ucr.ac.cr','2017-03-28 16:36:01'),(119,'articulos','Todas (Articulo agregado)',96,'----','----','felipe.escalanteguido@ucr.ac.cr','2017-03-28 16:37:43'),(120,'articulos','Todas (Articulo agregado)',97,'----','----','felipe.escalanteguido@ucr.ac.cr','2017-03-28 16:40:29'),(121,'articulos','Todas (Articulo agregado)',98,'----','----','felipe.escalanteguido@ucr.ac.cr','2017-03-28 16:42:31'),(122,'articulos','Todas (Articulo agregado)',99,'----','----','felipe.escalanteguido@ucr.ac.cr','2017-03-28 16:43:22'),(123,'articulos','Todas (Articulo agregado)',100,'----','----','felipe.escalanteguido@ucr.ac.cr','2017-03-28 16:44:52'),(124,'articulos','Todas (Articulo agregado)',101,'----','----','felipe.escalanteguido@ucr.ac.cr','2017-03-28 16:45:39'),(125,'articulos','Todas (Articulo agregado)',102,'----','----','felipe.escalanteguido@ucr.ac.cr','2017-03-28 16:46:20'),(126,'articulos','Todas (Articulo agregado)',103,'----','----','felipe.escalanteguido@ucr.ac.cr','2017-03-28 16:47:06'),(127,'articulos','Todas (Articulo agregado)',104,'----','----','felipe.escalanteguido@ucr.ac.cr','2017-03-28 16:47:51'),(128,'articulos','Todas (Articulo agregado)',105,'----','----','felipe.escalanteguido@ucr.ac.cr','2017-03-28 16:48:35'),(129,'articulos','Todas (Articulo agregado)',106,'----','----','felipe.escalanteguido@ucr.ac.cr','2017-03-28 16:50:13'),(130,'articulos','Todas (Articulo agregado)',107,'----','----','felipe.escalanteguido@ucr.ac.cr','2017-03-28 16:51:05'),(131,'articulos','Todas (Articulo agregado)',108,'----','----','felipe.escalanteguido@ucr.ac.cr','2017-03-28 16:53:15'),(132,'articulos','Todas (Articulo agregado)',109,'----','----','felipe.escalanteguido@ucr.ac.cr','2017-03-28 16:54:39'),(133,'articulos','Todas (Articulo agregado)',110,'----','----','felipe.escalanteguido@ucr.ac.cr','2017-03-28 16:57:27'),(134,'articulos','Todas (Articulo agregado)',111,'----','----','felipe.escalanteguido@ucr.ac.cr','2017-03-28 16:58:28'),(135,'articulos','Todas (Articulo agregado)',112,'----','----','felipe.escalanteguido@ucr.ac.cr','2017-03-28 17:00:19'),(136,'articulos','Todas (Articulo agregado)',113,'----','----','felipe.escalanteguido@ucr.ac.cr','2017-03-28 17:02:30'),(137,'articulos','Todas (Articulo agregado)',114,'----','----','felipe.escalanteguido@ucr.ac.cr','2017-03-28 17:03:21'),(138,'articulos','Todas (Articulo agregado)',115,'----','----','felipe.escalanteguido@ucr.ac.cr','2017-03-28 17:04:58'),(139,'articulos','Todas (Articulo agregado)',116,'----','----','felipe.escalanteguido@ucr.ac.cr','2017-03-28 17:05:36'),(140,'articulos','Todas (Articulo agregado)',117,'----','----','felipe.escalanteguido@ucr.ac.cr','2017-03-28 17:06:15'),(141,'articulos','Todas (Articulo agregado)',118,'----','----','felipe.escalanteguido@ucr.ac.cr','2017-03-28 17:06:56'),(142,'articulos','Todas (Articulo agregado)',119,'----','----','felipe.escalanteguido@ucr.ac.cr','2017-03-28 17:07:52'),(143,'articulos','Todas (Articulo agregado)',120,'----','----','felipe.escalanteguido@ucr.ac.cr','2017-03-28 17:10:09'),(144,'articulos','Todas (Articulo agregado)',121,'----','----','felipe.escalanteguido@ucr.ac.cr','2017-03-28 17:13:39'),(145,'articulos','Todas (Articulo agregado)',122,'----','----','felipe.escalanteguido@ucr.ac.cr','2017-03-28 17:18:06'),(146,'articulos','Todas (Articulo agregado)',123,'----','----','felipe.escalanteguido@ucr.ac.cr','2017-03-28 17:30:59'),(147,'articulos','Todas (Articulo agregado)',124,'----','----','felipe.escalanteguido@ucr.ac.cr','2017-03-28 17:32:41'),(148,'articulos','Todas (Articulo agregado)',125,'----','----','felipe.escalanteguido@ucr.ac.cr','2017-03-29 15:13:50'),(149,'articulos','Todas (Articulo agregado)',126,'----','----','felipe.escalanteguido@ucr.ac.cr','2017-03-29 15:17:17'),(150,'articulos','Todas (Articulo agregado)',127,'----','----','felipe.escalanteguido@ucr.ac.cr','2017-03-29 15:19:28'),(151,'articulos','Todas (Articulo agregado)',128,'----','----','felipe.escalanteguido@ucr.ac.cr','2017-03-29 15:20:52'),(152,'articulos','Todas (Articulo agregado)',129,'----','----','felipe.escalanteguido@ucr.ac.cr','2017-03-29 15:22:52'),(153,'articulos','Todas (Articulo agregado)',130,'----','----','felipe.escalanteguido@ucr.ac.cr','2017-03-29 15:24:27'),(154,'articulos','Todas (Articulo agregado)',131,'----','----','felipe.escalanteguido@ucr.ac.cr','2017-03-29 15:26:13'),(155,'articulos','Todas (Articulo agregado)',132,'----','----','felipe.escalanteguido@ucr.ac.cr','2017-03-29 15:29:12'),(156,'articulos','Todas (Articulo agregado)',133,'----','----','felipe.escalanteguido@ucr.ac.cr','2017-03-29 15:31:04'),(157,'articulos','Todas (Articulo agregado)',134,'----','----','felipe.escalanteguido@ucr.ac.cr','2017-03-29 15:33:31'),(158,'articulos','Todas (Articulo agregado)',135,'----','----','felipe.escalanteguido@ucr.ac.cr','2017-03-29 15:35:27'),(159,'articulos','Todas (Articulo agregado)',136,'----','----','felipe.escalanteguido@ucr.ac.cr','2017-03-29 15:37:08'),(160,'articulos','Todas (Articulo agregado)',137,'----','----','felipe.escalanteguido@ucr.ac.cr','2017-03-29 15:38:11'),(161,'articulos','Todas (Articulo agregado)',138,'----','----','felipe.escalanteguido@ucr.ac.cr','2017-03-29 15:39:42'),(162,'articulos','Todas (Articulo agregado)',139,'----','----','felipe.escalanteguido@ucr.ac.cr','2017-03-29 15:41:26'),(163,'articulos','Todas (Articulo agregado)',140,'----','----','felipe.escalanteguido@ucr.ac.cr','2017-03-29 15:45:28'),(164,'articulos','Todas (Articulo agregado)',141,'----','----','felipe.escalanteguido@ucr.ac.cr','2017-03-29 15:47:01'),(165,'articulos','Todas (Articulo agregado)',142,'----','----','felipe.escalanteguido@ucr.ac.cr','2017-03-29 15:49:23'),(166,'articulos','Todas (Articulo agregado)',143,'----','----','felipe.escalanteguido@ucr.ac.cr','2017-03-29 15:53:06'),(167,'articulos','Todas (Articulo agregado)',144,'----','----','felipe.escalanteguido@ucr.ac.cr','2017-03-29 15:54:36'),(168,'articulos','Todas (Articulo agregado)',145,'----','----','felipe.escalanteguido@ucr.ac.cr','2017-03-29 15:57:46'),(169,'articulos','Todas (Articulo agregado)',146,'----','----','felipe.escalanteguido@ucr.ac.cr','2017-03-29 15:58:45'),(170,'articulos','Todas (Articulo agregado)',147,'----','----','felipe.escalanteguido@ucr.ac.cr','2017-03-29 15:59:44'),(171,'articulos','Todas (Articulo agregado)',148,'----','----','felipe.escalanteguido@ucr.ac.cr','2017-03-29 16:01:33'),(172,'articulos','Todas (Articulo agregado)',149,'----','----','felipe.escalanteguido@ucr.ac.cr','2017-03-29 16:02:57'),(173,'articulos','Todas (Articulo agregado)',150,'----','----','felipe.escalanteguido@ucr.ac.cr','2017-03-29 16:03:11'),(174,'articulos','Todas (Articulo agregado)',151,'----','----','felipe.escalanteguido@ucr.ac.cr','2017-03-29 16:04:43'),(175,'articulos','Todas (Articulo agregado)',152,'----','----','felipe.escalanteguido@ucr.ac.cr','2017-03-29 16:08:06'),(176,'articulos','Todas (Articulo agregado)',153,'----','----','felipe.escalanteguido@ucr.ac.cr','2017-03-29 16:10:14'),(177,'articulos','Todas (Articulo agregado)',154,'----','----','felipe.escalanteguido@ucr.ac.cr','2017-03-29 16:14:07'),(178,'articulos','Todas (Articulo agregado)',155,'----','----','felipe.escalanteguido@ucr.ac.cr','2017-03-29 16:18:12'),(179,'articulos','Todas (Articulo agregado)',156,'----','----','felipe.escalanteguido@ucr.ac.cr','2017-03-29 16:19:33'),(180,'articulos','Todas (Articulo agregado)',157,'----','----','felipe.escalanteguido@ucr.ac.cr','2017-03-29 16:27:42'),(181,'articulos','Todas (Articulo agregado)',158,'----','----','felipe.escalanteguido@ucr.ac.cr','2017-03-29 16:29:19'),(182,'articulos','Todas (Articulo agregado)',159,'----','----','felipe.escalanteguido@ucr.ac.cr','2017-03-29 16:39:22'),(183,'articulos','Todas (Articulo agregado)',160,'----','----','felipe.escalanteguido@ucr.ac.cr','2017-03-29 16:40:28'),(184,'articulos','Todas (Articulo agregado)',161,'----','----','felipe.escalanteguido@ucr.ac.cr','2017-03-29 16:41:54'),(185,'articulos','Todas (Articulo agregado)',162,'----','----','felipe.escalanteguido@ucr.ac.cr','2017-03-29 16:44:51'),(186,'articulos','Todas (Articulo agregado)',163,'----','----','felipe.escalanteguido@ucr.ac.cr','2017-03-29 16:46:04'),(187,'articulos','Todas (Articulo agregado)',164,'----','----','felipe.escalanteguido@ucr.ac.cr','2017-03-29 16:47:34'),(188,'articulos','Todas (Articulo agregado)',165,'----','----','felipe.escalanteguido@ucr.ac.cr','2017-03-29 16:49:31'),(189,'articulos','Todas (Articulo agregado)',166,'----','----','felipe.escalanteguido@ucr.ac.cr','2017-03-29 16:55:07'),(190,'articulos','Todas (Articulo agregado)',167,'----','----','felipe.escalanteguido@ucr.ac.cr','2017-03-29 16:55:15'),(191,'articulos','Todas (Articulo agregado)',168,'----','----','felipe.escalanteguido@ucr.ac.cr','2017-03-29 16:57:04'),(192,'articulos','Todas (Articulo agregado)',169,'----','----','felipe.escalanteguido@ucr.ac.cr','2017-03-29 16:57:54'),(193,'articulos','Todas (Articulo agregado)',170,'----','----','felipe.escalanteguido@ucr.ac.cr','2017-03-29 16:58:44'),(194,'articulos','Todas (Articulo agregado)',171,'----','----','felipe.escalanteguido@ucr.ac.cr','2017-03-29 17:00:34'),(195,'articulos','Todas (Articulo agregado)',172,'----','----','felipe.escalanteguido@ucr.ac.cr','2017-03-29 17:01:36'),(196,'articulos','Todas (Articulo agregado)',173,'----','----','felipe.escalanteguido@ucr.ac.cr','2017-03-29 17:04:42'),(197,'articulos','Todas (Articulo agregado)',174,'----','----','felipe.escalanteguido@ucr.ac.cr','2017-03-29 17:05:50'),(198,'articulos','Todas (Articulo agregado)',175,'----','----','felipe.escalanteguido@ucr.ac.cr','2017-03-29 17:06:38'),(199,'articulos','Todas (Articulo agregado)',176,'----','----','felipe.escalanteguido@ucr.ac.cr','2017-03-29 17:07:27'),(200,'articulos','Todas (Articulo agregado)',177,'----','----','felipe.escalanteguido@ucr.ac.cr','2017-03-29 17:08:15'),(201,'articulos','Todas (Articulo agregado)',178,'----','----','felipe.escalanteguido@ucr.ac.cr','2017-03-29 17:15:20'),(202,'articulos','Todas (Articulo agregado)',179,'----','----','felipe.escalanteguido@ucr.ac.cr','2017-03-29 17:16:18'),(203,'articulos','Todas (Articulo agregado)',180,'----','----','felipe.escalanteguido@ucr.ac.cr','2017-03-29 17:17:37'),(204,'articulos','Todas (Articulo agregado)',181,'----','----','felipe.escalanteguido@ucr.ac.cr','2017-03-29 17:20:51'),(205,'articulos','Todas (Articulo agregado)',182,'----','----','felipe.escalanteguido@ucr.ac.cr','2017-03-29 17:21:45'),(206,'articulos','Todas (Articulo agregado)',183,'----','----','felipe.escalanteguido@ucr.ac.cr','2017-03-29 17:22:20'),(207,'articulos','Todas (Articulo agregado)',184,'----','----','felipe.escalanteguido@ucr.ac.cr','2017-03-29 17:22:51'),(208,'articulos','Todas (Articulo agregado)',185,'----','----','felipe.escalanteguido@ucr.ac.cr','2017-03-29 17:23:32'),(209,'articulos','Todas (Articulo agregado)',186,'----','----','felipe.escalanteguido@ucr.ac.cr','2017-03-29 17:24:14'),(210,'articulos','Todas (Articulo agregado)',187,'----','----','felipe.escalanteguido@ucr.ac.cr','2017-03-29 17:24:47'),(211,'articulos','Todas (Articulo agregado)',188,'----','----','felipe.escalanteguido@ucr.ac.cr','2017-03-29 17:25:21'),(212,'articulos','Todas (Articulo agregado)',189,'----','----','felipe.escalanteguido@ucr.ac.cr','2017-03-29 17:26:06'),(213,'articulos','Todas (Articulo agregado)',190,'----','----','felipe.escalanteguido@ucr.ac.cr','2017-03-29 17:26:52'),(214,'articulos','Todas (Articulo agregado)',191,'----','----','felipe.escalanteguido@ucr.ac.cr','2017-03-29 17:28:48'),(215,'articulos','Todas (Articulo agregado)',192,'----','----','felipe.escalanteguido@ucr.ac.cr','2017-03-29 17:32:44'),(216,'articulos','Todas (Articulo agregado)',193,'----','----','felipe.escalanteguido@ucr.ac.cr','2017-03-29 17:33:57'),(217,'articulos','Todas (Articulo agregado)',194,'----','----','felipe.escalanteguido@ucr.ac.cr','2017-03-29 17:35:35'),(218,'articulos','Todas (Articulo agregado)',195,'----','----','felipe.escalanteguido@ucr.ac.cr','2017-03-29 17:37:49'),(219,'articulos','Todas (Articulo agregado)',196,'----','----','felipe.escalanteguido@ucr.ac.cr','2017-03-29 17:38:56'),(220,'articulos','Todas (Articulo agregado)',197,'----','----','felipe.escalanteguido@ucr.ac.cr','2017-03-29 17:40:28'),(221,'articulos','Todas (Articulo agregado)',198,'----','----','felipe.escalanteguido@ucr.ac.cr','2017-03-29 17:41:45'),(222,'articulos','Todas (Articulo agregado)',199,'----','----','felipe.escalanteguido@ucr.ac.cr','2017-03-29 17:42:19'),(223,'articulos','Todas (Articulo agregado)',200,'----','----','felipe.escalanteguido@ucr.ac.cr','2017-03-29 17:42:56'),(224,'articulos','Todas (Articulo agregado)',201,'----','----','felipe.escalanteguido@ucr.ac.cr','2017-03-29 17:43:34'),(225,'articulos','Todas (Articulo agregado)',202,'----','----','felipe.escalanteguido@ucr.ac.cr','2017-03-29 17:44:48'),(226,'articulos','Todas (Articulo agregado)',203,'----','----','felipe.escalanteguido@ucr.ac.cr','2017-03-29 17:47:07'),(227,'articulos','Todas (Articulo agregado)',204,'----','----','felipe.escalanteguido@ucr.ac.cr','2017-03-30 14:33:59'),(228,'articulos','Todas (Articulo agregado)',205,'----','----','felipe.escalanteguido@ucr.ac.cr','2017-03-30 14:37:11'),(229,'articulos','Todas (Articulo agregado)',206,'----','----','felipe.escalanteguido@ucr.ac.cr','2017-03-30 14:39:07'),(230,'articulos','Todas (Articulo agregado)',207,'----','----','felipe.escalanteguido@ucr.ac.cr','2017-03-30 14:39:47'),(231,'articulos','Todas (Articulo agregado)',208,'----','----','felipe.escalanteguido@ucr.ac.cr','2017-03-30 14:40:36'),(232,'articulos','Todas (Articulo agregado)',209,'----','----','felipe.escalanteguido@ucr.ac.cr','2017-03-30 14:41:35'),(233,'articulos','Todas (Articulo agregado)',210,'----','----','felipe.escalanteguido@ucr.ac.cr','2017-03-30 14:42:52'),(234,'articulos','Todas (Articulo agregado)',211,'----','----','felipe.escalanteguido@ucr.ac.cr','2017-03-30 14:44:46'),(235,'articulos','Todas (Articulo agregado)',212,'----','----','felipe.escalanteguido@ucr.ac.cr','2017-03-30 14:47:21'),(236,'articulos','Todas (Articulo agregado)',213,'----','----','felipe.escalanteguido@ucr.ac.cr','2017-03-30 14:48:40'),(237,'articulos','Todas (Articulo agregado)',214,'----','----','felipe.escalanteguido@ucr.ac.cr','2017-03-30 14:49:58'),(238,'articulos','Todas (Articulo agregado)',215,'----','----','felipe.escalanteguido@ucr.ac.cr','2017-03-30 14:51:44'),(239,'articulos','Todas (Articulo agregado)',216,'----','----','felipe.escalanteguido@ucr.ac.cr','2017-03-30 14:52:59'),(240,'articulos','Todas (Articulo agregado)',217,'----','----','felipe.escalanteguido@ucr.ac.cr','2017-03-30 14:53:54'),(241,'articulos','Todas (Articulo agregado)',218,'----','----','felipe.escalanteguido@ucr.ac.cr','2017-03-30 14:55:33'),(242,'articulos','Todas (Articulo agregado)',219,'----','----','felipe.escalanteguido@ucr.ac.cr','2017-03-30 14:56:19'),(243,'articulos','Todas (Articulo agregado)',220,'----','----','felipe.escalanteguido@ucr.ac.cr','2017-03-30 14:56:52'),(244,'articulos','Todas (Articulo agregado)',221,'----','----','felipe.escalanteguido@ucr.ac.cr','2017-03-30 14:58:27'),(245,'articulos','Todas (Articulo agregado)',222,'----','----','felipe.escalanteguido@ucr.ac.cr','2017-03-30 14:59:52'),(246,'articulos','Todas (Articulo agregado)',223,'----','----','felipe.escalanteguido@ucr.ac.cr','2017-03-30 15:00:21'),(247,'articulos','Todas (Articulo agregado)',224,'----','----','felipe.escalanteguido@ucr.ac.cr','2017-03-30 15:01:09'),(248,'articulos','Todas (Articulo agregado)',225,'----','----','felipe.escalanteguido@ucr.ac.cr','2017-03-30 15:01:46'),(249,'articulos','Todas (Articulo agregado)',226,'----','----','felipe.escalanteguido@ucr.ac.cr','2017-03-30 15:03:07'),(250,'articulos','Todas (Articulo agregado)',227,'----','----','felipe.escalanteguido@ucr.ac.cr','2017-03-30 15:06:51'),(251,'articulos','Todas (Articulo agregado)',228,'----','----','felipe.escalanteguido@ucr.ac.cr','2017-03-30 15:09:36'),(252,'articulos','Todas (Articulo agregado)',229,'----','----','felipe.escalanteguido@ucr.ac.cr','2017-03-30 15:12:36'),(253,'articulos','Todas (Articulo agregado)',230,'----','----','felipe.escalanteguido@ucr.ac.cr','2017-03-30 15:14:23'),(254,'articulos','Todas (Articulo agregado)',231,'----','----','felipe.escalanteguido@ucr.ac.cr','2017-03-30 15:17:03'),(255,'articulos','Todas (Articulo agregado)',232,'----','----','felipe.escalanteguido@ucr.ac.cr','2017-03-30 15:26:09'),(256,'articulos','Todas (Articulo agregado)',233,'----','----','felipe.escalanteguido@ucr.ac.cr','2017-03-30 15:27:49'),(257,'articulos','Todas (Articulo agregado)',234,'----','----','felipe.escalanteguido@ucr.ac.cr','2017-03-30 15:29:51'),(258,'articulos','Todas (Articulo agregado)',235,'----','----','felipe.escalanteguido@ucr.ac.cr','2017-03-30 15:32:20'),(259,'articulos','Todas (Articulo agregado)',236,'----','----','felipe.escalanteguido@ucr.ac.cr','2017-03-30 15:37:05'),(260,'articulos','Todas (Articulo agregado)',237,'----','----','felipe.escalanteguido@ucr.ac.cr','2017-03-30 15:38:53'),(261,'articulos','Todas (Articulo agregado)',238,'----','----','felipe.escalanteguido@ucr.ac.cr','2017-03-30 15:40:26'),(262,'articulos','Todas (Articulo agregado)',239,'----','----','felipe.escalanteguido@ucr.ac.cr','2017-03-30 15:42:07'),(263,'articulos','Todas (Articulo agregado)',240,'----','----','felipe.escalanteguido@ucr.ac.cr','2017-03-30 15:44:35'),(264,'articulos','Todas (Articulo agregado)',241,'----','----','felipe.escalanteguido@ucr.ac.cr','2017-03-30 15:46:52'),(265,'articulos','Todas (Articulo agregado)',243,'----','----','felipe.escalanteguido@ucr.ac.cr','2017-03-30 15:56:40'),(266,'articulos','Todas (Articulo agregado)',244,'----','----','felipe.escalanteguido@ucr.ac.cr','2017-03-30 15:58:19'),(267,'articulos','Todas (Articulo agregado)',245,'----','----','felipe.escalanteguido@ucr.ac.cr','2017-03-30 15:59:59'),(268,'articulos','Todas (Articulo agregado)',246,'----','----','felipe.escalanteguido@ucr.ac.cr','2017-03-30 16:02:36'),(269,'articulos','Todas (Articulo agregado)',247,'----','----','felipe.escalanteguido@ucr.ac.cr','2017-03-30 16:03:50'),(270,'articulos','Todas (Articulo agregado)',248,'----','----','felipe.escalanteguido@ucr.ac.cr','2017-03-30 16:05:11'),(271,'articulos','Todas (Articulo agregado)',249,'----','----','felipe.escalanteguido@ucr.ac.cr','2017-03-30 16:06:14'),(272,'articulos','Todas (Articulo agregado)',250,'----','----','felipe.escalanteguido@ucr.ac.cr','2017-03-30 16:06:57'),(273,'articulos','Todas (Articulo agregado)',251,'----','----','felipe.escalanteguido@ucr.ac.cr','2017-03-30 16:08:05'),(274,'articulos','Todas (Articulo agregado)',252,'----','----','felipe.escalanteguido@ucr.ac.cr','2017-03-30 16:08:41'),(275,'articulos','Todas (Articulo agregado)',253,'----','----','felipe.escalanteguido@ucr.ac.cr','2017-03-30 16:09:30'),(276,'articulos','Todas (Articulo agregado)',254,'----','----','felipe.escalanteguido@ucr.ac.cr','2017-03-30 16:10:02'),(277,'articulos','Todas (Articulo agregado)',255,'----','----','felipe.escalanteguido@ucr.ac.cr','2017-03-30 16:20:32'),(278,'articulos','Todas (Articulo agregado)',256,'----','----','felipe.escalanteguido@ucr.ac.cr','2017-03-30 16:22:17'),(279,'articulos','Todas (Articulo agregado)',257,'----','----','felipe.escalanteguido@ucr.ac.cr','2017-03-30 16:23:47'),(280,'articulos','Todas (Articulo agregado)',258,'----','----','felipe.escalanteguido@ucr.ac.cr','2017-03-30 16:24:34'),(281,'articulos','Todas (Articulo agregado)',259,'----','----','felipe.escalanteguido@ucr.ac.cr','2017-03-30 16:25:23'),(282,'articulos','Todas (Articulo agregado)',260,'----','----','felipe.escalanteguido@ucr.ac.cr','2017-03-30 16:27:48'),(283,'articulos','Todas (Articulo agregado)',261,'----','----','felipe.escalanteguido@ucr.ac.cr','2017-03-30 16:30:10'),(284,'articulos','Todas (Articulo agregado)',262,'----','----','felipe.escalanteguido@ucr.ac.cr','2017-03-30 16:33:21'),(285,'articulos','Todas (Articulo agregado)',263,'----','----','felipe.escalanteguido@ucr.ac.cr','2017-03-30 16:45:42'),(286,'articulos','Todas (Articulo agregado)',264,'----','----','felipe.escalanteguido@ucr.ac.cr','2017-03-30 16:51:18'),(287,'articulos','Todas (Articulo agregado)',265,'----','----','felipe.escalanteguido@ucr.ac.cr','2017-03-30 16:51:48'),(288,'articulos','Todas (Articulo agregado)',266,'----','----','felipe.escalanteguido@ucr.ac.cr','2017-03-30 16:52:45'),(289,'articulos','Todas (Articulo agregado)',267,'----','----','felipe.escalanteguido@ucr.ac.cr','2017-03-30 16:53:19'),(290,'articulos','Todas (Articulo agregado)',268,'----','----','felipe.escalanteguido@ucr.ac.cr','2017-03-30 16:54:01'),(291,'articulos','Todas (Articulo agregado)',269,'----','----','felipe.escalanteguido@ucr.ac.cr','2017-03-30 16:54:31'),(292,'articulos','Todas (Articulo agregado)',270,'----','----','felipe.escalanteguido@ucr.ac.cr','2017-03-30 16:55:04'),(293,'articulos','Todas (Articulo agregado)',271,'----','----','felipe.escalanteguido@ucr.ac.cr','2017-03-30 16:58:53'),(294,'articulos','Todas (Articulo agregado)',272,'----','----','felipe.escalanteguido@ucr.ac.cr','2017-03-30 16:59:40'),(295,'articulos','Todas (Articulo agregado)',273,'----','----','felipe.escalanteguido@ucr.ac.cr','2017-03-30 17:00:33'),(296,'articulos','Todas (Articulo agregado)',274,'----','----','felipe.escalanteguido@ucr.ac.cr','2017-03-30 17:02:02'),(297,'articulos','Todas (Articulo agregado)',275,'----','----','felipe.escalanteguido@ucr.ac.cr','2017-03-30 17:02:55'),(298,'articulos','Todas (Articulo agregado)',276,'----','----','felipe.escalanteguido@ucr.ac.cr','2017-03-30 17:04:48'),(299,'articulos','Todas (Articulo agregado)',277,'----','----','felipe.escalanteguido@ucr.ac.cr','2017-03-30 17:07:41'),(300,'articulos','Todas (Articulo agregado)',278,'----','----','felipe.escalanteguido@ucr.ac.cr','2017-03-30 17:09:35'),(301,'articulos','Todas (Articulo agregado)',279,'----','----','felipe.escalanteguido@ucr.ac.cr','2017-03-30 17:10:49'),(302,'articulos','Todas (Articulo agregado)',280,'----','----','felipe.escalanteguido@ucr.ac.cr','2017-03-30 17:13:30'),(303,'articulos','Todas (Articulo agregado)',281,'----','----','felipe.escalanteguido@ucr.ac.cr','2017-03-30 17:16:05'),(304,'articulos','Todas (Articulo agregado)',282,'----','----','felipe.escalanteguido@ucr.ac.cr','2017-03-30 17:17:26'),(305,'articulos','Todas (Articulo agregado)',283,'----','----','felipe.escalanteguido@ucr.ac.cr','2017-03-30 17:18:46'),(306,'articulos','Todas (Articulo agregado)',284,'----','----','felipe.escalanteguido@ucr.ac.cr','2017-03-30 17:19:38'),(307,'articulos','Todas (Articulo agregado)',285,'----','----','felipe.escalanteguido@ucr.ac.cr','2017-03-30 17:20:46'),(308,'articulos','Todas (Articulo agregado)',286,'----','----','felipe.escalanteguido@ucr.ac.cr','2017-03-30 17:24:10'),(309,'articulos','Todas (Articulo agregado)',287,'----','----','felipe.escalanteguido@ucr.ac.cr','2017-03-30 17:33:16'),(310,'articulos','Todas (Articulo agregado)',288,'----','----','felipe.escalanteguido@ucr.ac.cr','2017-03-30 17:36:04'),(311,'articulos','Todas (Articulo agregado)',289,'----','----','felipe.escalanteguido@ucr.ac.cr','2017-03-30 17:37:02'),(312,'articulos','Todas (Articulo agregado)',290,'----','----','felipe.escalanteguido@ucr.ac.cr','2017-03-30 17:37:52'),(313,'articulos','Todas (Articulo agregado)',291,'----','----','felipe.escalanteguido@ucr.ac.cr','2017-03-30 17:42:49'),(314,'articulos','Todas (Articulo eliminado)',286,'----','----','felipe.escalanteguido@ucr.ac.cr','2017-04-27 15:33:33'),(315,'articulos','Todas (Articulo agregado)',292,'----','----','felipe.escalanteguido@ucr.ac.cr','2017-04-27 15:39:29'),(316,'articulos','Todas (Articulo eliminado)',84,'----','----','felipe.escalanteguido@ucr.ac.cr','2017-05-02 14:30:20'),(317,'articulos','Todas (Articulo eliminado)',100,'----','----','felipe.escalanteguido@ucr.ac.cr','2017-05-02 14:47:05'),(318,'articulos','Todas (Articulo eliminado)',151,'----','----','felipe.escalanteguido@ucr.ac.cr','2017-05-02 15:49:06'),(319,'articulos','Todas (Articulo eliminado)',167,'----','----','felipe.escalanteguido@ucr.ac.cr','2017-05-02 15:53:14'),(320,'articulos','Todas (Articulo agregado)',293,'----','----','felipe.escalanteguido@ucr.ac.cr','2017-05-03 15:51:02'),(321,'articulos','Todas (Articulo agregado)',294,'----','----','felipe.escalanteguido@ucr.ac.cr','2017-05-03 15:51:14'),(322,'articulos','Todas (Articulo agregado)',295,'----','----','felipe.escalanteguido@ucr.ac.cr','2017-05-03 15:51:19'),(323,'articulos','Todas (Articulo agregado)',296,'----','----','felipe.escalanteguido@ucr.ac.cr','2017-05-03 15:51:24'),(324,'articulos','Todas (Articulo agregado)',297,'----','----','felipe.escalanteguido@ucr.ac.cr','2017-05-03 15:51:29'),(325,'articulos','Todas (Articulo agregado)',298,'----','----','felipe.escalanteguido@ucr.ac.cr','2017-05-03 15:51:35'),(326,'articulos','Todas (Articulo agregado)',299,'----','----','felipe.escalanteguido@ucr.ac.cr','2017-05-03 15:51:39'),(327,'articulos','Todas (Articulo agregado)',300,'----','----','felipe.escalanteguido@ucr.ac.cr','2017-05-03 15:51:56'),(328,'articulos','Todas (Articulo agregado)',301,'----','----','felipe.escalanteguido@ucr.ac.cr','2017-05-03 15:52:00'),(329,'articulos','Todas (Articulo agregado)',302,'----','----','felipe.escalanteguido@ucr.ac.cr','2017-05-03 15:52:04'),(330,'articulos','Todas (Articulo agregado)',303,'----','----','felipe.escalanteguido@ucr.ac.cr','2017-05-03 15:52:09'),(331,'articulos','Todas (Articulo agregado)',304,'----','----','felipe.escalanteguido@ucr.ac.cr','2017-05-03 15:56:04'),(332,'articulos','Todas (Articulo agregado)',305,'----','----','felipe.escalanteguido@ucr.ac.cr','2017-05-03 15:56:52'),(333,'articulos','Todas (Articulo agregado)',306,'----','----','felipe.escalanteguido@ucr.ac.cr','2017-05-03 15:58:58'),(334,'articulos','Todas (Articulo agregado)',307,'----','----','felipe.escalanteguido@ucr.ac.cr','2017-05-03 15:59:17'),(335,'articulos','Todas (Articulo agregado)',308,'----','----','felipe.escalanteguido@ucr.ac.cr','2017-05-03 16:00:39'),(336,'articulos','ubicacionID',29,'3','15','felipe.escalanteguido@ucr.ac.cr','2017-05-03 16:04:52'),(337,'articulos','nombre',29,'Teléfono Cubículo 1','Teléfono IP','felipe.escalanteguido@ucr.ac.cr','2017-05-03 16:05:40'),(338,'articulos','nombre',213,'Monitor','CPU','felipe.escalanteguido@ucr.ac.cr','2017-05-03 16:06:18'),(339,'articulos','ubicacionID',25,'3','15','felipe.escalanteguido@ucr.ac.cr','2017-05-03 16:06:51'),(340,'articulos','numero_placa',25,'','306906','felipe.escalanteguido@ucr.ac.cr','2017-05-03 16:11:03'),(341,'articulos','nombre',25,'Impresora Cubículo 2','Impresora','felipe.escalanteguido@ucr.ac.cr','2017-05-03 16:11:13'),(342,'articulos','nombre',112,'Impresora Oficina 211','Impresora','felipe.escalanteguido@ucr.ac.cr','2017-05-03 16:13:07'),(343,'articulos','ubicacionID',112,'8','16','felipe.escalanteguido@ucr.ac.cr','2017-05-03 16:13:17'),(344,'articulos','ubicacionID',246,'18','15','felipe.escalanteguido@ucr.ac.cr','2017-05-03 16:13:59'),(345,'articulos','ubicacionID',159,'11','10','felipe.escalanteguido@ucr.ac.cr','2017-05-03 16:14:42'),(346,'articulos','ubicacionID',170,'10','2','felipe.escalanteguido@ucr.ac.cr','2017-05-03 16:52:40'),(347,'articulos','Otras_caracteristicas',305,'Estación de Tabajo Cubículo 4','Estación de Tabajo Cubículo 3','felipe.escalanteguido@ucr.ac.cr','2017-05-03 17:13:49'),(348,'articulos','estadoID',206,'1','4','felipe.escalanteguido@ucr.ac.cr','2017-05-03 17:29:28'),(349,'articulos','ubicacionID',126,'10','21','felipe.escalanteguido@ucr.ac.cr','2017-05-09 14:30:14'),(350,'articulos','ubicacionID',127,'10','21','felipe.escalanteguido@ucr.ac.cr','2017-05-09 14:30:23'),(351,'articulos','ubicacionID',128,'10','21','felipe.escalanteguido@ucr.ac.cr','2017-05-09 14:30:30'),(352,'articulos','ubicacionID',129,'10','21','felipe.escalanteguido@ucr.ac.cr','2017-05-09 14:30:36'),(353,'articulos','ubicacionID',130,'10','21','felipe.escalanteguido@ucr.ac.cr','2017-05-09 14:30:44'),(354,'articulos','ubicacionID',131,'10','21','felipe.escalanteguido@ucr.ac.cr','2017-05-09 14:30:51'),(355,'articulos','ubicacionID',132,'10','21','felipe.escalanteguido@ucr.ac.cr','2017-05-09 14:30:59'),(356,'articulos','ubicacionID',133,'10','21','felipe.escalanteguido@ucr.ac.cr','2017-05-09 14:31:05'),(357,'articulos','ubicacionID',134,'10','21','felipe.escalanteguido@ucr.ac.cr','2017-05-09 14:31:11'),(358,'articulos','ubicacionID',135,'10','21','felipe.escalanteguido@ucr.ac.cr','2017-05-09 14:31:18'),(359,'articulos','ubicacionID',136,'10','21','felipe.escalanteguido@ucr.ac.cr','2017-05-09 14:31:23'),(360,'articulos','ubicacionID',137,'10','21','felipe.escalanteguido@ucr.ac.cr','2017-05-09 14:31:28'),(361,'articulos','ubicacionID',138,'10','21','felipe.escalanteguido@ucr.ac.cr','2017-05-09 14:31:33'),(362,'articulos','ubicacionID',139,'10','21','felipe.escalanteguido@ucr.ac.cr','2017-05-09 14:31:37'),(363,'articulos','ubicacionID',141,'10','21','felipe.escalanteguido@ucr.ac.cr','2017-05-09 14:31:48'),(364,'articulos','ubicacionID',142,'10','21','felipe.escalanteguido@ucr.ac.cr','2017-05-09 14:31:54'),(365,'articulos','ubicacionID',156,'10','25','felipe.escalanteguido@ucr.ac.cr','2017-05-11 17:11:54'),(366,'articulos','Todas (Articulo agregado)',309,'----','----','felipe.escalanteguido@ucr.ac.cr','2017-05-12 15:19:03'),(367,'articulos','Todas (Articulo agregado)',310,'----','----','felipe.escalanteguido@ucr.ac.cr','2017-05-12 15:19:39'),(368,'articulos','ubicacionID',170,'2','9','felipe.escalanteguido@ucr.ac.cr','2017-05-18 16:32:29'),(369,'articulos','ubicacionID',104,'9','2','felipe.escalanteguido@ucr.ac.cr','2017-05-18 16:32:53'),(370,'articulos','ubicacionID',104,'2','9','felipe.escalanteguido@ucr.ac.cr','2017-05-24 15:52:41'),(371,'articulos','ubicacionID',107,'9','2','felipe.escalanteguido@ucr.ac.cr','2017-05-24 15:53:05'),(372,'articulos','ubicacionID',303,'2','24','felipe.escalanteguido@ucr.ac.cr','2017-05-24 15:54:03'),(373,'articulos','ubicacionID',303,'24','22','felipe.escalanteguido@ucr.ac.cr','2017-05-24 15:56:47'),(374,'articulos','ubicacionID',195,'14','24','felipe.escalanteguido@ucr.ac.cr','2017-06-05 15:09:50'),(375,'articulos','numero_placa',47,'363579','363577','felipe.escalanteguido@ucr.ac.cr','2017-06-05 15:20:26'),(376,'articulos','ubicacionID',121,'8','24','felipe.escalanteguido@ucr.ac.cr','2017-06-05 15:22:46'),(377,'articulos','ubicacionID',195,'24','14','felipe.escalanteguido@ucr.ac.cr','2017-06-05 15:26:01'),(378,'articulos','numero_placa',264,'S/P','372839','felipe.escalanteguido@ucr.ac.cr','2017-06-06 15:12:11'),(379,'articulos','numero_placa',232,'348764','378764','felipe.escalanteguido@ucr.ac.cr','2017-06-06 15:18:30'),(380,'articulos','serie',237,'','5CD5457DFW','felipe.escalanteguido@ucr.ac.cr','2017-06-06 16:28:34'),(381,'articulos','Todas (Articulo agregado)',311,'----','----','felipe.escalanteguido@ucr.ac.cr','2017-06-06 16:33:54'),(382,'articulos','numero_placa',102,'S/P','309910','felipe.escalanteguido@ucr.ac.cr','2017-06-06 16:36:42'),(383,'articulos','numero_placa',156,'S/P','89772','felipe.escalanteguido@ucr.ac.cr','2017-06-06 16:37:21'),(384,'articulos','Todas (Articulo agregado)',312,'----','----','felipe.escalanteguido@ucr.ac.cr','2017-06-06 16:56:45'),(385,'articulos','Todas (Articulo agregado)',313,'----','----','felipe.escalanteguido@ucr.ac.cr','2017-06-06 16:58:35'),(386,'articulos','numero_placa',313,'S/P','287909','felipe.escalanteguido@ucr.ac.cr','2017-06-06 16:59:10'),(387,'articulos','Todas (Articulo agregado)',314,'----','----','felipe.escalanteguido@ucr.ac.cr','2017-06-06 17:09:58'),(388,'articulos','Todas (Articulo agregado)',315,'----','----','felipe.escalanteguido@ucr.ac.cr','2017-06-13 16:42:24'),(389,'articulos','Todas (Articulo agregado)',316,'----','----','felipe.escalanteguido@ucr.ac.cr','2017-06-13 16:43:03'),(390,'articulos','Todas (Articulo agregado)',317,'----','----','felipe.escalanteguido@ucr.ac.cr','2017-06-13 16:43:34'),(391,'articulos','Todas (Articulo agregado)',318,'----','----','felipe.escalanteguido@ucr.ac.cr','2017-06-13 16:44:17'),(392,'articulos','Todas (Articulo agregado)',319,'----','----','felipe.escalanteguido@ucr.ac.cr','2017-06-13 16:58:42'),(393,'articulos','Todas (Articulo agregado)',320,'----','----','felipe.escalanteguido@ucr.ac.cr','2017-06-13 17:01:59'),(394,'articulos','ubicacionID',239,'14','15','felipe.escalanteguido@ucr.ac.cr','2017-06-19 15:33:52'),(395,'articulos','numero_placa',206,'C333900','333900','felipe.escalanteguido@ucr.ac.cr','2017-06-19 17:08:23'),(396,'articulos','Todas (Articulo agregado)',323,'----','----','felipe.escalanteguido@ucr.ac.cr','2017-07-20 16:25:00'),(397,'articulos','Todas (Articulo agregado)',324,'----','----','felipe.escalanteguido@ucr.ac.cr','2017-07-20 16:26:49'),(398,'articulos','Todas (Articulo agregado)',325,'----','----','felipe.escalanteguido@ucr.ac.cr','2017-07-20 16:29:46'),(399,'articulos','Todas (Articulo eliminado)',325,'----','----','felipe.escalanteguido@ucr.ac.cr','2017-07-20 16:32:15'),(400,'articulos','Todas (Articulo agregado)',326,'----','----','felipe.escalanteguido@ucr.ac.cr','2017-07-20 16:33:42'),(401,'articulos','Todas (Articulo agregado)',327,'----','----','felipe.escalanteguido@ucr.ac.cr','2017-07-20 16:35:18'),(402,'articulos','Todas (Articulo eliminado)',327,'----','----','felipe.escalanteguido@ucr.ac.cr','2017-07-20 16:36:27'),(403,'articulos','Todas (Articulo agregado)',328,'----','----','felipe.escalanteguido@ucr.ac.cr','2017-07-20 16:37:09'),(404,'articulos','Todas (Articulo agregado)',329,'----','----','felipe.escalanteguido@ucr.ac.cr','2017-07-20 16:39:24'),(405,'articulos','Todas (Articulo agregado)',330,'----','----','felipe.escalanteguido@ucr.ac.cr','2017-07-20 16:43:21'),(406,'articulos','Todas (Articulo agregado)',331,'----','----','felipe.escalanteguido@ucr.ac.cr','2017-07-20 16:47:04'),(407,'articulos','Todas (Articulo eliminado)',314,'----','----','felipe.escalanteguido@ucr.ac.cr','2017-08-11 16:59:07'),(408,'articulos','ubicacionID',29,'15','10','felipe.escalanteguido@ucr.ac.cr','2017-08-11 17:01:33'),(409,'articulos','ubicacionID',315,'15','10','felipe.escalanteguido@ucr.ac.cr','2017-08-11 17:02:24'),(410,'articulos','ubicacionID',316,'15','10','felipe.escalanteguido@ucr.ac.cr','2017-08-11 17:02:34'),(411,'articulos','ubicacionID',317,'15','3','felipe.escalanteguido@ucr.ac.cr','2017-08-11 17:02:46'),(412,'articulos','ubicacionID',319,'15','21','felipe.escalanteguido@ucr.ac.cr','2017-08-11 17:03:15'),(413,'articulos','ubicacionID',299,'2','10','felipe.escalanteguido@ucr.ac.cr','2017-08-11 17:03:40'),(414,'articulos','ubicacionID',293,'2','10','felipe.escalanteguido@ucr.ac.cr','2017-08-11 17:03:53'),(415,'articulos','ubicacionID',294,'2','10','felipe.escalanteguido@ucr.ac.cr','2017-08-11 17:04:12'),(416,'articulos','nombre',123,'Computadora Biblioteca','Computadora','felipe.escalanteguido@ucr.ac.cr','2017-08-11 17:05:22'),(417,'articulos','Otras_caracteristicas',123,'Computadora Biblioteca','Computadora','felipe.escalanteguido@ucr.ac.cr','2017-08-11 17:05:32'),(418,'articulos','ubicacionID',123,'10','2','felipe.escalanteguido@ucr.ac.cr','2017-08-11 17:05:41'),(419,'articulos','nombre',124,'Monitor Biblioteca','Monitor','felipe.escalanteguido@ucr.ac.cr','2017-08-11 17:05:50'),(420,'articulos','ubicacionID',124,'10','2','felipe.escalanteguido@ucr.ac.cr','2017-08-11 17:05:56'),(421,'articulos','ubicacionID',143,'10','28','felipe.escalanteguido@ucr.ac.cr','2017-08-11 17:17:18'),(422,'articulos','Todas (Articulo agregado)',332,'----','----','felipe.escalanteguido@ucr.ac.cr','2017-08-22 15:06:13'),(423,'articulos','ubicacionID',332,'18','29','felipe.escalanteguido@ucr.ac.cr','2017-08-22 15:06:51'),(424,'articulos','Todas (Articulo agregado)',333,'----','----','felipe.escalanteguido@ucr.ac.cr','2017-08-22 15:31:26'),(425,'articulos','nombre',122,'Proyector Laboratorio','Video Beam Lab','felipe.escalanteguido@ucr.ac.cr','2017-08-22 15:38:18'),(426,'articulos','ubicacionID',81,'6','21','felipe.escalanteguido@ucr.ac.cr','2017-08-25 15:12:22'),(427,'articulos','modelo',331,'M626FDW','M426FDW','felipe.escalanteguido@ucr.ac.cr','2017-09-05 14:02:45'),(428,'articulos','ubicacionID',331,'15','24','felipe.escalanteguido@ucr.ac.cr','2017-09-05 14:02:57'),(429,'articulos','ubicacionID',121,'24','15','felipe.escalanteguido@ucr.ac.cr','2017-09-05 14:03:14'),(430,'articulos','Todas (Articulo agregado)',334,'----','----','felipe.escalanteguido@ucr.ac.cr','2017-10-19 17:47:32'),(431,'articulos','Todas (Articulo agregado)',335,'----','----','felipe.escalanteguido@ucr.ac.cr','2017-10-19 17:47:55'),(432,'articulos','Todas (Articulo agregado)',336,'----','----','felipe.escalanteguido@ucr.ac.cr','2017-10-19 17:48:11'),(433,'articulos','Todas (Articulo agregado)',337,'----','----','felipe.escalanteguido@ucr.ac.cr','2017-10-19 17:48:27'),(434,'articulos','Todas (Articulo agregado)',338,'----','----','felipe.escalanteguido@ucr.ac.cr','2017-10-19 17:49:45'),(435,'articulos','ubicacionID',83,'6','21','felipe.escalanteguido@ucr.ac.cr','2017-10-20 16:21:20'),(436,'articulos','ubicacionID',85,'6','21','felipe.escalanteguido@ucr.ac.cr','2017-10-20 16:21:30'),(437,'articulos','ubicacionID',110,'8','6','felipe.escalanteguido@ucr.ac.cr','2017-10-20 16:21:50'),(438,'articulos','Otras_caracteristicas',332,'32 RAM','32 RAM, Procesador Xeon E5-260','felipe.escalanteguido@ucr.ac.cr','2017-11-30 14:58:50'),(439,'articulos','ubicacionID',20,'3','10','felipe.escalanteguido@ucr.ac.cr','2018-03-06 15:15:55'),(440,'articulos','ubicacionID',21,'3','10','felipe.escalanteguido@ucr.ac.cr','2018-03-06 15:16:07'),(441,'articulos','ubicacionID',334,'15','3','felipe.escalanteguido@ucr.ac.cr','2018-03-06 16:06:00'),(442,'articulos','Todas (Articulo agregado)',340,'----','----','felipe.escalanteguido@ucr.ac.cr','2018-03-06 17:13:32'),(443,'articulos','ubicacionID',338,'16','30','felipe.escalanteguido@ucr.ac.cr','2018-03-08 15:03:38'),(444,'articulos','ubicacionID',340,'15','30','felipe.escalanteguido@ucr.ac.cr','2018-03-08 15:03:59'),(445,'articulos','Otras_caracteristicas',332,'32 RAM, Procesador Xeon E5-260','32 RAM, Procesador Xeon E5-260','felipe.escalanteguido@ucr.ac.cr','2018-03-08 17:08:54'),(446,'articulos','nombre',122,'Video Beam Lab','Video Beam 1','felipe.escalanteguido@ucr.ac.cr','2018-07-03 16:18:50'),(447,'articulos','nombre',233,'Video Beam','Video Beam 2','felipe.escalanteguido@ucr.ac.cr','2018-07-03 16:19:07'),(448,'articulos','nombre',234,'Video Beam 3','Video Beam 5','felipe.escalanteguido@ucr.ac.cr','2018-07-03 16:23:37'),(449,'articulos','nombre',237,'Portátil 8','Portátil 3','felipe.escalanteguido@ucr.ac.cr','2018-07-03 17:27:14'),(450,'articulos','nombre',311,'Portátil 9','Portátil 8','felipe.escalanteguido@ucr.ac.cr','2018-07-03 17:27:57'),(451,'articulos','ubicacionID',192,'14','21','felipe.escalanteguido@ucr.ac.cr','2018-07-12 14:33:39'),(452,'articulos','ubicacionID',272,'22','2','felipe.escalanteguido@ucr.ac.cr','2018-10-31 16:18:48'),(453,'articulos','nombre',11,'Monitor 5','Monitor Rafael','felipe.escalanteguido@ucr.ac.cr','2018-11-01 15:02:08'),(454,'articulos','ubicacionID',11,'2','3','felipe.escalanteguido@ucr.ac.cr','2018-11-01 15:02:13'),(455,'articulos','nombre',13,'Monitor 6','Monitor Alberto','felipe.escalanteguido@ucr.ac.cr','2018-11-01 15:02:41'),(456,'articulos','ubicacionID',13,'2','10','felipe.escalanteguido@ucr.ac.cr','2018-11-01 15:02:48'),(457,'articulos','nombre',17,'Monitor 8','Monitor Samaria','felipe.escalanteguido@ucr.ac.cr','2018-11-01 15:08:43'),(458,'articulos','ubicacionID',17,'2','10','felipe.escalanteguido@ucr.ac.cr','2018-11-01 15:08:48'),(459,'articulos','nombre',107,'Silla de Espera Oficina 212','Silla de Espera','felipe.escalanteguido@ucr.ac.cr','2018-11-01 15:09:46'),(460,'articulos','ubicacionID',107,'2','9','felipe.escalanteguido@ucr.ac.cr','2018-11-01 15:10:06'),(461,'articulos','nombre',23,'Monitor Cubículo 2','Monitor','felipe.escalanteguido@ucr.ac.cr','2018-11-01 15:18:43'),(462,'articulos','ubicacionID',23,'3','21','felipe.escalanteguido@ucr.ac.cr','2018-11-01 15:18:55'),(463,'articulos','nombre',31,'Arturito Oficina 206','Arturito Esteban','felipe.escalanteguido@ucr.ac.cr','2018-11-01 15:19:41'),(464,'articulos','nombre',33,'Pizarra Acrílica Oficina 206','Pizarra Acrílica Esteban','felipe.escalanteguido@ucr.ac.cr','2018-11-01 15:20:03'),(465,'articulos','nombre',27,'Monitor Cubículo 3','Monitor Juanga','felipe.escalanteguido@ucr.ac.cr','2018-11-01 15:20:23'),(466,'articulos','nombre',34,'Silla Ejecutiva Cubículo 1','Silla Ejecutiva Rafael','felipe.escalanteguido@ucr.ac.cr','2018-11-01 15:20:38'),(467,'articulos','nombre',35,'Silla Ejecutiva Cubículo 2','Silla Ejecutiva Esteban','felipe.escalanteguido@ucr.ac.cr','2018-11-01 15:20:45'),(468,'articulos','nombre',36,'Silla Ejecutiva Cubículo 3','Silla Ejecutiva Juanga','felipe.escalanteguido@ucr.ac.cr','2018-11-01 15:21:17'),(469,'articulos','nombre',38,'Silla de espera Oficina 206','Silla de espera','felipe.escalanteguido@ucr.ac.cr','2018-11-01 15:21:23'),(470,'articulos','ubicacionID',38,'3','2','felipe.escalanteguido@ucr.ac.cr','2018-11-01 15:21:29'),(471,'articulos','nombre',53,'Monitor 2 Cubículo 1','Monitor 2 Maikol','felipe.escalanteguido@ucr.ac.cr','2018-11-01 15:22:23'),(472,'articulos','nombre',56,'Silla Ejecutiva Cubículo 1','Silla Ejecutiva Maikol','felipe.escalanteguido@ucr.ac.cr','2018-11-01 15:22:31'),(473,'articulos','nombre',57,'Silla de Espera Cubículo 1','Silla de Espera Maikol','felipe.escalanteguido@ucr.ac.cr','2018-11-01 15:22:40'),(474,'articulos','nombre',64,'Arturito Cubículo 1','Arturito Maikol','felipe.escalanteguido@ucr.ac.cr','2018-11-01 15:22:57'),(475,'articulos','nombre',63,'Arturito Cubículo 2','Arturito Luis','felipe.escalanteguido@ucr.ac.cr','2018-11-01 15:23:05'),(476,'articulos','nombre',56,'Silla Ejecutiva Maikol','Silla Ejecutiva Luis','felipe.escalanteguido@ucr.ac.cr','2018-11-01 15:23:23'),(477,'articulos','nombre',66,'Pizarra Acrílica Cubículo 1','Pizarra Acrílica Maikol','felipe.escalanteguido@ucr.ac.cr','2018-11-01 15:23:43'),(478,'articulos','nombre',67,'Pizarra de Corcho Cubículo 1','Pizarra de Corcho Maikol','felipe.escalanteguido@ucr.ac.cr','2018-11-01 15:23:50'),(479,'articulos','nombre',68,'Pizarra Acrílica Cubículo 2','Pizarra Acrílica Luis','felipe.escalanteguido@ucr.ac.cr','2018-11-01 15:24:15'),(480,'articulos','nombre',70,'Silla Ejecutiva Cubículo 2','Silla Ejecutiva Maikol','felipe.escalanteguido@ucr.ac.cr','2018-11-01 15:49:34'),(481,'articulos','nombre',71,'Silla de Espera Cubículo 2','Silla de Espera','felipe.escalanteguido@ucr.ac.cr','2018-11-01 15:49:49'),(482,'articulos','numero_placa',60,'','S/P','felipe.escalanteguido@ucr.ac.cr','2018-11-01 15:50:14'),(483,'articulos','nombre',60,'Monitor 1 Cubículo 2','Monitor Luis','felipe.escalanteguido@ucr.ac.cr','2018-11-01 15:50:25'),(484,'articulos','ubicacionID',75,'7','14','felipe.escalanteguido@ucr.ac.cr','2018-11-01 15:59:58'),(485,'articulos','ubicacionID',76,'7','14','felipe.escalanteguido@ucr.ac.cr','2018-11-01 16:00:08'),(486,'articulos','nombre',78,'Ventilador Oficina 210','Ventilador Oficina 211','felipe.escalanteguido@ucr.ac.cr','2018-11-01 16:00:35'),(487,'articulos','ubicacionID',78,'7','8','felipe.escalanteguido@ucr.ac.cr','2018-11-01 16:00:41'),(488,'articulos','nombre',120,'Ventilador Oficina 211','Ventilador','felipe.escalanteguido@ucr.ac.cr','2018-11-01 16:13:51'),(489,'articulos','Otras_caracteristicas',120,'Ventilador Oficina 211','Ventilador','felipe.escalanteguido@ucr.ac.cr','2018-11-01 16:13:57'),(490,'articulos','ubicacionID',120,'8','21','felipe.escalanteguido@ucr.ac.cr','2018-11-01 16:14:04'),(491,'articulos','nombre',21,' Monitor Cubículo 1',' Monitor Allan','felipe.escalanteguido@ucr.ac.cr','2018-11-01 16:15:40'),(492,'articulos','nombre',146,'Estantería 3','Estantería','felipe.escalanteguido@ucr.ac.cr','2018-11-01 16:16:04'),(493,'articulos','ubicacionID',146,'10','7','felipe.escalanteguido@ucr.ac.cr','2018-11-01 16:16:08'),(494,'articulos','ubicacionID',149,'10','5','felipe.escalanteguido@ucr.ac.cr','2018-11-01 16:18:41'),(495,'articulos','ubicacionID',150,'10','5','felipe.escalanteguido@ucr.ac.cr','2018-11-01 16:18:51'),(496,'articulos','ubicacionID',153,'10','31','felipe.escalanteguido@ucr.ac.cr','2018-11-01 16:20:31'),(497,'articulos','ubicacionID',157,'10','2','felipe.escalanteguido@ucr.ac.cr','2018-11-01 16:21:04'),(498,'articulos','ubicacionID',159,'10','3','felipe.escalanteguido@ucr.ac.cr','2018-11-01 16:29:02'),(499,'articulos','nombre',168,'Silla Ejecutiva','Silla Ejecutiva Samaria','felipe.escalanteguido@ucr.ac.cr','2018-11-01 16:29:25'),(500,'articulos','ubicacionID',169,'10','2','felipe.escalanteguido@ucr.ac.cr','2018-11-01 16:29:40'),(501,'articulos','nombre',293,'Silla Ejecutiva 1','Silla Ejecutiva Allan','felipe.escalanteguido@ucr.ac.cr','2018-11-01 16:30:01'),(502,'articulos','nombre',294,'Silla Ejecutiva 2','Silla Ejecutiva Alberto','felipe.escalanteguido@ucr.ac.cr','2018-11-01 16:30:19'),(503,'articulos','nombre',299,'Silla Ejecutiva 7','Silla Ejecutiva Samaria','felipe.escalanteguido@ucr.ac.cr','2018-11-01 16:30:48'),(504,'articulos','ubicacionID',308,'10','25','felipe.escalanteguido@ucr.ac.cr','2018-11-01 16:31:08'),(505,'articulos','ubicacionID',308,'25','23','felipe.escalanteguido@ucr.ac.cr','2018-11-01 16:31:28'),(506,'articulos','nombre',315,'Teléfono IP','Teléfono IP Samaria','felipe.escalanteguido@ucr.ac.cr','2018-11-01 16:31:42'),(507,'articulos','nombre',316,'Teléfono IP','Teléfono IP Alberto','felipe.escalanteguido@ucr.ac.cr','2018-11-01 16:31:57'),(508,'articulos','ubicacionID',201,'14','7','felipe.escalanteguido@ucr.ac.cr','2018-11-01 16:44:27'),(509,'articulos','ubicacionID',214,'15','12','felipe.escalanteguido@ucr.ac.cr','2018-11-01 16:47:31'),(510,'articulos','nombre',317,'Teléfono IP','Teléfono IP Rafael','felipe.escalanteguido@ucr.ac.cr','2018-11-01 16:56:03'),(511,'articulos','estadoID',317,'3','1','felipe.escalanteguido@ucr.ac.cr','2018-11-01 16:56:06'),(512,'articulos','estadoID',316,'3','1','felipe.escalanteguido@ucr.ac.cr','2018-11-01 16:56:10'),(513,'articulos','estadoID',315,'3','1','felipe.escalanteguido@ucr.ac.cr','2018-11-01 16:56:13'),(514,'articulos','ubicacionID',148,'10','31','felipe.escalanteguido@ucr.ac.cr','2018-11-01 17:19:11'),(515,'articulos','ubicacionID',125,'10','28','felipe.escalanteguido@ucr.ac.cr','2018-11-01 17:20:05'),(516,'articulos','ubicacionID',292,'13','24','felipe.escalanteguido@ucr.ac.cr','2018-11-01 17:20:19'),(517,'articulos','ubicacionID',313,'2','12','felipe.escalanteguido@ucr.ac.cr','2018-11-09 17:23:42'),(518,'articulos','ubicacionID',333,'27','15','felipe.escalanteguido@ucr.ac.cr','2018-11-09 17:24:18'),(519,'articulos','ubicacionID',110,'6','8','felipe.escalanteguido@ucr.ac.cr','2018-11-09 17:24:57'),(520,'articulos','nombre',55,'Teléfono IP','Teléfono IP Maikol','felipe.escalanteguido@ucr.ac.cr','2018-11-09 17:27:22'),(521,'articulos','nombre',20,'Computadora Cubículo 1','Computadora Allan','felipe.escalanteguido@ucr.ac.cr','2018-11-12 17:02:47'),(522,'articulos','nombre',61,'Teléfono IP','Teléfono IP Luis','felipe.escalanteguido@ucr.ac.cr','2018-11-12 17:10:12'),(523,'articulos','nombre',234,'Video Beam 5','Video Beam 3','felipe.escalanteguido@ucr.ac.cr','2018-11-12 17:21:44'),(524,'articulos','nombre',234,'Video Beam 3','Video Beam 5','felipe.escalanteguido@ucr.ac.cr','2018-11-12 17:21:50'),(525,'articulos','nombre',32,'Estantería Oficina 206','Estantería Rafael','felipe.escalanteguido@ucr.ac.cr','2018-11-12 17:24:22'),(526,'articulos','ubicacionID',213,'15','12','felipe.escalanteguido@ucr.ac.cr','2018-11-12 17:29:02'),(527,'articulos','nombre',59,'Computadora Cubículo 2','Computadora Luis','felipe.escalanteguido@ucr.ac.cr','2018-11-12 17:31:26'),(528,'articulos','nombre',51,'Computadora Cubículo 1','Computadora Maikol','felipe.escalanteguido@ucr.ac.cr','2018-11-12 17:32:02'),(529,'articulos','ubicacionID',22,'3','21','felipe.escalanteguido@ucr.ac.cr','2018-11-12 17:34:24'),(530,'articulos','nombre',16,'Computadora 8','Computadora Alberto','felipe.escalanteguido@ucr.ac.cr','2018-11-12 17:36:05'),(531,'articulos','ubicacionID',16,'2','10','felipe.escalanteguido@ucr.ac.cr','2018-11-12 17:36:11'),(532,'articulos','nombre',10,'Computadora 5','Computadora Rafael','felipe.escalanteguido@ucr.ac.cr','2018-11-12 17:36:41'),(533,'articulos','ubicacionID',10,'2','3','felipe.escalanteguido@ucr.ac.cr','2018-11-12 17:36:46'),(534,'articulos','ubicacionID',12,'2','10','felipe.escalanteguido@ucr.ac.cr','2018-11-12 17:36:57'),(535,'articulos','nombre',12,'Computadora 6','Computadora Samaria','felipe.escalanteguido@ucr.ac.cr','2018-11-12 17:37:05'),(536,'articulos','ubicacionID',140,'10','5','felipe.escalanteguido@ucr.ac.cr','2018-11-12 17:39:32'),(537,'articulos','ubicacionID',29,'10','15','felipe.escalanteguido@ucr.ac.cr','2018-11-13 14:23:40'),(538,'articulos','ubicacionID',337,'15','6','felipe.escalanteguido@ucr.ac.cr','2018-11-20 14:39:50'),(539,'articulos','ubicacionID',338,'30','32','felipe.escalanteguido@ucr.ac.cr','2018-11-20 14:41:05'),(540,'articulos','ubicacionID',340,'30','32','felipe.escalanteguido@ucr.ac.cr','2018-11-20 14:41:10'),(541,'articulos','Todas (Articulo agregado)',341,'----','----','felipe.escalanteguido@ucr.ac.cr','2018-11-20 14:59:22'),(542,'articulos','nombre',340,'Monitor','Monitor Carlos Montalto','felipe.escalanteguido@ucr.ac.cr','2018-11-20 14:59:39'),(543,'articulos','Todas (Articulo agregado)',342,'----','----','felipe.escalanteguido@ucr.ac.cr','2018-11-20 15:28:35'),(544,'articulos','Todas (Articulo agregado)',343,'----','----','felipe.escalanteguido@ucr.ac.cr','2018-11-20 15:28:42'),(545,'articulos','Todas (Articulo agregado)',344,'----','----','felipe.escalanteguido@ucr.ac.cr','2018-11-20 15:31:12'),(546,'articulos','Todas (Articulo agregado)',345,'----','----','felipe.escalanteguido@ucr.ac.cr','2018-11-20 15:38:55'),(547,'articulos','Todas (Articulo agregado)',349,'----','----','felipe.escalanteguido@ucr.ac.cr','2018-11-20 15:44:39'),(548,'articulos','nombre',349,'Monitor','Monitor Mari','felipe.escalanteguido@ucr.ac.cr','2018-11-20 15:44:53'),(549,'articulos','Todas (Articulo agregado)',350,'----','----','felipe.escalanteguido@ucr.ac.cr','2018-11-20 16:08:07'),(550,'articulos','Todas (Articulo agregado)',351,'----','----','felipe.escalanteguido@ucr.ac.cr','2018-11-20 16:10:24'),(551,'articulos','Todas (Articulo agregado)',352,'----','----','felipe.escalanteguido@ucr.ac.cr','2018-11-20 16:11:23'),(552,'articulos','Todas (Articulo agregado)',353,'----','----','felipe.escalanteguido@ucr.ac.cr','2018-11-20 16:12:25'),(553,'articulos','Todas (Articulo agregado)',354,'----','----','felipe.escalanteguido@ucr.ac.cr','2018-11-20 17:20:31'),(554,'articulos','Todas (Articulo agregado)',355,'----','----','felipe.escalanteguido@ucr.ac.cr','2018-11-20 17:21:24'),(555,'articulos','serie',355,'7WK9LC2','59G2KC2','felipe.escalanteguido@ucr.ac.cr','2018-11-20 17:22:10'),(556,'articulos','numero_placa',178,'S/P','382157','felipe.escalanteguido@ucr.ac.cr','2018-11-20 17:30:04'),(557,'articulos','categoriaID',122,'4','7','felipe.escalanteguido@ucr.ac.cr','2018-11-20 17:37:19'),(558,'articulos','Todas (Articulo agregado)',356,'----','----','felipe.escalanteguido@ucr.ac.cr','2018-11-20 17:37:29'),(559,'articulos','ubicacionID',144,'10','21','felipe.escalanteguido@ucr.ac.cr','2018-11-20 17:38:24'),(560,'articulos','Todas (Articulo agregado)',357,'----','----','felipe.escalanteguido@ucr.ac.cr','2018-11-21 15:27:58'),(561,'articulos','Todas (Articulo agregado)',358,'----','----','felipe.escalanteguido@ucr.ac.cr','2018-11-21 16:00:48'),(562,'articulos','ubicacionID',158,'10','5','felipe.escalanteguido@ucr.ac.cr','2018-11-21 16:05:51'),(563,'articulos','nombre',338,'Computadora','Computadora Carlos Montalto','felipe.escalanteguido@ucr.ac.cr','2018-11-21 16:08:12'),(564,'articulos','Todas (Articulo agregado)',359,'----','----','felipe.escalanteguido@ucr.ac.cr','2018-11-21 16:12:37'),(565,'articulos','Todas (Articulo agregado)',360,'----','----','felipe.escalanteguido@ucr.ac.cr','2018-11-21 16:16:40'),(566,'articulos','Todas (Articulo agregado)',361,'----','----','felipe.escalanteguido@ucr.ac.cr','2018-11-21 16:17:29'),(567,'articulos','Todas (Articulo agregado)',362,'----','----','felipe.escalanteguido@ucr.ac.cr','2018-11-21 16:23:02'),(568,'articulos','Todas (Articulo agregado)',363,'----','----','felipe.escalanteguido@ucr.ac.cr','2018-11-21 16:34:37'),(569,'articulos','Todas (Articulo agregado)',364,'----','----','felipe.escalanteguido@ucr.ac.cr','2018-11-21 16:50:42'),(570,'articulos','numero_placa',357,'40196','401196','felipe.escalanteguido@ucr.ac.cr','2018-11-22 17:00:44'),(571,'articulos','Todas (Articulo agregado)',365,'----','----','felipe.escalanteguido@ucr.ac.cr','2018-11-22 17:02:29'),(572,'articulos','Todas (Articulo agregado)',366,'----','----','felipe.escalanteguido@ucr.ac.cr','2018-11-22 17:03:35'),(573,'articulos','Todas (Articulo agregado)',367,'----','----','felipe.escalanteguido@ucr.ac.cr','2018-11-22 17:15:00'),(574,'articulos','nombre',334,'Computadora','Computadora Esteban','felipe.escalanteguido@ucr.ac.cr','2018-11-28 14:54:34'),(575,'articulos','Todas (Articulo eliminado)',352,'----','----','felipe.escalanteguido@ucr.ac.cr','2018-11-28 14:57:24'),(576,'articulos','ubicacionID',357,'19','22','felipe.escalanteguido@ucr.ac.cr','2018-11-28 14:58:40'),(577,'articulos','estadoID',357,'2','1','felipe.escalanteguido@ucr.ac.cr','2018-11-28 14:58:46'),(578,'articulos','Todas (Articulo agregado)',368,'----','----','felipe.escalanteguido@ucr.ac.cr','2018-11-28 15:34:54'),(579,'articulos','nombre',368,'Disco Duro Externo Maro','Disco Duro Externo Mari','felipe.escalanteguido@ucr.ac.cr','2018-11-28 15:35:15'),(580,'articulos','nombre',354,'Portátil','Portátil 9','felipe.escalanteguido@ucr.ac.cr','2018-11-30 17:50:46'),(581,'articulos','ubicacionID',98,'9','2','felipe.escalanteguido@ucr.ac.cr','2018-12-18 17:02:01'),(582,'articulos','nombre',98,'Computadora 3 Oficina 212','Computadora','felipe.escalanteguido@ucr.ac.cr','2018-12-18 17:02:08'),(583,'articulos','ubicacionID',96,'9','2','felipe.escalanteguido@ucr.ac.cr','2018-12-18 17:02:20'),(584,'articulos','nombre',96,'Computadora 2 Oficina 212','Computadora','felipe.escalanteguido@ucr.ac.cr','2018-12-18 17:02:25'),(585,'articulos','ubicacionID',164,'12','2','felipe.escalanteguido@ucr.ac.cr','2018-12-18 17:02:39'),(586,'articulos','nombre',164,'Monitor 2','Monitor','felipe.escalanteguido@ucr.ac.cr','2018-12-18 17:02:44'),(587,'articulos','ubicacionID',173,'12','2','felipe.escalanteguido@ucr.ac.cr','2018-12-18 17:02:52'),(588,'articulos','ubicacionID',16,'10','21','felipe.escalanteguido@ucr.ac.cr','2019-01-08 16:55:30'),(589,'articulos','nombre',13,'Monitor Alberto','Monitor Samaria','felipe.escalanteguido@ucr.ac.cr','2019-01-08 16:56:13'),(590,'articulos','nombre',17,'Monitor Samaria','Monitor Alberto','felipe.escalanteguido@ucr.ac.cr','2019-01-08 16:56:20'),(591,'articulos','ubicacionID',17,'10','21','felipe.escalanteguido@ucr.ac.cr','2019-01-08 16:56:31'),(592,'articulos','numero_placa',364,'S/P','401687','felipe.escalanteguido@ucr.ac.cr','2019-03-11 17:16:20'),(593,'articulos','ubicacionID',337,'6','21','felipe.escalanteguido@ucr.ac.cr','2019-04-29 16:51:12'),(594,'articulos','ubicacionID',345,'6','21','felipe.escalanteguido@ucr.ac.cr','2019-04-29 16:51:26'),(595,'articulos','ubicacionID',313,'12','21','felipe.escalanteguido@ucr.ac.cr','2019-04-29 16:51:58'),(596,'articulos','ubicacionID',313,'21','17','felipe.escalanteguido@ucr.ac.cr','2019-04-29 16:52:03'),(597,'articulos','ubicacionID',313,'17','28','felipe.escalanteguido@ucr.ac.cr','2019-04-29 16:52:13'),(598,'articulos','ubicacionID',165,'12','28','felipe.escalanteguido@ucr.ac.cr','2019-04-29 16:52:32'),(599,'articulos','ubicacionID',166,'12','28','felipe.escalanteguido@ucr.ac.cr','2019-04-29 16:52:41'),(600,'articulos','Todas (Articulo agregado)',369,'----','----','felipe.escalanteguido@ucr.ac.cr','2019-05-02 16:50:18'),(601,'articulos','Todas (Articulo agregado)',370,'----','----','felipe.escalanteguido@ucr.ac.cr','2019-05-02 16:51:21'),(602,'articulos','modelo',369,'iMac','iMac A1418','felipe.escalanteguido@ucr.ac.cr','2019-05-02 17:12:09'),(603,'articulos','Otras_caracteristicas',369,'',' 21.5 pulgadas','felipe.escalanteguido@ucr.ac.cr','2019-05-02 17:12:27'),(604,'articulos','Otras_caracteristicas',369,' 21.5 pulgadas',' 21.5 pulgadas, 8 GB','felipe.escalanteguido@ucr.ac.cr','2019-05-02 17:12:38'),(605,'articulos','Otras_caracteristicas',369,' 21.5 pulgadas, 8 GB',' 21.5 pulgadas, 8 GB, Core i5-','felipe.escalanteguido@ucr.ac.cr','2019-05-02 17:12:59'),(606,'articulos','Otras_caracteristicas',369,' 21.5 pulgadas, 8 GB, Core i5-',' 21.5 pulgadas, 8 GB, Core i5-','felipe.escalanteguido@ucr.ac.cr','2019-05-02 17:13:17'),(607,'articulos','Otras_caracteristicas',369,' 21.5 pulgadas, 8 GB, Core i5-',' 21.5 pulgadas, 8 GB, Core i5-','felipe.escalanteguido@ucr.ac.cr','2019-05-02 17:13:23'),(608,'articulos','ubicacionID',241,'15','21','felipe.escalanteguido@ucr.ac.cr','2019-05-22 17:12:21'),(609,'articulos','ubicacionID',367,'4','29','felipe.escalanteguido@ucr.ac.cr','2019-05-23 14:52:32'),(610,'articulos','nombre',361,'Disco Duro Externo','Disco Duro Externo Juanga','felipe.escalanteguido@ucr.ac.cr','2019-05-23 16:55:40'),(611,'articulos','nombre',359,'Disco Duro Externo','Disco Duro Externo Milena','felipe.escalanteguido@ucr.ac.cr','2019-05-23 16:58:34'),(612,'articulos','nombre',360,'Disco Duro Externo','Disco Duro Externo Felipe','felipe.escalanteguido@ucr.ac.cr','2019-05-23 17:03:11'),(613,'articulos','ubicacionID',360,'16','12','felipe.escalanteguido@ucr.ac.cr','2019-05-23 17:03:27'),(614,'articulos','nombre',362,'Disco Duro Externo','Disco Duro Externo Fabio','felipe.escalanteguido@ucr.ac.cr','2019-05-23 17:04:51'),(615,'articulos','Todas (Articulo agregado)',371,'----','----','felipe.escalanteguido@ucr.ac.cr','2019-05-24 15:07:07'),(616,'articulos','Todas (Articulo agregado)',372,'----','----','felipe.escalanteguido@ucr.ac.cr','2019-05-24 15:11:19'),(617,'articulos','Todas (Articulo agregado)',373,'----','----','felipe.escalanteguido@ucr.ac.cr','2019-05-24 15:14:42'),(618,'articulos','Todas (Articulo agregado)',375,'----','----','felipe.escalanteguido@ucr.ac.cr','2019-05-24 15:23:30'),(619,'articulos','nombre',371,'Disco Duro Externo','Disco Duro Externo Maikol','felipe.escalanteguido@ucr.ac.cr','2019-05-24 15:23:46'),(620,'articulos','nombre',373,'Disco Duro Externo','Disco Duro Externo Fabio','felipe.escalanteguido@ucr.ac.cr','2019-05-24 15:24:08'),(621,'articulos','ubicacionID',320,'15','9','felipe.escalanteguido@ucr.ac.cr','2019-05-24 15:30:23'),(622,'articulos','nombre',320,'Tablet','Tablet Mario','felipe.escalanteguido@ucr.ac.cr','2019-05-24 15:30:29'),(623,'articulos','nombre',369,'Computadora','Computadora Fabio','felipe.escalanteguido@ucr.ac.cr','2019-05-24 15:36:41'),(624,'articulos','nombre',370,'Computadora Portátil','Computadora Portátil Fabio','felipe.escalanteguido@ucr.ac.cr','2019-05-24 15:36:47'),(625,'articulos','ubicacionID',263,'22','19','felipe.escalanteguido@ucr.ac.cr','2019-05-24 15:41:13'),(626,'articulos','ubicacionID',349,'14','19','felipe.escalanteguido@ucr.ac.cr','2019-05-24 15:43:00'),(627,'articulos','nombre',349,'Monitor Mari','Monitor','felipe.escalanteguido@ucr.ac.cr','2019-05-24 15:43:00'),(628,'articulos','ubicacionID',30,'3','15','felipe.escalanteguido@ucr.ac.cr','2019-05-24 16:06:47'),(629,'articulos','ubicacionID',122,'2','15','felipe.escalanteguido@ucr.ac.cr','2019-05-24 16:07:07'),(630,'articulos','ubicacionID',319,'21','15','felipe.escalanteguido@ucr.ac.cr','2019-05-24 16:07:16'),(631,'articulos','ubicacionID',349,'19','15','felipe.escalanteguido@ucr.ac.cr','2019-05-24 16:07:28'),(632,'articulos','nombre',349,'Monitor','Monitor Mari','felipe.escalanteguido@ucr.ac.cr','2019-05-24 16:08:23'),(633,'articulos','ubicacionID',351,'14','15','felipe.escalanteguido@ucr.ac.cr','2019-05-24 16:08:34'),(634,'articulos','ubicacionID',155,'10','18','felipe.escalanteguido@ucr.ac.cr','2019-05-24 16:10:41'),(635,'articulos','ubicacionID',226,'15','18','felipe.escalanteguido@ucr.ac.cr','2019-05-24 16:11:40'),(636,'articulos','ubicacionID',154,'10','19','felipe.escalanteguido@ucr.ac.cr','2019-05-24 16:13:29'),(637,'articulos','ubicacionID',319,'15','5','felipe.escalanteguido@ucr.ac.cr','2019-05-24 16:14:23'),(638,'articulos','ubicacionID',212,'15','21','felipe.escalanteguido@ucr.ac.cr','2019-05-24 16:15:05'),(639,'articulos','Todas (Articulo agregado)',376,'----','----','felipe.escalanteguido@ucr.ac.cr','2019-05-27 14:53:37'),(640,'articulos','Todas (Articulo eliminado)',376,'----','----','felipe.escalanteguido@ucr.ac.cr','2019-05-27 15:00:59'),(641,'articulos','nombre',371,'Disco Duro Externo Maikol','Disco Duro Externo','felipe.escalanteguido@ucr.ac.cr','2019-05-27 15:01:14'),(642,'articulos','serie',371,'HDTB310XK3AA','26OLP7IVTSX3','felipe.escalanteguido@ucr.ac.cr','2019-05-27 15:01:37'),(643,'articulos','ubicacionID',371,'4','15','felipe.escalanteguido@ucr.ac.cr','2019-05-27 15:01:42'),(644,'articulos','Todas (Articulo agregado)',377,'----','----','felipe.escalanteguido@ucr.ac.cr','2019-05-27 15:10:57'),(645,'articulos','nombre',371,'Disco Duro Externo','Disco Duro Externo Jessi','felipe.escalanteguido@ucr.ac.cr','2019-06-06 16:44:47'),(646,'articulos','serie',369,'','D25XR1ZPJ1G9','felipe.escalanteguido@ucr.ac.cr','2019-06-25 15:51:44'),(647,'articulos','ubicacionID',221,'15','18','felipe.escalanteguido@ucr.ac.cr','2020-11-03 15:30:43'),(648,'articulos','nombre',228,'Portátil 2','Portátil 8','felipe.escalanteguido@ucr.ac.cr','2020-11-03 15:35:57'),(649,'articulos','ubicacionID',333,'15','24','felipe.escalanteguido@ucr.ac.cr','2020-11-03 15:40:38'),(650,'articulos','nombre',230,'Portátil 5','Portátil 9','felipe.escalanteguido@ucr.ac.cr','2020-11-03 15:51:00'),(651,'articulos','nombre',89,'Teléfono IP','Teléfono IP Fabio','felipe.escalanteguido@ucr.ac.cr','2020-11-03 15:57:00'),(652,'articulos','nombre',112,'Impresora','Impresora Revista','felipe.escalanteguido@ucr.ac.cr','2020-11-03 15:58:46'),(653,'articulos','nombre',205,'Monitor','Monitor Juli','felipe.escalanteguido@ucr.ac.cr','2020-11-03 16:01:58'),(654,'articulos','nombre',52,'Monitor  1 Cubículo 1','Monitor  1 Maikol','felipe.escalanteguido@ucr.ac.cr','2020-11-03 16:02:58'),(655,'articulos','nombre',111,'Teléfono IP','Teléfono IP Alexander R','felipe.escalanteguido@ucr.ac.cr','2020-11-03 16:05:51'),(656,'articulos','nombre',28,'Teléfono Cubículo 3','Teléfono IP Juanga','felipe.escalanteguido@ucr.ac.cr','2020-11-03 16:06:19'),(657,'articulos','nombre',24,'Teléfono Cubículo 2','Teléfono IP Esteban','felipe.escalanteguido@ucr.ac.cr','2020-11-03 16:06:33'),(658,'articulos','nombre',245,'Teléfono IP','Teléfono IP Jess','felipe.escalanteguido@ucr.ac.cr','2020-11-03 16:06:43'),(659,'articulos','nombre',74,'Teléfono IP','Teléfono IP Ronald','felipe.escalanteguido@ucr.ac.cr','2020-11-03 16:06:53'),(660,'articulos','nombre',99,'Teléfono IP','Teléfono IP Mario','felipe.escalanteguido@ucr.ac.cr','2020-11-03 16:07:03'),(661,'articulos','ubicacionID',319,'5','15','felipe.escalanteguido@ucr.ac.cr','2020-11-03 16:07:39'),(662,'articulos','nombre',97,'Monitor 2 Oficina 212','Monitor 2 Mario','felipe.escalanteguido@ucr.ac.cr','2020-11-03 16:08:15'),(663,'articulos','nombre',196,'Estación de Trabajo','Estación de Trabajo Dirección','felipe.escalanteguido@ucr.ac.cr','2020-11-03 16:08:59'),(664,'articulos','nombre',249,'Estación de Trabajo','Estación de Trabajo Jess','felipe.escalanteguido@ucr.ac.cr','2020-11-03 16:09:25'),(665,'articulos','nombre',219,'Estación de Trabajo','Estación de Trabajo Mari','felipe.escalanteguido@ucr.ac.cr','2020-11-03 16:09:38'),(666,'articulos','nombre',207,'Estación de Trabajo','Estación de Trabajo Juli','felipe.escalanteguido@ucr.ac.cr','2020-11-03 16:09:49'),(667,'articulos','nombre',175,'Estación de Trabajo','Estación de Trabajo Feli','felipe.escalanteguido@ucr.ac.cr','2020-11-03 16:10:09'),(668,'articulos','nombre',307,'Estación de Tabajo Cubículo 1','Estación de Tabajo Alexander R','felipe.escalanteguido@ucr.ac.cr','2020-11-03 16:10:32'),(669,'articulos','nombre',306,'Estación de Tabajo Cubículo 2','Estación de Tabajo Mario','felipe.escalanteguido@ucr.ac.cr','2020-11-03 16:10:42'),(670,'articulos','nombre',101,'Estantería 1 Oficina 212','Estantería 1 Mario','felipe.escalanteguido@ucr.ac.cr','2020-11-03 16:10:56'),(671,'articulos','nombre',305,'Estación de Tabajo Cubículo 3','Estación de Tabajo Fabio','felipe.escalanteguido@ucr.ac.cr','2020-11-03 16:11:08'),(672,'articulos','nombre',87,'Estantería 1 Oficina 209','Estantería 1 Fabio','felipe.escalanteguido@ucr.ac.cr','2020-11-03 16:11:16'),(673,'articulos','nombre',304,'Estación de Tabajo Cubículo 4','Estación de Tabajo Ronald','felipe.escalanteguido@ucr.ac.cr','2020-11-03 16:11:25'),(674,'articulos','nombre',54,'Estación de Trabajo Cubículo 1','Estación de Trabajo Luis B','felipe.escalanteguido@ucr.ac.cr','2020-11-03 16:11:58'),(675,'articulos','nombre',62,'Estación de Trabajo Cubículo 2','Estación de Trabajo Maikol','felipe.escalanteguido@ucr.ac.cr','2020-11-03 16:12:59'),(676,'articulos','nombre',65,'Estantería Cubículo 2','Estantería Luis B.','felipe.escalanteguido@ucr.ac.cr','2020-11-03 16:13:40'),(677,'articulos','nombre',58,'Estantería Cubículo 1','Estantería Maikol','felipe.escalanteguido@ucr.ac.cr','2020-11-03 16:13:53'),(678,'articulos','nombre',30,'Estación de Trabajo Cubículo 1','Estación de Trabajo Rafa','felipe.escalanteguido@ucr.ac.cr','2020-11-03 16:14:33'),(679,'articulos','nombre',243,'Computadora','Computadora Jess','felipe.escalanteguido@ucr.ac.cr','2020-11-03 16:15:51'),(680,'articulos','nombre',204,'Computadora','Computadora Juli','felipe.escalanteguido@ucr.ac.cr','2020-11-03 16:16:04'),(681,'articulos','estadoID',213,'1','3','felipe.escalanteguido@ucr.ac.cr','2020-11-03 16:16:50'),(682,'articulos','nombre',108,'Computadora 1 Oficina 211','Computadora 1 Alexander R','felipe.escalanteguido@ucr.ac.cr','2020-11-03 16:17:10'),(683,'articulos','nombre',108,'Computadora 1 Alexander R','Computadora Alexander R','felipe.escalanteguido@ucr.ac.cr','2020-11-03 16:17:19'),(684,'articulos','ubicacionID',192,'21','15','felipe.escalanteguido@ucr.ac.cr','2020-11-03 16:17:42'),(685,'articulos','nombre',121,'Impresora Pasillo','Impresora','felipe.escalanteguido@ucr.ac.cr','2020-11-03 16:18:21'),(686,'articulos','numero_placa',50,'372737','369912','felipe.escalanteguido@ucr.ac.cr','2020-11-03 16:19:43'),(687,'articulos','estadoID',171,'1','3','felipe.escalanteguido@ucr.ac.cr','2020-11-03 16:23:27'),(688,'articulos','estadoID',83,'1','3','felipe.escalanteguido@ucr.ac.cr','2020-11-03 16:24:03'),(689,'articulos','nombre',83,'Computadora Oficina 209','Computadora','felipe.escalanteguido@ucr.ac.cr','2020-11-03 16:24:10'),(690,'articulos','nombre',26,'Computadora Cubículo 3','Computadora Juanga','felipe.escalanteguido@ucr.ac.cr','2020-11-03 16:24:32'),(691,'articulos','nombre',232,'Portátil 7','Portátil 4','felipe.escalanteguido@ucr.ac.cr','2020-11-03 16:25:04'),(692,'articulos','nombre',237,'Portátil 3','Portátil 2','felipe.escalanteguido@ucr.ac.cr','2020-11-03 16:25:16'),(693,'articulos','nombre',94,'Computadora 1 Oficina 212','Computadora Mario','felipe.escalanteguido@ucr.ac.cr','2020-11-03 16:26:06'),(694,'articulos','ubicacionID',212,'21','2','felipe.escalanteguido@ucr.ac.cr','2020-11-03 16:26:22'),(695,'articulos','ubicacionID',22,'21','2','felipe.escalanteguido@ucr.ac.cr','2020-11-03 16:27:16'),(696,'articulos','nombre',22,'Computadora Cubículo 2','Computadora','felipe.escalanteguido@ucr.ac.cr','2020-11-03 16:27:23'),(697,'articulos','nombre',162,'Computadora','Computadora Feli','felipe.escalanteguido@ucr.ac.cr','2020-11-03 16:27:39'),(698,'articulos','nombre',354,'Portátil 9','Portátil 5','felipe.escalanteguido@ucr.ac.cr','2020-11-03 16:28:04'),(699,'articulos','nombre',355,'Portátil','Portátil 6','felipe.escalanteguido@ucr.ac.cr','2020-11-03 16:28:24'),(700,'articulos','nombre',16,'Computadora Alberto','Computadora','felipe.escalanteguido@ucr.ac.cr','2020-11-03 16:28:52'),(701,'articulos','ubicacionID',16,'21','2','felipe.escalanteguido@ucr.ac.cr','2020-11-03 16:28:57'),(702,'articulos','nombre',72,'Computadora Oficina 210','Computadora Ronald','felipe.escalanteguido@ucr.ac.cr','2020-11-03 16:30:06'),(703,'articulos','ubicacionID',335,'15','8','felipe.escalanteguido@ucr.ac.cr','2020-11-03 16:32:56'),(704,'articulos','nombre',356,'Video Beam','Video Beam 3','felipe.escalanteguido@ucr.ac.cr','2020-11-03 16:38:37'),(705,'articulos','nombre',22,'Computadora','Computadora 1','felipe.escalanteguido@ucr.ac.cr','2020-11-05 15:39:35'),(706,'articulos','ubicacionID',85,'21','2','felipe.escalanteguido@ucr.ac.cr','2020-11-05 15:41:29'),(707,'articulos','nombre',85,'Monitor 2 Oficina 209','Monitor 1','felipe.escalanteguido@ucr.ac.cr','2020-11-05 15:41:42'),(708,'articulos','nombre',16,'Computadora','Computadora 2','felipe.escalanteguido@ucr.ac.cr','2020-11-05 15:42:45'),(709,'articulos','nombre',17,'Monitor Alberto','Monitor 2','felipe.escalanteguido@ucr.ac.cr','2020-11-05 15:43:35'),(710,'articulos','ubicacionID',17,'21','2','felipe.escalanteguido@ucr.ac.cr','2020-11-05 15:43:41'),(711,'articulos','nombre',212,'Computadora','Computadora 5','felipe.escalanteguido@ucr.ac.cr','2020-11-05 15:46:59'),(712,'articulos','nombre',23,'Monitor','Monitor 5','felipe.escalanteguido@ucr.ac.cr','2020-11-05 15:47:17'),(713,'articulos','ubicacionID',23,'21','2','felipe.escalanteguido@ucr.ac.cr','2020-11-05 15:47:21'),(714,'articulos','nombre',123,'Computadora','Computadora 6','felipe.escalanteguido@ucr.ac.cr','2020-11-05 15:48:30'),(715,'articulos','nombre',124,'Monitor','Monitor 6','felipe.escalanteguido@ucr.ac.cr','2020-11-05 15:48:40'),(716,'articulos','nombre',98,'Computadora','Computadora 8','felipe.escalanteguido@ucr.ac.cr','2020-11-05 15:49:43'),(717,'articulos','nombre',164,'Monitor','Monitor 8','felipe.escalanteguido@ucr.ac.cr','2020-11-05 15:49:55'),(718,'articulos','nombre',96,'Computadora','Computadora 10','felipe.escalanteguido@ucr.ac.cr','2020-11-05 15:50:57'),(719,'articulos','nombre',173,'Monitor','Monitor 10','felipe.escalanteguido@ucr.ac.cr','2020-11-05 15:51:06'),(720,'articulos','ubicacionID',30,'15','3','felipe.escalanteguido@ucr.ac.cr','2020-11-05 15:53:25'),(721,'articulos','nombre',30,'Estación de Trabajo Rafa','Estación de Trabajo','felipe.escalanteguido@ucr.ac.cr','2020-11-05 15:54:08'),(722,'articulos','Todas (Articulo agregado)',378,'----','----','felipe.escalanteguido@ucr.ac.cr','2020-11-05 16:01:03'),(723,'articulos','ubicacionID',333,'24','15','felipe.escalanteguido@ucr.ac.cr','2020-11-05 16:31:01'),(724,'articulos','nombre',332,'Servidor CI','Servidor CI gauss','felipe.escalanteguido@ucr.ac.cr','2021-04-21 16:12:26'),(725,'articulos','Otras_caracteristicas',367,'Intel® Xeon, DDR$,','Intel® Xeon, DDR$, Ubicación U','felipe.escalanteguido@ucr.ac.cr','2021-06-15 16:41:52'),(726,'articulos','nombre',367,'Servidor de Rack','Servidor CI Aedes','felipe.escalanteguido@ucr.ac.cr','2021-06-15 16:42:40'),(727,'articulos','Todas (Articulo agregado)',379,'----','----','felipe.escalanteguido@ucr.ac.cr','2021-06-15 16:44:12'),(728,'articulos','Otras_caracteristicas',367,'Intel® Xeon, DDR$, Ubicación U','Intel® Xeon, DDR$, Fila C rack','felipe.escalanteguido@ucr.ac.cr','2021-06-15 16:45:02'),(729,'articulos','Todas (Articulo agregado)',380,'----','----','felipe.escalanteguido@ucr.ac.cr','2021-06-15 16:46:25'),(730,'articulos','Todas (Articulo agregado)',381,'----','----','felipe.escalanteguido@ucr.ac.cr','2021-06-16 17:02:04'),(731,'articulos','Todas (Articulo agregado)',382,'----','----','felipe.escalanteguido@ucr.ac.cr','2021-06-16 17:14:39'),(732,'articulos','Todas (Articulo agregado)',383,'----','----','felipe.escalanteguido@ucr.ac.cr','2021-06-16 17:16:01'),(733,'articulos','Todas (Articulo agregado)',384,'----','----','felipe.escalanteguido@ucr.ac.cr','2021-06-16 17:17:34'),(734,'articulos','Todas (Articulo agregado)',385,'----','----','felipe.escalanteguido@ucr.ac.cr','2021-06-16 17:18:38'),(735,'articulos','Todas (Articulo agregado)',386,'----','----','felipe.escalanteguido@ucr.ac.cr','2021-06-16 17:30:15'),(736,'articulos','Todas (Articulo agregado)',388,'----','----','felipe.escalanteguido@ucr.ac.cr','2021-06-16 17:31:28'),(737,'articulos','Todas (Articulo agregado)',389,'----','----','felipe.escalanteguido@ucr.ac.cr','2021-07-21 17:17:22'),(738,'articulos','ubicacionID',83,'21','14','felipe.escalanteguido@ucr.ac.cr','2022-04-04 17:29:44'),(739,'articulos','ubicacionID',337,'21','14','felipe.escalanteguido@ucr.ac.cr','2022-04-04 17:30:00'),(740,'articulos','Todas (Articulo agregado)',390,'----','----','felipe.escalanteguido@ucr.ac.cr','2022-05-25 15:10:38'),(741,'articulos','Todas (Articulo agregado)',391,'----','----','felipe.escalanteguido@ucr.ac.cr','2022-09-05 17:12:47'),(742,'articulos','ubicacionID',338,'32','33','felipe.escalanteguido@ucr.ac.cr','2022-09-05 17:27:42'),(743,'articulos','ubicacionID',340,'32','33','felipe.escalanteguido@ucr.ac.cr','2022-09-05 17:27:46'),(744,'articulos','Todas (Articulo agregado)',392,'----','----','felipe.escalanteguido@ucr.ac.cr','2022-09-06 14:40:55'),(745,'articulos','Todas (Articulo agregado)',393,'----','----','felipe.escalanteguido@ucr.ac.cr','2022-09-06 14:42:12');

--
-- Table structure for table `inventarios_guardados`
--

CREATE TABLE `inventarios_guardados` (
  `articuloID` int(11) NOT NULL,
  `numero_placa` char(30) DEFAULT NULL,
  `nombre` char(30) DEFAULT NULL,
  `marca` char(30) DEFAULT NULL,
  `modelo` char(30) DEFAULT NULL,
  `serie` char(50) DEFAULT NULL,
  `procedencia` char(50) DEFAULT NULL,
  `Otras_caracteristicas` char(70) DEFAULT NULL,
  `estadoID` int(11) DEFAULT NULL,
  `ubicacionID` int(11) DEFAULT NULL,
  `categoriaID` int(11) DEFAULT NULL,
  `ultima_modificacion` char(50) DEFAULT NULL,
  `removido` tinyint(1) NOT NULL DEFAULT '0',
  `codigo_barras` char(15) DEFAULT NULL,
  `fecha` timestamp NOT NULL DEFAULT CURRENT_TIMESTAMP ON UPDATE CURRENT_TIMESTAMP,
  KEY `estadoID` (`estadoID`),
  KEY `ubicacionID` (`ubicacionID`),
  KEY `categoriaID` (`categoriaID`),
  CONSTRAINT `inventarios_guardados_ibfk_1` FOREIGN KEY (`estadoID`) REFERENCES `estados` (`estadoID`) ON DELETE SET NULL,
  CONSTRAINT `inventarios_guardados_ibfk_2` FOREIGN KEY (`ubicacionID`) REFERENCES `ubicaciones` (`ubicacionID`) ON DELETE SET NULL,
  CONSTRAINT `inventarios_guardados_ibfk_3` FOREIGN KEY (`categoriaID`) REFERENCES `categorias` (`categoriaID`) ON DELETE SET NULL
) ENGINE=InnoDB DEFAULT CHARSET=latin1;

--
-- Dumping data for table `inventarios_guardados`
--

INSERT INTO `inventarios_guardados` VALUES (1,'366296','Computadora 1','Dell','Optiplex 7010','9441428690','CIMPA','Core i5-3470 (3,2GHz)	8GB DDR3	1 TB	Windows 10 PRO',1,2,4,'juanblancosegleau@gmail.com',0,'EM00400001XX','2019-05-15 17:35:36'),(2,'S/P','Monitor 1','Dell','E2214Hb','CN-0F4WW6-74261-43E-1M8U T','CIMPA','Tamaño  21.5 \" Resolución 1920x1080p',1,2,4,'felipe.escalanteguido@ucr.ac.cr',0,'EM00400002XX','2019-05-15 17:35:36'),(3,'366291','Computadora 2','Dell','Optiplex 7010','9460044434','CIMPA','Core i5-3470 (3,2GHz)	8GB DDR3	1 TB	Windows 10 PRO',1,2,4,'felipe.escalanteguido@ucr.ac.cr',0,'EM00400003XX','2019-05-15 17:35:36'),(4,'S/P','Monitor 2','Dell','E2214Hb','CN-0F4WW6-74261-43E1M9U T','CIMPA','Tamaño  21.5 \" Resolución 1920x1080p',1,2,4,'felipe.escalanteguido@ucr.ac.cr',0,'EM00400004XX','2019-05-15 17:35:36'),(6,'366289','Computadora 3','Dell','Optiplex 7010','8991524882','CIMPA','Core i5-3470 (3,2GHz)	8GB DDR3	1 TB	Windows 10 PRO',1,2,4,'felipe.escalanteguido@ucr.ac.cr',0,'EM00400006XX','2019-05-15 17:35:36'),(7,'S/P','Monitor 3','Dell','E2214Hb','CN-0F4WW6-74261-43E-1R8U T','CIMPA','Tamaño  21.5 \" Resolución 1920x1080p',1,2,4,'felipe.escalanteguido@ucr.ac.cr',0,'EM00400007XX','2019-05-15 17:35:36'),(8,'379687','Computadora 4','HP','ProDesk 600 G2 MT','MXL6181TYQ','CIMPA','Core i7-6700 (3,4GHz)	16GB DDR4	1 TB	Windows 10 PRO',1,2,4,'felipe.escalanteguido@ucr.ac.cr',0,'EM00400008XX','2019-05-15 17:35:36'),(9,'S/P','Monitor 4','HP','P222 va','CNK6110BCJ T','CIMPA','Tamaño  21.5 \" Resolución 1920x1080p',1,2,4,'felipe.escalanteguido@ucr.ac.cr',0,'EM00400009XX','2019-05-15 17:35:36'),(10,'381332','Computadora Rafael','HP','ProDesk 600G2 SFF','MXL62013B6','CIMPA','Core i5-6600 (3,3GHz)	16GB DDR4	1 TB	Windows 10 PRO',1,3,4,'felipe.escalanteguido@ucr.ac.cr',0,'EM00400010XX','2019-05-15 17:35:36'),(11,'S/P','Monitor Rafael','HP',' P222va','CNK6110BB1 T','CIMPA','Tamaño  21.5 \" Resolución 1920x1080p',1,3,4,'felipe.escalanteguido@ucr.ac.cr',0,'EM00400011XX','2019-05-15 17:35:36'),(12,'381333','Computadora Samaria','HP','ProDesk 600G2 SFF','MXL62017W1','CIMPA','Core i5-6600 (3,3GHz)	16GB DDR4	1 TB	Windows 10 PRO',1,10,4,'felipe.escalanteguido@ucr.ac.cr',0,'EM00400012XX','2019-05-15 17:35:36'),(13,'S/P','Monitor Samaria','HP','P222va','CNK6110BT4 T','CIMPA','Tamaño  21.5 \" Resolución 1920x1080p',1,10,4,'felipe.escalanteguido@ucr.ac.cr',0,'EM00400013XX','2019-05-15 17:35:36'),(14,'366290','Computadora 7','Dell','Optiplex 7010','9008087762','CIMPA','Core i5-3470 (3,2GHz)	8GB DDR3	1 TB	Windows 10 PRO',1,2,4,'felipe.escalanteguido@ucr.ac.cr',0,'EM00400014XX','2019-05-15 17:35:36'),(15,'S/P','Monitor 7','Dell','E2214Hb','CN-0F4WW6-74261-43E-1R4U T','CIMPA','Tamaño  21.5 \" Resolución 1920x1080p',1,2,4,'felipe.escalanteguido@ucr.ac.cr',0,'EM00400015XX','2019-05-15 17:35:36'),(16,'381331','Computadora Alberto','HP','ProDesk 600G2 SFF','MXL620132J','CIMPA','Core i5-6600 (3,3GHz)	16GB DDR4	1 TB	Windows 10 PRO',1,21,4,'felipe.escalanteguido@ucr.ac.cr',0,'EM00400016XX','2019-05-15 17:35:36'),(17,'S/P','Monitor Alberto','HP','P222va','CNK6110BB9 T','CIMPA','Tamaño  21.5 \" Resolución 1920x1080p',1,21,4,'felipe.escalanteguido@ucr.ac.cr',0,'EM00400017XX','2019-05-15 17:35:36'),(18,'381330','Computadora 9','HP','ProDesk 600G2 SFF','MXL62013D1','CIMPA','Core i5-6600 (3,3GHz)	16GB DDR4	1 TB	Windows 10 PRO',1,2,4,'felipe.escalanteguido@ucr.ac.cr',0,'EM00400018XX','2019-05-15 17:35:36'),(19,'S/P','Monitor 9','HP','P222va','CNK6110BTN T','CIMPA','Tamaño  21.5 \" Resolución 1920x1080p',1,2,4,'felipe.escalanteguido@ucr.ac.cr',0,'EM00400019XX','2019-05-15 17:35:36'),(20,'347344','Computadora Allan','Dell','Optiplex 7010','5147453953','CIMPA','Core i5-3470 (3,2GHz)	4GB DDR3	500GB	Ubuntu 14',1,10,4,'felipe.escalanteguido@ucr.ac.cr',0,'EM00400020XX','2019-05-15 17:35:36'),(21,'S/P',' Monitor Allan','Dell','E2214Hb','CN-0F4WW6-74261-43E-1PNU T','CIMPA','Tamaño  21.5 \" Resolución 1920x1080p',1,10,4,'felipe.escalanteguido@ucr.ac.cr',0,'EM00400021XX','2019-05-15 17:35:36'),(22,'379688','Computadora Cubículo 2','HP','ProDesk 600G2 MT','MXL6181TYT','CIMPA','Core i7-6700 (3,4GHz)	16GB DDR4	1 TB	Windows 10 PRO',1,21,4,'felipe.escalanteguido@ucr.ac.cr',0,'EM00400022XX','2019-05-15 17:35:36'),(23,'S/P','Monitor','HP','P222va','CNK6110BTYT','CIMPA','Tamaño  21.5 \" Resolución 1920x1080p',1,21,4,'felipe.escalanteguido@ucr.ac.cr',0,'EM00400023XX','2019-05-15 17:35:36'),(24,'351085','Teléfono Cubículo 2','CISCO','CP-6921','PUC170218X2','CIMPA','Teléfono IP',1,3,3,'felipe.escalanteguido@ucr.ac.cr',0,'EM00300024XX','2019-05-15 17:35:36'),(25,'306906','Impresora','HP','LaserJET P1102w','VNB3401716','CIMPA','Impresora Blanco y Negro',1,15,4,'felipe.escalanteguido@ucr.ac.cr',0,'EM00400025XX','2019-05-15 17:35:36'),(26,'372996','Computadora Cubículo 3','HP','Z640','2UA5293M5W','CIMPA','Xeon E5-2620 (2,40GHz)	32GB DDR4	1 TB	Open SUSE Leap 42,1',1,3,4,'felipe.escalanteguido@ucr.ac.cr',0,'EM00400026XX','2019-05-15 17:35:36'),(27,'S/P','Monitor Juanga','HP','P222va','CNK5110M1R','CIMPA','Tamaño  21.5 \" Resolución 1920x1080p',1,3,4,'felipe.escalanteguido@ucr.ac.cr',0,'EM00400027XX','2019-05-15 17:35:36'),(28,'351084','Teléfono Cubículo 3','CISCO','CP-6921','PUC17020Z4F','CIMPA','Teléfono IP',1,3,3,'felipe.escalanteguido@ucr.ac.cr',0,'EM00300028XX','2019-05-15 17:35:36'),(29,'351265','Teléfono IP','CISCO','CP-6921','PUC17111DFB','CIMPA','Teléfono IP',1,15,3,'felipe.escalanteguido@ucr.ac.cr',0,'EM00300029XX','2019-05-15 17:35:36'),(30,'363569','Estación de Trabajo Cubículo 1','S/M','S/M','S/S','CIMPA','Estación de Trabajo Cubículo 1',1,3,2,'felipe.escalanteguido@ucr.ac.cr',0,'EM00200030XX','2019-05-15 17:35:36'),(31,'S/P','Arturito Esteban','S/M','S/M','S/S','CIMPA','Arturito Oficina 206',1,3,2,'felipe.escalanteguido@ucr.ac.cr',0,'EM00200031XX','2019-05-15 17:35:36'),(32,'363564','Estantería Rafael','S/M','S/M','S/S','CIMPA','Estantería Oficina 206',1,3,2,'felipe.escalanteguido@ucr.ac.cr',0,'EM00200032XX','2019-05-15 17:35:36'),(33,'S/P','Pizarra Acrílica Esteban','S/M','S/M','S/S','CIMPA','Pizarra Acrílica Oficina 206',1,3,7,'felipe.escalanteguido@ucr.ac.cr',0,'EM00700033XX','2019-05-15 17:35:36'),(34,'S/P','Silla Ejecutiva Rafael','S/M','S/M','S/S','CIMPA','Silla Ejecutiva Cubículo 1',1,3,6,'felipe.escalanteguido@ucr.ac.cr',0,'EM00600034XX','2019-05-15 17:35:36'),(35,'S/P','Silla Ejecutiva Esteban','S/M','S/M','S/S','CIMPA','Silla Ejecutiva Cubículo 2',1,3,6,'felipe.escalanteguido@ucr.ac.cr',0,'EM00600035XX','2019-05-15 17:35:36'),(36,'S/P','Silla Ejecutiva Juanga','S/M','S/M','S/S','CIMPA','Silla Ejecutiva Cubículo 3',1,3,6,'felipe.escalanteguido@ucr.ac.cr',0,'EM00600036XX','2019-05-15 17:35:36'),(37,'S/P','Silla de espera Oficina 206','S/M','S/M','S/S','CIMPA','Silla de espera Oficina 206',1,3,6,'felipe.escalanteguido@ucr.ac.cr',0,'EM00600037XX','2019-05-15 17:35:36'),(38,'S/P','Silla de espera','S/M','S/M','S/S','CIMPA','Silla de espera Oficina 206',1,2,6,'felipe.escalanteguido@ucr.ac.cr',0,'EM00600038XX','2019-05-15 17:35:36'),(39,'363570','Estación de Trabajo 1','S/M','S/M','S/S','CIMPA','Estación de Trabajo 1',1,2,2,'felipe.escalanteguido@ucr.ac.cr',0,'EM00200039XX','2019-05-15 17:35:36'),(40,'363571','Estación de Trabajo 2','S/M','S/M','S/S','CIMPA','Estación de Trabajo 2',1,2,2,'felipe.escalanteguido@ucr.ac.cr',0,'EM00200040XX','2019-05-15 17:35:36'),(41,'363572','Estación de Trabajo 3','S/M','S/M','S/S','CIMPA','Estación de Trabajo 3',1,2,2,'felipe.escalanteguido@ucr.ac.cr',0,'EM00200041XX','2019-05-15 17:35:36'),(42,'363573','Estación de Trabajo 4','S/M','S/M','S/S','CIMPA','Estación de Trabajo 4',1,2,2,'felipe.escalanteguido@ucr.ac.cr',0,'EM00200042XX','2019-05-15 17:35:36'),(43,'363574','Estación de Trabajo 5','S/M','S/M','S/S','CIMPA','Estación de Trabajo 5',1,2,2,'felipe.escalanteguido@ucr.ac.cr',0,'EM00200043XX','2019-05-15 17:35:36'),(44,'363575','Estación de Trabajo 6','S/M','S/M','S/S','CIMPA','Estación de Trabajo 6',1,2,2,'felipe.escalanteguido@ucr.ac.cr',0,'EM00200044XX','2019-05-15 17:35:36'),(45,'363579','Estación de Trabajo 7','S/M','S/M','S/S','CIMPA','Estación de Trabajo 7',1,2,2,'felipe.escalanteguido@ucr.ac.cr',0,'EM00200045XX','2019-05-15 17:35:36'),(46,'363578','Estación de Trabajo 8','S/M','S/M','S/S','CIMPA','Estación de Trabajo 8',1,2,2,'felipe.escalanteguido@ucr.ac.cr',0,'EM00200046XX','2019-05-15 17:35:36'),(47,'363577','Estación de Trabajo 9','S/M','S/M','S/S','CIMPA','Estación de Trabajo 9',1,2,2,'felipe.escalanteguido@ucr.ac.cr',0,'EM00200047XX','2019-05-15 17:35:36'),(48,'363576','Estación de Trabajo 10','S/M','S/M','S/S','CIMPA','Estación de Trabajo 10',1,2,2,'felipe.escalanteguido@ucr.ac.cr',0,'EM00200048XX','2019-05-15 17:35:36'),(49,'S/P','Pizarra Acrílica 205','S/M','S/M','S/S','CIMPA','Pizarra Acrílica 205',1,2,7,'felipe.escalanteguido@ucr.ac.cr',0,'EM00700049XX','2019-05-15 17:35:36'),(50,'372737','Aire Acondicionado 205','Lennox','LXGUCMD036100P20-3','D202083890113604160102','CIMPA','Aire Acondicionado 205',1,2,8,'felipe.escalanteguido@ucr.ac.cr',0,'EM00800050XX','2019-05-15 17:35:36'),(51,'372997','Computadora Maikol','HP','Z640','2UA5282SF5','CIMPA','Xeon E5-2620 (2,40GHz)	32GB DDR4	1 TB	Open SUSE Leap 42,1',1,4,4,'felipe.escalanteguido@ucr.ac.cr',0,'EM00400051XX','2019-05-15 17:35:36'),(52,'347364','Monitor  1 Cubículo 1','Dell','E1913c','CN-06JX4Y-64180-2BN-3U4S','CIMPA','Tamaño  19 \" Resolución 1440x900p',1,4,4,'felipe.escalanteguido@ucr.ac.cr',0,'EM00400052XX','2019-05-15 17:35:36'),(53,'S/P','Monitor 2 Maikol','HP','P222va','CNK5110N1B T','CIMPA','Tamaño  21.5 \" Resolución 1920x1080p',1,4,4,'felipe.escalanteguido@ucr.ac.cr',0,'EM00400053XX','2019-05-15 17:35:36'),(54,'363565','Estación de Trabajo Cubículo 1','S/M','S/M','S/S','CIMPA','Estación de Trabajo Cubículo 1',1,4,2,'felipe.escalanteguido@ucr.ac.cr',0,'EM00200054XX','2019-05-15 17:35:36'),(55,'326393','Teléfono IP Maikol','CISCO','CP-6921','PXN1521S339','CIMPA','Teléfono IP',1,4,3,'felipe.escalanteguido@ucr.ac.cr',0,'EM00300055XX','2019-05-15 17:35:36'),(56,'S/P','Silla Ejecutiva Luis','S/M','s','S/S','CIMPA','Silla Ejecutiva Cubículo 1',1,4,6,'felipe.escalanteguido@ucr.ac.cr',0,'EM00600056XX','2019-05-15 17:35:36'),(57,'S/P','Silla de Espera Maikol','S/M','S/M','S/S','CIMPA','Silla de Espera Cubículo 1',1,4,6,'felipe.escalanteguido@ucr.ac.cr',0,'EM00600057XX','2019-05-15 17:35:36'),(58,'363568','Estantería Cubículo 1','S/M','S/M','S/S','CIMPA','Estantería Oficina 207',1,4,2,'felipe.escalanteguido@ucr.ac.cr',0,'EM00200058XX','2019-05-15 17:35:36'),(59,'372994','Computadora Luis','HP','Z640','2UA5282SDZ','CIMPA','Xeon E5-2620 (2,40GHz)	32GB DDR4	1 TB	Open SUSE Leap 42,1',1,4,4,'felipe.escalanteguido@ucr.ac.cr',0,'EM00400059XX','2019-05-15 17:35:36'),(60,'S/P','Monitor Luis','HP','P222va','CNK5110N19 T','CIMPA','Tamaño  21.5 \" Resolución 1920x1080p',1,4,4,'felipe.escalanteguido@ucr.ac.cr',0,'EM00400060XX','2019-05-15 17:35:36'),(61,'350947','Teléfono IP Luis','CISCO','CP-6921','PUC17111CQL','CIMPA','Teléfono IP',1,4,3,'felipe.escalanteguido@ucr.ac.cr',0,'EM00300061XX','2019-05-15 17:35:36'),(62,'363566','Estación de Trabajo Cubículo 2','S/M','S/M','S/S','CIMPA','Estación de Trabajo Cubículo 2',1,4,2,'felipe.escalanteguido@ucr.ac.cr',0,'EM00200062XX','2019-05-15 17:35:36'),(63,'S/P','Arturito Luis','S/M','S/M','S/S','CIMPA','Arturito Cubículo 2',1,4,2,'felipe.escalanteguido@ucr.ac.cr',0,'EM00200063XX','2019-05-15 17:35:36'),(64,'S/P','Arturito Maikol','S/M','S/M','S/S','CIMPA','Arturito Cubículo 1',1,4,2,'felipe.escalanteguido@ucr.ac.cr',0,'EM00200064XX','2019-05-15 17:35:36'),(65,'363567','Estantería Cubículo 2','S/M','S/M','S/S','CIMPA','Estantería Cubículo 2',1,4,2,'felipe.escalanteguido@ucr.ac.cr',0,'EM00200065XX','2019-05-15 17:35:36'),(66,'S/P','Pizarra Acrílica Maikol','S/M','S/M','S/S','CIMPA','Pizarra Acrílica Cubículo 1',1,4,7,'felipe.escalanteguido@ucr.ac.cr',0,'EM00700066XX','2019-05-15 17:35:36'),(67,'S/P','Pizarra de Corcho Maikol','S/M','S/M','S/S','CIMPA','Pizarra de Corcho Cubículo 1',1,4,7,'felipe.escalanteguido@ucr.ac.cr',0,'EM00700067XX','2019-05-15 17:35:36'),(68,'S/P','Pizarra Acrílica Luis','S/M','S/M','S/S','CIMPA','Pizarra Acrílica Cubículo 2',1,4,7,'felipe.escalanteguido@ucr.ac.cr',0,'EM00700068XX','2019-05-15 17:35:36'),(69,'S/P','Pizarra Acrílica 207','S/M','S/M','S/S','CIMPA','Pizarra Acrílica Cubículo 2',1,4,7,'felipe.escalanteguido@ucr.ac.cr',0,'EM00700069XX','2019-05-15 17:35:36'),(70,'S/P','Silla Ejecutiva Maikol','S/M','S/M','S/S','CIMPA','Silla Ejecutiva Cubículo 2',1,4,6,'felipe.escalanteguido@ucr.ac.cr',0,'EM00600070XX','2019-05-15 17:35:36'),(71,'S/P','Silla de Espera','S/M','S/M','S/S','CIMPA','Silla de Espera Cubículo 2',1,4,2,'felipe.escalanteguido@ucr.ac.cr',0,'EM00200071XX','2019-05-15 17:35:36'),(72,'381334','Computadora Oficina 210','HP','ProDesk 600G2 SFF','MXL6201300','CIMPA','Core i5-6600 (3,3GHz)	16GB DDR4	1 TB	Windows 10 PRO',1,7,4,'felipe.escalanteguido@ucr.ac.cr',0,'EM00400072XX','2019-05-15 17:35:36'),(73,'S/P','Monitor Oficina 210','HP','P222va','CNK6110BB12 T','CIMPA','Tamaño  21.5 \" Resolución 1920x1080p',1,7,4,'felipe.escalanteguido@ucr.ac.cr',0,'EM00400073XX','2019-05-15 17:35:36'),(74,'351088','Teléfono IP','CISCO','CP-6921','PUC17020Z4X','CIMPA','Teléfono IP',1,7,3,'felipe.escalanteguido@ucr.ac.cr',0,'EM00300074XX','2019-05-15 17:35:36'),(75,'S/P','Estantería 1 Oficina 210','S/M','S/M','S/S','CIMPA','Estantería 1 Oficina 210',1,14,2,'felipe.escalanteguido@ucr.ac.cr',0,'EM00200075XX','2019-05-15 17:35:36'),(76,'S/P','Estantería 2 Oficina 210','S/M','S/M','S/S','CIMPA','Estantería 2 Oficina 210',1,14,2,'felipe.escalanteguido@ucr.ac.cr',0,'EM00200076XX','2019-05-15 17:35:36'),(77,'S/P','Pizarra Acrílica Oficina 210','S/M','S/M','S/S','CIMPA','Pizarra Acrílica Oficina 210',1,7,7,'felipe.escalanteguido@ucr.ac.cr',0,'EM00700077XX','2019-05-15 17:35:36'),(78,'S/P','Ventilador Oficina 211','ATVI0','VF45-WM','S/S','CIMPA','Ventilador Oficina 210',1,8,6,'felipe.escalanteguido@ucr.ac.cr',0,'EM00600078XX','2019-05-15 17:35:36'),(79,'S/P','Silla Ejecutiva Oficina 210','S/M','S/M','S/S','CIMPA','Silla Ejecutiva Oficina 210',1,7,6,'felipe.escalanteguido@ucr.ac.cr',0,'EM00600079XX','2019-05-15 17:35:36'),(80,'S/P','Silla de Espera Oficina 210','S/M','S/M','S/S','CIMPA','Silla de Espera Oficina 210',1,7,6,'felipe.escalanteguido@ucr.ac.cr',0,'EM00600080XX','2019-05-15 17:35:36'),(81,'215634','Impresora Oficina 209','HP','Laser Jet 1015','CNFB042764','CIMPA','Blanco y Negro',1,21,4,'felipe.escalanteguido@ucr.ac.cr',0,'EM00400081XX','2019-05-15 17:35:36'),(83,'372995','Computadora Oficina 209','HP','Z640','2UA5293M5X','CIMPA','Xeon E5-2620 (2,40GHz)	32GB DDR4	1 TB	Open SUSE Leap 42,1',1,21,4,'felipe.escalanteguido@ucr.ac.cr',0,'EM00400083XX','2019-05-15 17:35:36'),(85,'S/P','Monitor 2 Oficina 209','HP','P222va','CNK51100LXG T','CIMPA','Tamaño  21.5 \" Resolución 1920x1080p',1,21,4,'felipe.escalanteguido@ucr.ac.cr',0,'EM00400085XX','2019-05-15 17:35:36'),(86,'S/P','Arturito Oficina 209','S/M','S/M','S/S','CIMPA','Arturito Oficina 209',1,6,2,'felipe.escalanteguido@ucr.ac.cr',0,'EM00200086XX','2019-05-15 17:35:36'),(87,'363562','Estantería 1 Oficina 209','S/M','S/M','S/S','CIMPA','Estantería 1 Oficina 209',1,6,2,'felipe.escalanteguido@ucr.ac.cr',0,'EM00200087XX','2019-05-15 17:35:36'),(88,'S/P','Estantería 2 Oficina 209','S/M','S/M','S/S','CIMPA','Estantería 2 Oficina 209',1,6,2,'felipe.escalanteguido@ucr.ac.cr',0,'EM00200088XX','2019-05-15 17:35:36'),(89,'326398','Teléfono IP','CISCO','CP-6921','PXN1521S33V','CIMPA','Teléfono IP',1,6,3,'felipe.escalanteguido@ucr.ac.cr',0,'EM00300089XX','2019-05-15 17:35:36'),(90,'S/P','Pizarra Acrílica Oficina 209','S/M','S/M','S/S','CIMPA','Pizarra Acrílica Oficina 209',1,6,7,'felipe.escalanteguido@ucr.ac.cr',0,'EM00700090XX','2019-05-15 17:35:36'),(91,'S/P','Pizarra de Corcho Oficina 209','S/M','S/M','S/S','CIMPA','Pizarra de Corcho Oficina 209',1,6,7,'felipe.escalanteguido@ucr.ac.cr',0,'EM00700091XX','2019-05-15 17:35:36'),(92,'S/P','Silla Ejecutiva Oficina 209','S/M','S/M','S/S','CIMPA','Silla Ejecutiva Oficina 209',1,6,6,'felipe.escalanteguido@ucr.ac.cr',0,'EM00600092XX','2019-05-15 17:35:36'),(93,'S/P','Silla de Espera Oficina 209','S/M','S/M','S/S','CIMPA','Silla de Espera Oficina 209',1,6,6,'felipe.escalanteguido@ucr.ac.cr',0,'EM00600093XX','2019-05-15 17:35:36'),(94,'379685','Computadora 1 Oficina 212','HP','ProDesk 600G2 MT','MXL6181TYR','CIMPA','Core i7-6700 (3,4GHz)	16GB DDR4	1 TB	Windows 10 PRO',1,9,4,'felipe.escalanteguido@ucr.ac.cr',0,'EM00400094XX','2019-05-15 17:35:36'),(95,'S/P','Monitor 1 Oficina 212','HP','P222va','CNK6110BSS','CIMPA','Tamaño  21.5 \" Resolución 1920x1080p',1,9,4,'felipe.escalanteguido@ucr.ac.cr',0,'EM00400095XX','2019-05-15 17:35:36'),(96,'366292','Computadora','Dell','Optiplex 7010','9446607506','CIMPA','Core i5-3470 (3,2GHz)	8GB DDR3	1 TB	Windows 7 Professional',1,2,4,'felipe.escalanteguido@ucr.ac.cr',0,'EM00400096XX','2019-05-15 17:35:36'),(97,'353232','Monitor 2 Oficina 212','LG','22EN33','304NDEZDT700','CIMPA','Tamaño  21.5 \" Resolución 1920x1080p',1,9,4,'felipe.escalanteguido@ucr.ac.cr',0,'EM00400097XX','2019-05-15 17:35:36'),(98,'347343','Computadora','Dell','Optiplex 7010','4834905409','CIMPA','Core i5-3470 (3,2GHz)	8GB DDR3	1 TB	Windows 7 Professional',1,2,4,'felipe.escalanteguido@ucr.ac.cr',0,'EM00400098XX','2019-05-15 17:35:36'),(99,'351089','Teléfono IP','CISCO','CP-6921','PUC170218X5','CIMPA','Teléfono IP',1,9,3,'felipe.escalanteguido@ucr.ac.cr',0,'EM00300099XX','2019-05-15 17:35:36'),(101,'363560','Estantería 1 Oficina 212','S/M','S/M','S/S','CIMPA','Estantería 1 Oficina 212',1,9,2,'felipe.escalanteguido@ucr.ac.cr',0,'EM00200101XX','2019-05-15 17:35:36'),(102,'309910','Estantería 2 Oficina 212','S/M','S/M','S/S','CIMPA','Estantería 2 Oficina 212',1,9,2,'felipe.escalanteguido@ucr.ac.cr',0,'EM00200102XX','2019-05-15 17:35:36'),(103,'S/P','Pizarra Acrílica Oficina 212','S/M','S/M','S/S','CIMPA','Pizarra Acrílica Oficina 212',1,9,7,'felipe.escalanteguido@ucr.ac.cr',0,'EM00700103XX','2019-05-15 17:35:36'),(104,'S/P','Silla Ejecutiva Oficina 212','S/M','S/M','S/S','CIMPA','Silla Ejecutiva Oficina 212',1,9,6,'felipe.escalanteguido@ucr.ac.cr',0,'EM00600104XX','2019-05-15 17:35:36'),(105,'S/P','Silla de Espera Oficina 212','S/M','S/M','S/S','CIMPA',' Silla de Espera Oficina 212',1,9,6,'felipe.escalanteguido@ucr.ac.cr',0,'EM00600105XX','2019-05-15 17:35:36'),(106,'S/P','Mesa de madera Oficina 212','S/M','S/M','S/S','CIMPA','Mesa de madera Oficina 212',1,9,2,'felipe.escalanteguido@ucr.ac.cr',0,'EM00200106XX','2019-05-15 17:35:36'),(107,'S/P','Silla de Espera','S/M','S/M','S/S','CIMPA','Silla de Espera Oficina 212',1,9,6,'felipe.escalanteguido@ucr.ac.cr',0,'EM00600107XX','2019-05-15 17:35:36'),(108,'366294','Computadora 1 Oficina 211','Dell','Optiplex 7010','9538939730','CIMPA','Core i5-3470 (3,2GHz)	8GB DDR3	1 TB	Windows 7 Professional',1,8,4,'felipe.escalanteguido@ucr.ac.cr',0,'EM00400108XX','2019-05-15 17:35:36'),(109,'S/P','Monitor 1 Oficina 211','Dell','E2214Hb','CN-0F4WW6-74261-43E-1MWU T','CIMPA','Tamaño  21.5 \" Resolución 1920x1080p',1,8,4,'felipe.escalanteguido@ucr.ac.cr',0,'EM00400109XX','2019-05-15 17:35:36'),(110,'307310','Computadora 2 Oficina 211','Mac','iMac A1311','W80241LV5PC','CIMPA','Core 2 Duo	4GB DDR3	1TB	MacOS 9',1,8,4,'felipe.escalanteguido@ucr.ac.cr',0,'EM00400110XX','2019-05-15 17:35:36'),(111,'351082','Teléfono IP','CISCO','CP-6921','PUC170218WV','CIMPA','Teléfono IP',1,8,3,'felipe.escalanteguido@ucr.ac.cr',0,'EM00300111XX','2019-05-15 17:35:36'),(112,'333028','Impresora','EPSON','Stylus Tx560wd','MGLY007863','CIMPA','Multifuncional a Color',1,16,4,'felipe.escalanteguido@ucr.ac.cr',0,'EM00400112XX','2019-05-15 17:35:36'),(113,'S/P','Arturito Oficina 211','S/M','S/M','S/S','CIMPA','Arturito Oficina 211',1,8,2,'felipe.escalanteguido@ucr.ac.cr',0,'EM00200113XX','2019-05-15 17:35:36'),(114,'S/P','Estantería 1 Oficina 211','S/M','S/M','S/S','CIMPA','Estantería 1 Oficina 211',1,8,2,'felipe.escalanteguido@ucr.ac.cr',0,'EM00200114XX','2019-05-15 17:35:36'),(115,'S/P','Estantería 2 Oficina 211','S/M','S/M','S/S','CIMPA','Estantería 2 Oficina 211',1,8,2,'felipe.escalanteguido@ucr.ac.cr',0,'EM00200115XX','2019-05-15 17:35:36'),(116,'S/P','Silla Ejecutiva Oficina 211','S/M','S/M','S/S','CIMPA','Silla Ejecutiva Oficina 211',1,8,6,'felipe.escalanteguido@ucr.ac.cr',0,'EM00600116XX','2019-05-15 17:35:36'),(117,'S/P','Silla de Espera Oficina 211','S/M','S/M','S/S','CIMPA','Silla de Espera Oficina 211',1,8,6,'felipe.escalanteguido@ucr.ac.cr',0,'EM00600117XX','2019-05-15 17:35:36'),(118,'S/P','Pizarra Acrílica Oficina 211','S/M','S/M','S/S','CIMPA','Pizarra Acrílica Oficina 211',1,8,7,'felipe.escalanteguido@ucr.ac.cr',0,'EM00700118XX','2019-05-15 17:35:36'),(119,'S/P','Pizarra de Corcho Oficina 211','S/M','S/M','S/S','CIMPA','Pizarra de Corcho Oficina 211',1,8,7,'felipe.escalanteguido@ucr.ac.cr',0,'EM00700119XX','2019-05-15 17:35:36'),(120,'S/P','Ventilador','Galaxy','S/M','S/S','CIMPA','Ventilador',1,21,6,'felipe.escalanteguido@ucr.ac.cr',0,'EM00600120XX','2019-05-15 17:35:36'),(121,'369498','Impresora Pasillo','Lexmark','MS415DN','451444LM193R8','CIMPA','Blanco y Negro',1,15,4,'felipe.escalanteguido@ucr.ac.cr',0,'EM00400121XX','2019-05-15 17:35:36'),(122,'243470','Video Beam 1','EPSON','Power Lite 76C','GyHF6900286L','CIMPA','Proyector VGA',1,2,7,'felipe.escalanteguido@ucr.ac.cr',0,'EM00400122XX','2019-05-15 17:35:36'),(123,'366297','Computadora','Dell','Optiplex 7010','9046998866','CIMPA','Computadora',1,2,4,'felipe.escalanteguido@ucr.ac.cr',0,'EM00400123XX','2019-05-15 17:35:36'),(124,'S/P','Monitor','Dell','E2214Hb','CN-0F4WW6-74261-43E-1R6U T','CIMPA','Tamaño  21.5 \" Resolución 1920x1080p',1,2,4,'felipe.escalanteguido@ucr.ac.cr',0,'EM00400124XX','2019-05-15 17:35:36'),(125,'114842','Archivo Metálico','S/M','S/M','S/S','CIMPA','Archivo Metálico',1,28,6,'felipe.escalanteguido@ucr.ac.cr',0,'EM00600125XX','2019-05-15 17:35:36'),(126,'301587','Monitor','HP','L1710','3CQ9393D81','CIMPA','Tamaño  17 \" Resolución 1280x1024p',2,21,4,'felipe.escalanteguido@ucr.ac.cr',0,'EM00400126XX','2019-05-15 17:35:36'),(127,'286675','Monitor','Dell','E178FPb','CN-0R229K-74261-91D-44TL T','CIMPA','Tamaño  17 \" Resolución 1280x1024p',2,21,4,'felipe.escalanteguido@ucr.ac.cr',0,'EM00400127XX','2019-05-15 17:35:36'),(128,'271091','Monitor','Dell','E178FPc','CN-0TP219-64180-7B8-01CL','CIMPA','Tamaño  17 \" Resolución 1280x1024p',2,21,4,'felipe.escalanteguido@ucr.ac.cr',0,'EM00400128XX','2019-05-15 17:35:36'),(129,'301578','Computadora','HP','Compaq6005 Pro','MXL01510QL','CIMPA','AMD Athlom II X2 (3GHz)	2GB DDR2	250GB	Zorin OS II',2,21,4,'felipe.escalanteguido@ucr.ac.cr',0,'EM00400129XX','2019-05-15 17:35:36'),(130,'271090','Computadora','Dell','Optiplex 7040','25RXJF1','CIMPA','AMD Athlom II X2 (3GHz)	2GB DDR2	80GB	Zorin OS II',2,21,4,'felipe.escalanteguido@ucr.ac.cr',0,'EM00400130XX','2019-05-15 17:35:36'),(131,'287251','Computadora','HP','Compaqdc7900','MXJ9060269','CIMPA','Core 2 Duo	2GB DDR2	160GB	Windows Vista',2,21,4,'felipe.escalanteguido@ucr.ac.cr',0,'EM00400131XX','2019-05-15 17:35:36'),(132,'250090','Monitor','HP','1740','CNC7041D1V','CIMPA','Tamaño  17 \" Resolución 1280x1024p',2,21,4,'felipe.escalanteguido@ucr.ac.cr',0,'EM00400132XX','2019-05-15 17:35:36'),(133,'354327','UPS','Ciber power','750VA','CP6BU2002658','CIMPA','UPS',2,21,4,'felipe.escalanteguido@ucr.ac.cr',0,'EM00400133XX','2019-05-15 17:35:36'),(134,'250474','Impresora','HP','PhotosmartC3180','CN67FC10QW','CIMPA','Color',2,21,4,'felipe.escalanteguido@ucr.ac.cr',0,'EM00400134XX','2019-05-15 17:35:36'),(135,'243003','UPS','Tripp Lite','Internet3050U','9431EY0BC505601987','CIMPA','UPS',2,21,4,'felipe.escalanteguido@ucr.ac.cr',0,'EM00400135XX','2019-05-15 17:35:36'),(136,'352379','UPS','CDP','B-Smar906','100203-0510398','CIMPA','UPS',2,21,4,'felipe.escalanteguido@ucr.ac.cr',0,'EM00400136XX','2019-05-15 17:35:36'),(137,'S/P','UPS','CDP','B-UPR505','100402-020012','CIMPA','UPS',2,21,4,'felipe.escalanteguido@ucr.ac.cr',2,'EM00400137XX','2019-05-15 17:35:36'),(138,'S/P','UPS','CDP','B-UPR505','070105-1290190','CIMPA','UPS',2,21,4,'felipe.escalanteguido@ucr.ac.cr',2,'EM00400138XX','2019-05-15 17:35:36'),(139,'335922','UPS','CDP','B-UPR706','100318-0220616','CIMPA','UPS',2,21,4,'felipe.escalanteguido@ucr.ac.cr',0,'EM00400139XX','2019-05-15 17:35:36'),(140,'C5402','Teléfono Analógico','Coby','CT-P710','S/S','CIMPA','Teléfono Analógico',2,5,3,'felipe.escalanteguido@ucr.ac.cr',0,'EM00300140XX','2019-05-15 17:35:36'),(141,'S/P','Impresora','hp','DeskJetD1660','CN9ANC925S','CIMPA','Blanco y Negro',2,21,4,'felipe.escalanteguido@ucr.ac.cr',2,'EM00400141XX','2019-05-15 17:35:36'),(142,'234469','Impresora','Lexmart','E332N','720R33K','CIMPA','Blanco y Negro',2,21,4,'felipe.escalanteguido@ucr.ac.cr',0,'EM00400142XX','2019-05-15 17:35:36'),(143,'264931','Duplicadora','Ricoh','Priport DX3340','N0370770160','CIMPA','Duplicadora',4,28,6,'felipe.escalanteguido@ucr.ac.cr',0,'EM00600143XX','2019-05-15 17:35:36'),(144,'C212578','Mueble Formica Verde','S/M','S/M','S/S','CIMPA','Mueble Formica Verde',1,21,2,'felipe.escalanteguido@ucr.ac.cr',0,'EM00200144XX','2019-05-15 17:35:36'),(145,'S/P','Estantería 2','S/M','S/M','S/S','CIMPA','Estantería 2',1,10,2,'felipe.escalanteguido@ucr.ac.cr',0,'EM00200145XX','2019-05-15 17:35:36'),(146,'S/P','Estantería','S/M','S/M','S/S','CIMPA','Estantería 3',1,7,2,'felipe.escalanteguido@ucr.ac.cr',0,'EM00200146XX','2019-05-15 17:35:36'),(147,'S/P','Estantería 4','S/M','S/M','S/S','CIMPA','Estantería 4',1,10,2,'felipe.escalanteguido@ucr.ac.cr',0,'EM00200147XX','2019-05-15 17:35:36'),(148,'806','Mesa de madera','S/M','S/M','S/S','CIMPA','Mesa de madera',1,31,2,'felipe.escalanteguido@ucr.ac.cr',0,'EM00200148XX','2019-05-15 17:35:36'),(149,'S/P','Biblioteca de Metal','S/M','S/M','S/S','CIMPA','Biblioteca de Metal',1,5,6,'felipe.escalanteguido@ucr.ac.cr',0,'EM00600149XX','2019-05-15 17:35:36'),(150,'S/P','Biblioteca de Metal','S/M','S/M','S/S','CIMPA','Biblioteca de Metal',1,5,6,'felipe.escalanteguido@ucr.ac.cr',0,'EM00600150XX','2019-05-15 17:35:36'),(152,'S/P','Pizarra Acrílica','S/M','S/M','S/S','CIMPA','Pizarra Acrílica',1,10,7,'felipe.escalanteguido@ucr.ac.cr',0,'EM00700152XX','2019-05-15 17:35:36'),(153,'S/P','Pizarra Acrílica  Movible','S/M','S/M','S/S','CIMPA','Pizarra Acrílica  Movible',1,31,7,'felipe.escalanteguido@ucr.ac.cr',0,'EM00700153XX','2019-05-15 17:35:36'),(154,'S/P','Mesa Plegable Grande','Lifetime','8390','841101005651','CIMPA','Mesa Plegable Plástica',1,10,6,'felipe.escalanteguido@ucr.ac.cr',0,'EM00600154XX','2019-05-15 17:35:36'),(155,'S/P','Mesa Plegable Pequeña','Lifetime','4429','841101002445','CIMPA','Mesa Plegable Plástica',1,10,6,'felipe.escalanteguido@ucr.ac.cr',0,'EM00600155XX','2019-05-15 17:35:36'),(156,'89772','Banco de madera','S/M','S/M','S/S','CIMPA','Banco de madera',1,25,6,'felipe.escalanteguido@ucr.ac.cr',0,'EM00600156XX','2019-05-15 17:35:36'),(157,'S/P','Pantalla de Proyección','Vega','Economy','04103567','CIMPA','Pantalla de Proyección 48x34',1,2,7,'felipe.escalanteguido@ucr.ac.cr',0,'EM00700157XX','2019-05-15 17:35:36'),(158,'S/P','Pantalla de Proyección','Apollo','P6406','718575601989','CIMPA','Pantalla de Proyección Tripode 1.52x 1.52',1,5,7,'felipe.escalanteguido@ucr.ac.cr',0,'EM00700158XX','2019-05-15 17:35:36'),(159,'S/P','Ventilador Metálico','Galaxy','S/M','S/S','CIMPA','Ventilador Metálico',1,3,6,'felipe.escalanteguido@ucr.ac.cr',0,'EM00600159XX','2019-05-15 17:35:36'),(160,'340048','Carretilla','S/M','S/M','S/S','CIMPA','Carretilla Pequeña',1,11,8,'felipe.escalanteguido@ucr.ac.cr',0,'EM00800160XX','2019-05-15 17:35:36'),(161,'S/P','Sopladora','Makita','L4000G','00007818','CIMPA','Sopladora',1,11,8,'felipe.escalanteguido@ucr.ac.cr',0,'EM00800161XX','2019-05-15 17:35:36'),(162,'379689','Computadora','HP','ProDesk 600G2 MT','MXL6181TYT','CIMPA','Core i7-6700 (3,4GHz)	16GB DDR4	1 TB	Windows 10 PRO',1,12,4,'felipe.escalanteguido@ucr.ac.cr',0,'EM00400162XX','2019-05-15 17:35:36'),(163,'S/P','Monitor 1','HP','P222va','CNK5451NMFT','CIMPA','Tamaño  21.5 \" Resolución 1920x1080p',1,12,4,'felipe.escalanteguido@ucr.ac.cr',0,'EM00400163XX','2019-05-15 17:35:36'),(164,'S/P','Monitor','Dell','E2214Hb','CL-0F4WW6-74261-43E-1GPU T','CIMPA','Tamaño  21.5 \" Resolución 1920x1080p',1,2,4,'felipe.escalanteguido@ucr.ac.cr',0,'EM00400164XX','2019-05-15 17:35:36'),(165,'353231','Servidor','Genérico','S/M','MA01300037XX','CIMPA','	32GB		Ubuntu Server',1,28,4,'felipe.escalanteguido@ucr.ac.cr',0,'EM00400165XX','2019-05-15 17:35:36'),(166,'329792','Servidor','HP','Proliant ML150G6','MXS1390012','CIMPA','Memoria RAM 4GB Procesador Intel XEON E55042GHz',1,28,4,'felipe.escalanteguido@ucr.ac.cr',0,'EM00400166XX','2019-05-15 17:35:36'),(168,'S/P','Silla Ejecutiva Samaria','S/M','S/M','S/S','CIMPA','Silla Ejecutiva de Rodines',1,10,6,'felipe.escalanteguido@ucr.ac.cr',0,'EM00600168XX','2019-05-15 17:35:36'),(169,'S/P','Silla de Espera','S/M','S/M','S/S','CIMPA','Silla de Espera',1,2,6,'felipe.escalanteguido@ucr.ac.cr',0,'EM00600169XX','2019-05-15 17:35:36'),(170,'S/P','Silla Ejecutiva','S/M','S/M','S/S','CIMPA','Silla Ejecutiva Amarillo',1,9,6,'felipe.escalanteguido@ucr.ac.cr',0,'EM00600170XX','2019-05-15 17:35:36'),(171,'372993','Computadora','HP','Z640','2UA5282SF4','CIMPA','Xeon E5-2620 (2,40GHz)	32GB DDR4	1 TB	Open SUSE Leap 42,1',1,12,4,'felipe.escalanteguido@ucr.ac.cr',0,'EM00400171XX','2019-05-15 17:35:36'),(172,'S/P','Monitor','HP','P222va','CNX5110N1K T','CIMPA','Tamaño  21.5 \" Resolución 1920x1080p',1,12,4,'felipe.escalanteguido@ucr.ac.cr',0,'EM00400172XX','2019-05-15 17:35:36'),(173,'S/P','Monitor','Dell','E2214Hb','CN-0F4WW6-74261-43E-1PMU T','CIMPA','Tamaño  21.5 \" Resolución 1920x1080p',1,2,4,'felipe.escalanteguido@ucr.ac.cr',0,'EM00400173XX','2019-05-15 17:35:36'),(174,'S/P','Silla Ejecutiva','S/M','S/M','S/S','CIMPA','Silla Ejecutiva',1,12,6,'felipe.escalanteguido@ucr.ac.cr',0,'EM00600174XX','2019-05-15 17:35:36'),(175,'363557','Estación de Trabajo','S/M','S/M','S/S','CIMPA','Estación de Trabajo',1,12,2,'felipe.escalanteguido@ucr.ac.cr',0,'EM00200175XX','2019-05-15 17:35:36'),(176,'S/P','Arturito','S/M','S/M','S/S','CIMPA','Arturito',1,12,2,'felipe.escalanteguido@ucr.ac.cr',0,'EM00200176XX','2019-05-15 17:35:36'),(177,'S/P','Pizarra Acrílica','S/M','S/M','S/S','CIMPA','Pizarra Acrílica',1,12,7,'felipe.escalanteguido@ucr.ac.cr',0,'EM00700177XX','2019-05-15 17:35:36'),(178,'382157','Pantalla','ZIF','Z48Y-D4','K-151210116-Z48Y-D4-0493','CIMPA','Pantalla 48\'\'',1,13,7,'felipe.escalanteguido@ucr.ac.cr',0,'EM00700178XX','2019-05-15 17:35:36'),(179,'S/P','Pizarra Acrílica','S/M','S/M','S/S','CIMPA','Pizarra Acrílica',1,13,7,'felipe.escalanteguido@ucr.ac.cr',0,'EM00700179XX','2019-05-15 17:35:36'),(180,'362260','Mesa de madera','S/M','S/M','S/S','CIMPA','Mesa de madera Grande',1,13,2,'felipe.escalanteguido@ucr.ac.cr',0,'EM00200180XX','2019-05-15 17:35:36'),(181,'S/P','Silla 1','S/M','S/M','S/S','CIMPA','Silla mesa de sesiones',1,13,2,'felipe.escalanteguido@ucr.ac.cr',0,'EM00200181XX','2019-05-15 17:35:36'),(182,'S/P','Silla 2','S/M','S/M','S/S','CIMPA','Silla mesa de sesiones',1,13,2,'felipe.escalanteguido@ucr.ac.cr',0,'EM00200182XX','2019-05-15 17:35:36'),(183,'S/P','Silla 3','S/M','S/M','S/S','CIMPA','Silla mesa de sesiones',1,13,2,'felipe.escalanteguido@ucr.ac.cr',0,'EM00200183XX','2019-05-15 17:35:36'),(184,'S/P','Silla 4','S/M','S/M','S/S','CIMPA','Silla mesa de sesiones',1,13,2,'felipe.escalanteguido@ucr.ac.cr',0,'EM00200184XX','2019-05-15 17:35:36'),(185,'S/P','Silla 5','S/M','S/M','S/S','CIMPA','Silla mesa de sesiones',1,13,2,'felipe.escalanteguido@ucr.ac.cr',0,'EM00200185XX','2019-05-15 17:35:36'),(186,'S/P','Silla 6','S/M','S/M','S/S','CIMPA','Silla mesa de sesiones',1,13,2,'felipe.escalanteguido@ucr.ac.cr',0,'EM00200186XX','2019-05-15 17:35:36'),(187,'S/P','Silla 7','S/M','S/M','S/S','CIMPA','Silla mesa de sesiones',1,13,2,'felipe.escalanteguido@ucr.ac.cr',0,'EM00200187XX','2019-05-15 17:35:36'),(188,'S/P','Silla 8','S/M','S/M','S/S','CIMPA','Silla mesa de sesiones',1,13,2,'felipe.escalanteguido@ucr.ac.cr',0,'EM00200188XX','2019-05-15 17:35:36'),(189,'S/P','Silla 9','S/M','S/M','S/S','CIMPA','Silla mesa de sesiones',1,13,2,'felipe.escalanteguido@ucr.ac.cr',0,'EM00200189XX','2019-05-15 17:35:36'),(190,'S/P','Silla 10','S/M','S/M','S/S','CIMPA','Silla mesa de sesiones',1,13,2,'felipe.escalanteguido@ucr.ac.cr',0,'EM00200190XX','2019-05-15 17:35:36'),(191,'379262','Punto de acceso','CISCO','AIR-CAP17021-A-K9','FJC2021F3PN','CI','Punto de acceso',1,13,1,'felipe.escalanteguido@ucr.ac.cr',0,'EM00100191XX','2019-05-15 17:35:36'),(192,'366295','Computadora','Dell','Optiplex 7010','9144416594','CIMPA','Core i5-3470 (3,2GHz)	8GB DDR3	1 TB	Windows 7 Professional',1,21,4,'felipe.escalanteguido@ucr.ac.cr',0,'EM00400192XX','2019-05-15 17:35:36'),(193,'S/P','Monitor','Dell','E2214Hb','CN-0F4WW6-74261-43E-1MRU T','CIMPA','Tamaño  21.5 \" Resolución 1920x1080p',1,14,4,'felipe.escalanteguido@ucr.ac.cr',0,'EM00400193XX','2019-05-15 17:35:36'),(194,'326365','Teléfono IP','CISCO','CP-6921','PXN1521S2UP','CIMPA','Teléfono IP',1,14,3,'felipe.escalanteguido@ucr.ac.cr',0,'EM00300194XX','2019-05-15 17:35:36'),(195,'348396','Impresora','Lexmart','MS410DN','451420LM06B25','CIMPA','Blanco y Negro',1,14,4,'felipe.escalanteguido@ucr.ac.cr',0,'EM00400195XX','2019-05-15 17:35:36'),(196,'362209','Estación de Trabajo','S/M','S/M','S/S','CIMPA','Estación de Trabajo Dirección',1,14,2,'felipe.escalanteguido@ucr.ac.cr',0,'EM00200196XX','2019-05-15 17:35:36'),(197,'S/P','Silla Ejecutiva','S/M','S/M','S/S','CIMPA','Silla Ejecutiva',1,14,2,'felipe.escalanteguido@ucr.ac.cr',0,'EM00200197XX','2019-05-15 17:35:36'),(198,'S/P','Banca de espera','S/M','S/M','S/S','CIMPA','Banca de espera dirección',1,14,2,'felipe.escalanteguido@ucr.ac.cr',0,'EM00200198XX','2019-05-15 17:35:36'),(199,'S/P','Silla de Espera 1','S/M','S/M','S/S','CIMPA','Silla de Espera 1',1,14,2,'felipe.escalanteguido@ucr.ac.cr',0,'EM00200199XX','2019-05-15 17:35:36'),(200,'S/P','Silla de Espera 2','S/M','S/M','S/S','CIMPA','Silla de Espera 2',1,14,2,'felipe.escalanteguido@ucr.ac.cr',0,'EM00200200XX','2019-05-15 17:35:36'),(201,'S/P','Estantería','S/M','S/M','S/S','CIMPA','Estantería',1,7,2,'felipe.escalanteguido@ucr.ac.cr',0,'EM00200201XX','2019-05-15 17:35:36'),(202,'S/P','Mesa blanca','S/M','S/M','S/S','CIMPA','Mesa pequeña para impresora',1,14,2,'felipe.escalanteguido@ucr.ac.cr',0,'EM00200202XX','2019-05-15 17:35:36'),(203,'326356','Teléfono IP','CISCO','CP-6921','PXN1521S2W0','CIMPA','Teléfono IP',1,12,3,'felipe.escalanteguido@ucr.ac.cr',0,'EM00300203XX','2019-05-15 17:35:36'),(204,'366288','Computadora','Dell','Optiplex 7010','9503807762','CIMPA','Core i5-3470 (3,2GHz)	8GB DDR3	1 TB	Windows 10 Pro',1,16,4,'felipe.escalanteguido@ucr.ac.cr',0,'EM00400204XX','2019-05-15 17:35:36'),(205,'347363','Monitor','Dell','E1913c','CN-06JX4Y-64180-2BN-3x0S','CIMPA','Tamaño  17 \" Resolución 1440x900',1,16,4,'felipe.escalanteguido@ucr.ac.cr',0,'EM00400205XX','2019-05-15 17:35:36'),(206,'333900','Impresora','Epson','Stylus DX560WD','MGLY003618','CIMPA','Impresora a color multi funcional',4,16,4,'felipe.escalanteguido@ucr.ac.cr',0,'EM00400206XX','2019-05-15 17:35:36'),(207,'363556','Estación de Trabajo','S/M','S/M','S/S','CIMPA','Estación de Trabajo',1,16,2,'felipe.escalanteguido@ucr.ac.cr',0,'EM00200207XX','2019-05-15 17:35:36'),(208,'326370','Teléfono IP','CISCO','CP-6921','PXN1521S2W5','CIMPA','Teléfono IP',1,16,3,'felipe.escalanteguido@ucr.ac.cr',0,'EM00300208XX','2019-05-15 17:35:36'),(209,'S/P','Arturito','S/M','S/M','S/S','CIMPA','Arturito',1,16,2,'felipe.escalanteguido@ucr.ac.cr',0,'EM00200209XX','2019-05-15 17:35:36'),(210,'S/P','Silla Ejecutiva','S/M','S/M','S/S','CIMPA','Silla Ejecutiva',1,16,2,'felipe.escalanteguido@ucr.ac.cr',0,'EM00200210XX','2019-05-15 17:35:36'),(211,'S/P','Estantería','S/M','S/M','S/S','CIMPA','Estantería',1,16,2,'felipe.escalanteguido@ucr.ac.cr',0,'EM00200211XX','2019-05-15 17:35:36'),(212,'379686','Computadora','HP','ProDesk 600G2 MT','MXL6181TYS','CIMPA','Core i7-6700 (3,4GHz)	16GB DDR4	1 TB	Windows 10 PRO',1,15,4,'felipe.escalanteguido@ucr.ac.cr',0,'EM00400212XX','2019-05-15 17:35:36'),(213,'366293','CPU','Dell','Optiplex 7010','8945988626','CIMPA','Core i5-3470 (3,2GHz)	8GB DDR3	1 TB	Windows 10 Pro',1,12,4,'felipe.escalanteguido@ucr.ac.cr',0,'EM00400213XX','2019-05-15 17:35:36'),(214,'S/P','Monitor','HP','P222va','CNK6110BTS T','CIMPA','Tamaño  21.5 \" Resolución 1920x1080p',1,12,4,'felipe.escalanteguido@ucr.ac.cr',0,'EM00400214XX','2019-05-15 17:35:36'),(215,'S/P','Impresora','Ricoh','MP305+','G586P901109','CIMPA','Multi funcional',1,15,4,'felipe.escalanteguido@ucr.ac.cr',0,'EM00400215XX','2019-05-15 17:35:36'),(216,'S/P','Impresora','Brother','MFC-T800w','U64052E5H777825','CIMPA','Multi funcional a color',1,15,4,'felipe.escalanteguido@ucr.ac.cr',0,'EM00400216XX','2019-05-15 17:35:36'),(217,'326366','Teléfono IP','CISCO','CP-6921','PXN1521S3BK','CIMPA','Teléfono IP',1,15,3,'felipe.escalanteguido@ucr.ac.cr',0,'EM00300217XX','2019-05-15 17:35:36'),(218,'S/P','Trituradora','GBC','SC170','PM1602600838','CIMPA','Trituradora de papel',1,15,6,'felipe.escalanteguido@ucr.ac.cr',0,'EM00600218XX','2019-05-15 17:35:36'),(219,'363555','Estación de Trabajo','S/M','S/M','S/S','CIMPA','Estación de Trabajo',1,15,2,'felipe.escalanteguido@ucr.ac.cr',0,'EM00200219XX','2019-05-15 17:35:36'),(220,'S/P','Arturito','S/M','S/M','S/S','CIMPA','Arturito',1,15,2,'felipe.escalanteguido@ucr.ac.cr',0,'EM00200220XX','2019-05-15 17:35:36'),(221,'74145','Archivo Metálico','Rosago','S/M','S/S','CIMPA','Archivo Metálico',1,15,6,'felipe.escalanteguido@ucr.ac.cr',0,'EM00600221XX','2019-05-15 17:35:36'),(222,'S/P','Estantería 1','S/M','S/M','S/S','CIMPA','Estantería 1',1,15,2,'felipe.escalanteguido@ucr.ac.cr',0,'EM00200222XX','2019-05-15 17:35:36'),(223,'S/P','Estantería 2','S/M','S/M','S/S','CIMPA','Estantería 2',1,15,2,'felipe.escalanteguido@ucr.ac.cr',0,'EM00200223XX','2019-05-15 17:35:36'),(224,'S/P','Silla Ejecutiva','S/M','S/M','S/S','CIMPA','Silla Ejecutiva',1,15,2,'felipe.escalanteguido@ucr.ac.cr',0,'EM00200224XX','2019-05-15 17:35:36'),(225,'S/P','Silla de Espera','S/M','S/M','S/S','CIMPA','Silla de Espera',1,15,2,'felipe.escalanteguido@ucr.ac.cr',0,'EM00200225XX','2019-05-15 17:35:36'),(226,'S/P','Pizarra','S/M','S/M','S/S','CIMPA','Pizarra dividida en acrílica y corcho',1,15,7,'felipe.escalanteguido@ucr.ac.cr',0,'EM00700226XX','2019-05-15 17:35:36'),(227,'371385','Portátil 1','Toshiba','Satellite S55-B52558','ZE40181CDC19V','CIMPA','Core i7-4710 (2.5GHz)	8GB DDR3	1 TB	Windows 8.1',1,15,4,'felipe.escalanteguido@ucr.ac.cr',0,'EM00400227XX','2019-05-15 17:35:36'),(228,'272394','Portátil 2','Dell','PP04X','CN-0XM006-48643-818-0347','CIMPA','AMD Semprom	1GHz DDR2	80GB	Ubuntu 14',1,15,4,'felipe.escalanteguido@ucr.ac.cr',0,'EM00400228XX','2019-05-15 17:35:36'),(229,'368116','Portátil 4','Acer','Aspire V5 series ZHL','NXMFRAL055352110CD7600','CIMPA','AMD Dual-Core(1GHz)	2GB DDR3	500GB	Windows 8,1 PRO',1,15,4,'felipe.escalanteguido@ucr.ac.cr',0,'EM00400229XX','2019-05-15 17:35:36'),(230,'331477','Portátil 5','HP','Probook 6465b','CNU1460C0F','CIMPA','AMD A4-3310MX (2,10GHz)	4GB DDR3	500GB	Windows 7 Professional',1,15,4,'felipe.escalanteguido@ucr.ac.cr',0,'EM00400230XX','2019-05-15 17:35:36'),(231,'S/P','Portátil 6','Acer','ES1-512 series MS2394','NXMRWAL0044340386D6600','CIMPA','Celeron N2840 (2.16GHz)	4GB DDR3	500GB	Windows 8,1 PRO',1,15,4,'felipe.escalanteguido@ucr.ac.cr',0,'EM00400231XX','2019-05-15 17:35:36'),(232,'378764','Portátil 7','HP','Pavilion Notebook','5CD54560L4','CIMPA','Core i7-6700Hq (2,6GHz)	8GB DDR3	1 TB	Windows 10 Pro',1,15,4,'felipe.escalanteguido@ucr.ac.cr',0,'EM00400232XX','2019-05-15 17:35:36'),(233,'243469','Video Beam 2','Epson','EMP-X13','GYHF690263L','CIMPA','Video Beam VGA',1,15,7,'felipe.escalanteguido@ucr.ac.cr',0,'EM00700233XX','2019-05-15 17:35:36'),(234,'357256','Video Beam 5','Acer','CWV1109','EYJE00101034700AB25901','CIMPA','Video Beam pequeño',1,15,7,'felipe.escalanteguido@ucr.ac.cr',0,'EM00700234XX','2019-05-15 17:35:36'),(235,'380225','Video Beam 4','Epson','Power Live W28+','V6YK5400347','CIMPA','Video Beam blanco HDMI',1,15,7,'felipe.escalanteguido@ucr.ac.cr',0,'EM00700235XX','2019-05-15 17:35:36'),(236,'S/P','Disco Duro Externo','Toshiba','canvio basics','46N1T3I0T4GE','CIMPA','Disco Duro Externo 1TB',1,15,4,'felipe.escalanteguido@ucr.ac.cr',0,'EM00400236XX','2019-05-15 17:35:36'),(237,'378765','Portátil 3','HP','Pavilion Notebook','5CD5457DFW','CIMPA','Core i7-6700Hq (2,6GHz)	8GB DDR3	1 TB',1,15,4,'felipe.escalanteguido@ucr.ac.cr',0,'EM00400237XX','2019-05-15 17:35:36'),(238,'335921','Unidad de CD Pórtatil','Samsung','SE-208','R8L46GXB823545','CIMPA','DVD',1,15,4,'felipe.escalanteguido@ucr.ac.cr',0,'EM00400238XX','2019-05-15 17:35:36'),(239,'329184','Disco duro externo','HP','DT2000i','WCAZA8943451','CIMPA','Disco duro externo 2TB',1,15,4,'felipe.escalanteguido@ucr.ac.cr',0,'EM00400239XX','2019-05-15 17:35:36'),(240,'337110','Grabadora de voz','Sony','ICD-PX312F','1929042','CIMPA','Grabadora de voz 2 GB',1,15,1,'felipe.escalanteguido@ucr.ac.cr',0,'EM00100240XX','2019-05-15 17:35:36'),(241,'S/P','Encuadernadora','GBC','Personal BindMate 7706170','0808150209','CIMPA','Encuadernadora',1,15,6,'felipe.escalanteguido@ucr.ac.cr',0,'EM00600241XX','2019-05-15 17:35:36'),(243,'366287','Computadora','Dell','Optiplex 7010','8986165650','CIMPA','Core i5-3470 (3,2GHz)	8GB DDR3	1 TB	Windows 10 Pro',1,18,4,'felipe.escalanteguido@ucr.ac.cr',0,'EM00400243XX','2019-05-15 17:35:36'),(244,'S/P','Monitor','Dell','E2214Hb','CN-0F4WW6-74261-43E-1LVU T','CIMPA','Tamaño  21.5 \" Resolución 1920x1080p',1,18,4,'felipe.escalanteguido@ucr.ac.cr',0,'EM00400244XX','2019-05-15 17:35:36'),(245,'351086','Teléfono IP','CISCO','CP-6921','PUC170218PW','CIMPA','Teléfono IP',1,18,4,'felipe.escalanteguido@ucr.ac.cr',0,'EM00400245XX','2019-05-15 17:35:36'),(246,'S/P','ATA','CISCO','ATA 187','FCH182590V9','CIMPA','Adaptador para Telefonía analógica',1,15,3,'felipe.escalanteguido@ucr.ac.cr',0,'EM00300246XX','2019-05-15 17:35:36'),(247,'S/P','Impresora','Brother','DCP-7060D','U62711J3N981521','CIMPA','Blanco y Negro Multifuncional',1,18,4,'felipe.escalanteguido@ucr.ac.cr',0,'EM00400247XX','2019-05-15 17:35:36'),(248,'351589','Fax','Brother','Personal Fax 275','U56454K2K045002','CIMPA','Teléfono Fax',4,18,3,'felipe.escalanteguido@ucr.ac.cr',1,'EM00300248XX','2019-05-15 17:35:36'),(249,'363492','Estación de Trabajo','S/M','S/M','S/S','CIMPA','Estación de Trabajo',1,18,2,'felipe.escalanteguido@ucr.ac.cr',0,'EM00200249XX','2019-05-15 17:35:36'),(250,'S/P','Arturito','S/M','S/M','S/S','CIMPA','Arturito',1,18,2,'felipe.escalanteguido@ucr.ac.cr',0,'EM00200250XX','2019-05-15 17:35:36'),(251,'S/P','Arturito 2','S/M','S/M','S/S','CIMPA','Arturito 2',1,18,2,'felipe.escalanteguido@ucr.ac.cr',0,'EM00200251XX','2019-05-15 17:35:36'),(252,'S/P','Arturito 3','S/M','S/M','S/S','CIMPA','Arturito 3',1,18,2,'felipe.escalanteguido@ucr.ac.cr',0,'EM00200252XX','2019-05-15 17:35:36'),(253,'S/P','Silla Ejecutiva','S/M','S/M','S/S','CIMPA','Silla Ejecutiva',1,18,2,'felipe.escalanteguido@ucr.ac.cr',0,'EM00200253XX','2019-05-15 17:35:36'),(254,'S/P','Silla de Espera','S/M','S/M','S/S','CIMPA','Silla de Espera',1,18,2,'felipe.escalanteguido@ucr.ac.cr',0,'EM00200254XX','2019-05-15 17:35:36'),(255,'S/P','Secamanos','Nova5','0112','M1307-10031','CIMPA','Secamanos',1,17,8,'felipe.escalanteguido@ucr.ac.cr',0,'EM00800255XX','2019-05-15 17:35:36'),(256,'S/P','Casillero','S/M','S/M','S/S','CIMPA','Casillero',1,17,2,'felipe.escalanteguido@ucr.ac.cr',0,'EM00200256XX','2019-05-15 17:35:36'),(257,'S/P','Secamanos','Nova5','0112','M1307-10029','CIMPA','Secamanos',1,20,8,'felipe.escalanteguido@ucr.ac.cr',0,'EM00800257XX','2019-05-15 17:35:36'),(258,'S/P','Casillero 1','S/M','S/M','S/S','CIMPA','Casillero 1',1,20,2,'felipe.escalanteguido@ucr.ac.cr',0,'EM00200258XX','2019-05-15 17:35:36'),(259,'S/P','Casillero 2','S/M','S/M','S/S','CIMPA','Casillero 2',1,20,2,'felipe.escalanteguido@ucr.ac.cr',0,'EM00200259XX','2019-05-15 17:35:36'),(260,'S/P','Escalera','S/M','S/M','110102253012','CIMPA','Escalera pequeña',1,19,8,'felipe.escalanteguido@ucr.ac.cr',0,'EM00800260XX','2019-05-15 17:35:36'),(261,'S/P','Estantería','S/M','S/M','S/S','CIMPA','Estantería',1,23,2,'felipe.escalanteguido@ucr.ac.cr',0,'EM00200261XX','2019-05-15 17:35:36'),(262,'S/P','Escalera','Davidson','S/M','S/S','CIMPA','Escalera grande',1,19,8,'felipe.escalanteguido@ucr.ac.cr',0,'EM00800262XX','2019-05-15 17:35:36'),(263,'S/P','Pantalla','Erick-son','L23E4200','OLE114753B0258','CIMPA','Pantalla  20\'\'',1,22,7,'felipe.escalanteguido@ucr.ac.cr',0,'EM00700263XX','2019-05-15 17:35:36'),(264,'372839','Mesa de comedor','S/M','S/M','S/S','CIMPA','Mesa de comedor  redonda',1,22,2,'felipe.escalanteguido@ucr.ac.cr',0,'EM00200264XX','2019-05-15 17:35:36'),(265,'S/P','Silla de comedor 1','S/M','S/M','S/S','CIMPA','Silla de comedor 1',1,22,2,'felipe.escalanteguido@ucr.ac.cr',0,'EM00200265XX','2019-05-15 17:35:36'),(266,'S/P','Silla  de comedor 2','S/M','S/M','S/S','CIMPA','Silla  de comedor 2',1,22,2,'felipe.escalanteguido@ucr.ac.cr',0,'EM00200266XX','2019-05-15 17:35:36'),(267,'S/P','Silla  de comedor 3','S/M','S/M','S/S','CIMPA','Silla  de comedor 3',1,22,2,'felipe.escalanteguido@ucr.ac.cr',0,'EM00200267XX','2019-05-15 17:35:36'),(268,'S/P','Silla  de comedor 4','S/M','S/M','S/S','CIMPA','Silla  de comedor 4',1,22,2,'felipe.escalanteguido@ucr.ac.cr',0,'EM00200268XX','2019-05-15 17:35:36'),(269,'S/P','Silla  de comedor 5','S/M','S/M','S/S','CIMPA','Silla  de comedor 5',1,22,2,'felipe.escalanteguido@ucr.ac.cr',0,'EM00200269XX','2019-05-15 17:35:36'),(270,'S/P','Silla  de comedor 6','S/M','S/M','S/S','CIMPA','Silla  de comedor 6',1,22,2,'felipe.escalanteguido@ucr.ac.cr',0,'EM00200270XX','2019-05-15 17:35:36'),(271,'S/P','Silla de Espera','S/M','S/M','S/S','CIMPA','Silla de Espera',1,22,2,'felipe.escalanteguido@ucr.ac.cr',0,'EM00200271XX','2019-05-15 17:35:36'),(272,'S/P','Silla de Espera','S/M','S/M','S/S','CIMPA','Silla de Espera',1,2,2,'felipe.escalanteguido@ucr.ac.cr',0,'EM00200272XX','2019-05-15 17:35:36'),(273,'S/P','Juego de sala','S/M','S/M','S/S','CIMPA','Juego de sala beige',1,22,2,'felipe.escalanteguido@ucr.ac.cr',0,'EM00200273XX','2019-05-15 17:35:36'),(274,'292835','Microondas','LG','MS-0745V','801TAKK05981','CIMPA','Microondas 1',1,22,5,'felipe.escalanteguido@ucr.ac.cr',0,'EM00500274XX','2019-05-15 17:35:36'),(275,'327456','Estantería','S/M','S/M','S/S','CIMPA','Estantería Blanca',1,22,2,'felipe.escalanteguido@ucr.ac.cr',0,'EM00200275XX','2019-05-15 17:35:36'),(276,'292836','Refrigeradora','Atlas','S/M','794653044350','CIMPA','Refrigeradora Grande',1,22,5,'felipe.escalanteguido@ucr.ac.cr',0,'EM00500276XX','2019-05-15 17:35:36'),(277,'336332','Microondas','FRIGIDAIRE','FMDJ07S3MJW','15101167','CIMPA','Microondas 2',1,22,5,'felipe.escalanteguido@ucr.ac.cr',0,'EM00500277XX','2019-05-15 17:35:36'),(278,'S/P','Coffee Maker','Proctor Silex','43501Y','C1511DJ','CIMPA','Coffee Maker Blanco',1,22,5,'felipe.escalanteguido@ucr.ac.cr',0,'EM00500278XX','2019-05-15 17:35:36'),(279,'S/P','Tostadora','Hamilton Beach','220708','C0921B1','CIMPA','Tostadora',1,22,5,'felipe.escalanteguido@ucr.ac.cr',0,'EM00500279XX','2019-05-15 17:35:36'),(280,'S/P','Máquina para hacer café','Oster','PrimaLatte','S/S','CIMPA',' Máquina para hacer café Negro',1,22,5,'felipe.escalanteguido@ucr.ac.cr',0,'EM00500280XX','2019-05-15 17:35:36'),(281,'S/P','Cafetera Electrica','Durabrand','XD0208B-WM-CA','S/S','CIMPA','Cafetera Electrica Blanca',1,22,5,'felipe.escalanteguido@ucr.ac.cr',0,'EM00500281XX','2019-05-15 17:35:36'),(282,'S/P','Coffee Maker','Black&Decker','DCM1100B','S/S','CIMPA','Coffee Maker Negro',1,22,5,'felipe.escalanteguido@ucr.ac.cr',0,'EM00500282XX','2019-05-15 17:35:36'),(283,'S/P','Percolador','West Bend','54130','S/S','CIMPA','Percolador pequeño',1,22,5,'felipe.escalanteguido@ucr.ac.cr',0,'EM00500283XX','2019-05-15 17:35:36'),(284,'S/P','Percolador','Hamilton Beach','40514','A5131BW','CIMPA','Percolador Grande',1,22,5,'felipe.escalanteguido@ucr.ac.cr',0,'EM00500284XX','2019-05-15 17:35:36'),(285,'363580','Estación de Trabajo','S/M','S/M','S/S','CIMPA','Estación de Trabajo',1,22,2,'felipe.escalanteguido@ucr.ac.cr',0,'EM00200285XX','2019-05-15 17:35:36'),(287,'S/P','Extintor','Amerex','S/M','AC-639436','CIMPA','Extintor Categoría Líquidos y Equipo Eléctrico BC',1,24,8,'felipe.escalanteguido@ucr.ac.cr',0,'EM00800287XX','2019-05-15 17:35:36'),(288,'S/P','Extintor 2','Amerex','S/M','S/S','CIMPA','Extintor Categoría Líquidos y Equipo Electrico (B,C)',1,24,8,'felipe.escalanteguido@ucr.ac.cr',0,'EM00800288XX','2019-05-15 17:35:36'),(289,'S/P','Pizarra de corcho 1','S/M','S/M','S/S','CIMPA','Pizarra de corcho',1,24,7,'felipe.escalanteguido@ucr.ac.cr',0,'EM00700289XX','2019-05-15 17:35:36'),(290,'S/P','Pizarra de corcho 2','S/M','S/M','S/S','CIMPA','Pizarra de corcho 2',1,24,7,'felipe.escalanteguido@ucr.ac.cr',0,'EM00700290XX','2019-05-15 17:35:36'),(291,'379261','Punto de acceso','CISCO','AIR-CAP-17021-A-K-9','FJC2021F3MW','CIMPA','Punto de acceso',1,24,1,'felipe.escalanteguido@ucr.ac.cr',0,'EM00100291XX','2019-05-15 17:35:36'),(292,'218308','Refigeradora Pequeña','Haier','HSL04WNAWW','E2003603123','Cimpa','Refigeradora Pequeña',1,24,5,'felipe.escalanteguido@ucr.ac.cr',0,'EM00500292XX','2019-05-15 17:35:36'),(293,'S/P','Silla Ejecutiva Allan','S/M','S/M','S/S','CIMPA','Silla Ejecutiva',1,10,6,'felipe.escalanteguido@ucr.ac.cr',0,'EM00600293XX','2019-05-15 17:35:36'),(294,'S/P','Silla Ejecutiva Alberto','S/M','S/M','S/S','CIMPA','Silla Ejecutiva',1,10,6,'felipe.escalanteguido@ucr.ac.cr',0,'EM00600294XX','2019-05-15 17:35:36'),(295,'S/P','Silla Ejecutiva 3','S/M','S/M','S/S','CIMPA','Silla Ejecutiva',1,2,6,'felipe.escalanteguido@ucr.ac.cr',0,'EM00600295XX','2019-05-15 17:35:36'),(296,'S/P','Silla Ejecutiva 4','S/M','S/M','S/S','CIMPA','Silla Ejecutiva',1,2,6,'felipe.escalanteguido@ucr.ac.cr',0,'EM00600296XX','2019-05-15 17:35:36'),(297,'S/P','Silla Ejecutiva 5','S/M','S/M','S/S','CIMPA','Silla Ejecutiva',1,2,6,'felipe.escalanteguido@ucr.ac.cr',0,'EM00600297XX','2019-05-15 17:35:36'),(298,'S/P','Silla Ejecutiva 6','S/M','S/M','S/S','CIMPA','Silla Ejecutiva',1,2,6,'felipe.escalanteguido@ucr.ac.cr',0,'EM00600298XX','2019-05-15 17:35:36'),(299,'S/P','Silla Ejecutiva Samaria','S/M','S/M','S/S','CIMPA','Silla Ejecutiva',1,10,6,'felipe.escalanteguido@ucr.ac.cr',0,'EM00600299XX','2019-05-15 17:35:36'),(300,'S/P','Silla de Espera 1','S/M','S/M','S/S','CIMPA','Silla de Espera',1,2,6,'felipe.escalanteguido@ucr.ac.cr',0,'EM00600300XX','2019-05-15 17:35:36'),(301,'S/P','Silla de Espera 2','S/M','S/M','S/S','CIMPA','Silla de Espera',1,2,6,'felipe.escalanteguido@ucr.ac.cr',0,'EM00600301XX','2019-05-15 17:35:36'),(302,'S/P','Silla de Espera 3','S/M','S/M','S/S','CIMPA','Silla de Espera',1,2,6,'felipe.escalanteguido@ucr.ac.cr',0,'EM00600302XX','2019-05-15 17:35:36'),(303,'S/P','Silla de Espera 4','S/M','S/M','S/S','CIMPA','Silla de Espera',1,22,6,'felipe.escalanteguido@ucr.ac.cr',0,'EM00600303XX','2019-05-15 17:35:36'),(304,'363563','Estación de Tabajo Cubículo 4','S/M','S/M','S/S','CIMPA','Estación de Tabajo Cubículo 4',1,7,2,'felipe.escalanteguido@ucr.ac.cr',0,'EM00200304XX','2019-05-15 17:35:36'),(305,'363561','Estación de Tabajo Cubículo 3','S/M','S/M','S/S','CIMPA','Estación de Tabajo Cubículo 3',1,6,2,'felipe.escalanteguido@ucr.ac.cr',0,'EM00200305XX','2019-05-15 17:35:36'),(306,'363559','Estación de Tabajo Cubículo 2','S/M','S/M','S/S','CIMPA','Estación de Tabajo Cubículo 2',1,9,2,'felipe.escalanteguido@ucr.ac.cr',0,'EM00200306XX','2019-05-15 17:35:36'),(307,'363558','Estación de Tabajo Cubículo 1','S/M','S/M','S/S','CIMPA','Estación de Tabajo Cubículo 1',1,8,2,'felipe.escalanteguido@ucr.ac.cr',0,'EM00200307XX','2019-05-15 17:35:36'),(308,'S/P','Banco de Madera 2','S/M','S/M','S/S','CIMPA','Banco de Madera 2',1,23,6,'felipe.escalanteguido@ucr.ac.cr',0,'EM00600308XX','2019-05-15 17:35:36'),(309,'356329','Punto de Acceso','CISCO','AIR-LAP1041N-A-K9','FTX1648K42C','C.I','Punto de Acceso',1,2,1,'felipe.escalanteguido@ucr.ac.cr',0,'EM00100309XX','2019-05-15 17:35:36'),(310,'356328','Punto de Acceso','CISCO','AIR-LAP1041N-A-K9','FTX1648K42B','C.I','Punto de Acceso',1,24,1,'felipe.escalanteguido@ucr.ac.cr',0,'EM00100310XX','2019-05-15 17:35:36'),(311,'325918','Portátil 8','Dell','E6420ATG','2CE1491GSW','CIMPA','Core i5, 2GB de RAM, 250GB',1,15,4,'felipe.escalanteguido@ucr.ac.cr',0,'EM00400311XX','2019-05-15 17:35:36'),(312,'277515','Mueble','S/M','S/M','S/S','CIMPA','Mueble de Madera',1,26,2,'felipe.escalanteguido@ucr.ac.cr',0,'EM00200312XX','2019-05-15 17:35:36'),(313,'287909','Monitor','HP','L1710','CNC903QJP6','CIMPA','Tamaño  17 \" Resolución 1280x1024p',1,28,4,'felipe.escalanteguido@ucr.ac.cr',0,'EM00400313XX','2019-05-15 17:35:36'),(315,'S/P','Teléfono IP Samaria','CISCO','CP-7821','WZP20440P7H','C.I.','Teléfono IP',1,10,3,'felipe.escalanteguido@ucr.ac.cr',0,'EM00300315XX','2019-05-15 17:35:36'),(316,'S/P','Teléfono IP Alberto','CISCO','CP-7821','WZP20440P6Q','C.I.','Teléfono IP',1,10,3,'felipe.escalanteguido@ucr.ac.cr',0,'EM00300316XX','2019-05-15 17:35:36'),(317,'S/P','Teléfono IP Rafael','CISCO','CP-7821','WZP20440P6B','C.I.','Teléfono IP',1,3,3,'felipe.escalanteguido@ucr.ac.cr',0,'EM00300317XX','2019-05-15 17:35:36'),(318,'S/P','Teléfono IP','CISCO','CP-7821','WZP20440P79','C.I.','Teléfono IP',3,15,3,'felipe.escalanteguido@ucr.ac.cr',0,'EM00300318XX','2019-05-15 17:35:36'),(319,'351591','Guillotina','SWINGLINE','9112','','CIMPA','Guillotina',1,21,6,'felipe.escalanteguido@ucr.ac.cr',0,'EM00600319XX','2019-05-15 17:35:36'),(323,'212577','Mueble Formica Verde','','','','CIMPA','',5,10,2,'juanblancosegleau@gmail.com',1,'EM00200323XX','2019-05-15 17:35:36'),(324,'254186','Estante Madera Tipo Biblioteca','','','','CIMPA','',5,10,2,'felipe.escalanteguido@ucr.ac.cr',1,'EM00200324XX','2019-05-15 17:35:36'),(326,'225011','Monitor','IBM','C170','88NMN88','CIMPA','Robado',7,10,4,'felipe.escalanteguido@ucr.ac.cr',1,'EM00400326XX','2019-05-15 17:35:36'),(328,'292365','Scanner','Benq','6642','1SA3703444550','CIMPA','Robado',7,10,4,'felipe.escalanteguido@ucr.ac.cr',1,'EM00400328XX','2019-05-15 17:35:36'),(329,'306907','Computadora Portátil','Dell','E6420ATG','2CE1491GSW','CIMPA','Robado',7,10,4,'felipe.escalanteguido@ucr.ac.cr',1,'EM00400329XX','2019-05-15 17:35:36'),(330,'387711','Impresora de Placas','Zebra','GK420t','29J170400659','CIMPA','Impresora de Etiquetas',1,15,4,'felipe.escalanteguido@ucr.ac.cr',0,'EM00400330XX','2019-05-15 17:35:36'),(331,'379197','Impresora','HP','M426FDW','PHB8J3395H','CIEQ','Impresora Multifuncional',1,24,4,'felipe.escalanteguido@ucr.ac.cr',0,'EM00400331XX','2019-05-15 17:35:36'),(332,'372679','Servidor CI','HP','DL 380 Gen9','MXQ5240121','CI','32 RAM, Procesador Xeon E5-2600, 1TB HDD',1,29,4,'felipe.escalanteguido@ucr.ac.cr',0,'EM00400332XX','2019-05-15 17:35:36'),(333,'301284','Impresora','HP','LaserJet P1006','VND3F84456','CIMPA','Impresora Blanco y Negro',1,15,4,'felipe.escalanteguido@ucr.ac.cr',0,'EM00400333XX','2019-05-15 17:35:36'),(334,'387930','Computadora Esteban','Dell','Precision tower 5810','5305GK2','CIEQ','32GB RAM, Procesador: Xeon e5-2620 2.4GHz, 2TB HDD',3,3,4,'felipe.escalanteguido@ucr.ac.cr',0,'EM00400334XX','2019-05-15 17:35:36'),(335,'387931','Computadora','Dell','Precision tower 5810','5300GK2','CIEQ','32GB RAM, Procesador: Xeon e5-2620 2.4GHz, 2TB HDD',3,15,4,'felipe.escalanteguido@ucr.ac.cr',0,'EM00400335XX','2019-05-15 17:35:36'),(336,'387932','Computadora','Dell','Precision tower 5810','5301GK2','CIEQ','32GB RAM, Procesador: Xeon e5-2620 2.4GHz, 2TB HDD',3,15,4,'felipe.escalanteguido@ucr.ac.cr',0,'EM00400336XX','2019-05-15 17:35:36'),(337,'387933','Computadora','Dell','Precision tower 5810','5311GK2','CIEQ','32GB RAM, Procesador: Xeon e5-2620 2.4GHz, 2TB HDD',3,21,4,'felipe.escalanteguido@ucr.ac.cr',0,'EM00400337XX','2019-05-15 17:35:36'),(338,'387934','Computadora Carlos Montalto','Dell','Precision tower 5810','52Z3GK2','CIEQ','32GB RAM, Procesador: Xeon e5-2620 2.4GHz, 2TB HDD',3,32,4,'felipe.escalanteguido@ucr.ac.cr',0,'EM00400338XX','2019-05-15 17:35:36'),(340,'S/P','Monitor Carlos Montalto','Dell','p2217H','CN-0668VCQDC0074T62ABA00','CIEQ','21\", LED',3,32,4,'felipe.escalanteguido@ucr.ac.cr',0,'EM00400340XX','2019-05-15 17:35:36'),(341,'S/P','Monitor Esteban','Dell','p2217H','CN-0668VC-QDC00-758-75UB-A00','CIEQ','21\", LED',1,3,4,'felipe.escalanteguido@ucr.ac.cr',0,'EM00400341XX','2019-05-15 17:35:36'),(342,'S/P','Pizarra Acrílica','S/M','S/M','S/S','CIMPA','Pizarra Acrílica',1,10,7,'felipe.escalanteguido@ucr.ac.cr',0,'EM00700342XX','2019-05-15 17:35:36'),(343,'S/P','Pizarra Acrílica','S/M','S/M','S/S','CIMPA','Pizarra Acrílica',1,10,7,'felipe.escalanteguido@ucr.ac.cr',0,'EM00700343XX','2019-05-15 17:35:36'),(344,'S/P','Coffe Maker','Black&Decker','CM2035BD','S/S','CIMPA','Coffe Maker',1,10,5,'felipe.escalanteguido@ucr.ac.cr',0,'EM00500344XX','2019-05-15 17:35:36'),(345,'S/P','Monitor Fabio','Dell','p2217H','CN-0668VC-QDC00-74T-62W8-A00','CIEQ','Monitor 21\" LED',1,21,4,'felipe.escalanteguido@ucr.ac.cr',0,'EM00400345XX','2019-05-15 17:35:36'),(349,'S/P','Monitor Mari','Dell','p2217H','CN-0668VC-QDC00-74T-634B-A00','CIEQ','Monitor 21\" LED',1,14,4,'felipe.escalanteguido@ucr.ac.cr',0,'EM00400349XX','2019-05-15 17:35:36'),(350,'339512','Arturito','S/M','S/M','S/S','CIMPA','Arturito',1,9,2,'felipe.escalanteguido@ucr.ac.cr',0,'EM00200350XX','2019-05-15 17:35:36'),(351,'350209','Tablet','AOC','MW0712','M14D312SD2195','CIMPA','Tablet 7\" Android 4, 1.2GHz CPU, 8GB de Almacenamiento, 1GB DRAM DDR3',1,14,4,'felipe.escalanteguido@ucr.ac.cr',0,'EM00400351XX','2019-05-15 17:35:36'),(353,'351590','Emplasticadora','S/M','S/M','S/S','CIMPA','Emplasticadora',1,15,6,'felipe.escalanteguido@ucr.ac.cr',0,'EM00600353XX','2019-05-15 17:35:36'),(354,'380680','Portátil 9','Dell','Latitude E5470','7WK9LC2','CIMPA','14\" - Core i5 6300U - 8 GB RAM - 500 GB HDD',1,15,4,'felipe.escalanteguido@ucr.ac.cr',0,'EM00400354XX','2019-05-15 17:35:36'),(355,'380681','Portátil','Dell','Latitude E5470','59G2KC2','CIMPA','14\" - Core i5 6300U - 8 GB RAM - 500 GB HDD',1,15,4,'felipe.escalanteguido@ucr.ac.cr',0,'EM00400355XX','2019-05-15 17:35:36'),(356,'391741','Video Beam','Epson','PowerLite w32+','WEKK7700229','CIMPA','Video Beam blanco HDMI',1,15,7,'felipe.escalanteguido@ucr.ac.cr',0,'EM00700356XX','2019-05-15 17:35:36'),(357,'401196','Pantalla','LG','43LJ5500','805MXBPMD901','CIMPA','43\" LED',1,22,5,'felipe.escalanteguido@ucr.ac.cr',0,'EM00500357XX','2019-05-15 17:35:36'),(358,'391742','Video Beam Lab','Epson','PowerLite W32+','WEKK7700299','CIMPA','Video Beam blanco HDMI',1,2,7,'felipe.escalanteguido@ucr.ac.cr',0,'EM00700358XX','2019-05-15 17:35:36'),(359,'S/P','Disco Duro Externo','Seagate','SRD0NF1','NA8ZZTXA','CIMPA','1TB, préstamo Milena',1,33,4,'felipe.escalanteguido@ucr.ac.cr',0,'EM00400359XX','2019-05-15 17:35:36'),(360,'S/P','Disco Duro Externo','Seagate','SRD0NF1','NA8QHCRS','CIMPA','1TB, préstamo Laura',1,16,4,'felipe.escalanteguido@ucr.ac.cr',0,'EM00400360XX','2019-05-15 17:35:36'),(362,'S/P','Disco Duro Externo','Seagate','STDR4000100','NA9S8VSQ','CIMPA','4TB, préstamo Fabio',1,6,4,'felipe.escalanteguido@ucr.ac.cr',0,'EM00400362XX','2019-05-15 17:35:36'),(363,'S/P','Laptop MAC','Apple','MacBook A1708','FVFXK16LHV2H','CIMPA','13\", Intel Core i5 2.3GHz, 8 GB DDR3, SSD de 128 GB',1,6,4,'felipe.escalanteguido@ucr.ac.cr',0,'EM00400363XX','2019-05-15 17:35:36'),(364,'401687','Cámara','Canon','EOS 77D','162031004733','CIMPA','Cámara Profesional',1,15,7,'felipe.escalanteguido@ucr.ac.cr',0,'EM00700364XX','2019-05-15 17:35:36'),(365,'S/P','Monitor','Dell','p2217H','CN-0668VC-QDC00-47T-62YB-A00','CIEQ','21\", LED',3,15,4,'felipe.escalanteguido@ucr.ac.cr',0,'EM00400365XX','2019-05-15 17:35:36'),(366,'S/P','Parlante','Durabrand','MBC01B15L','S/S','CIMPA','Parlante Negro',1,28,7,'felipe.escalanteguido@ucr.ac.cr',0,'EM00700366XX','2019-05-15 17:35:36'),(367,'401292','Servidor de Rack','Dell','PowerEdge R740','CPRFHQ2','CIMPA','Intel® Xeon, DDR$,',1,4,4,'felipe.escalanteguido@ucr.ac.cr',0,'EM00400367XX','2019-05-15 17:35:36'),(368,'S/P','Disco Duro Externo Mari','Seagate','SRD0NF1','NA8CE8MM','CIMPA','1TB, externo',1,15,4,'felipe.escalanteguido@ucr.ac.cr',0,'EM00400368XX','2019-05-15 17:35:36');

--
-- Table structure for table `perfiles_de_usuario`
--

CREATE TABLE `perfiles_de_usuario` (
  `usuarioID` int(11) DEFAULT NULL,
  `nombre_perfil` char(20) DEFAULT NULL,
  `valor` char(30) DEFAULT NULL,
  KEY `usuarioID` (`usuarioID`),
  CONSTRAINT `perfiles_de_usuario_ibfk_1` FOREIGN KEY (`usuarioID`) REFERENCES `usuarios` (`usuarioID`) ON DELETE CASCADE
) ENGINE=InnoDB DEFAULT CHARSET=latin1;

--
-- Dumping data for table `perfiles_de_usuario`
--


--
-- Table structure for table `sesion_toma_fisica`
--

CREATE TABLE `sesion_toma_fisica` (
  `ID` int(11) NOT NULL AUTO_INCREMENT,
  `usuario_creador` char(64) DEFAULT NULL,
  `usuario_editor` char(64) DEFAULT NULL,
  `nombre` char(30) DEFAULT NULL,
  `datos` text,
  `ubicacionID` int(11) DEFAULT NULL,
  `compartido` tinyint(1) NOT NULL DEFAULT '0',
  `fecha_corte` char(30) DEFAULT NULL,
  `fecha` timestamp NOT NULL DEFAULT CURRENT_TIMESTAMP ON UPDATE CURRENT_TIMESTAMP,
  PRIMARY KEY (`ID`),
  KEY `ubicacionID` (`ubicacionID`),
  CONSTRAINT `sesion_toma_fisica_ibfk_1` FOREIGN KEY (`ubicacionID`) REFERENCES `ubicaciones` (`ubicacionID`)
) ENGINE=InnoDB AUTO_INCREMENT=246 DEFAULT CHARSET=latin1;

--
-- Dumping data for table `sesion_toma_fisica`
--

INSERT INTO `sesion_toma_fisica` VALUES (83,'juanblancosegleau@gmail.com',NULL,'Test','EM00400001XX',2,0,'2018-04-30 09:20:53','2018-05-02 17:04:16'),(84,'juanblancosegleau@gmail.com',NULL,'Test',NULL,3,0,'2018-04-30 09:20:53','2018-05-02 16:51:02'),(85,'juanblancosegleau@gmail.com',NULL,'Test',NULL,4,0,'2018-04-30 09:20:53','2018-05-02 16:51:02'),(86,'juanblancosegleau@gmail.com',NULL,'Test',NULL,5,0,'2018-04-30 09:20:53','2018-05-02 16:51:02'),(87,'juanblancosegleau@gmail.com',NULL,'Test',NULL,6,0,'2018-04-30 09:20:53','2018-05-02 16:51:02'),(88,'juanblancosegleau@gmail.com',NULL,'Test',NULL,7,0,'2018-04-30 09:20:53','2018-05-02 16:51:02'),(89,'juanblancosegleau@gmail.com',NULL,'Test',NULL,8,0,'2018-04-30 09:20:53','2018-05-02 16:51:02'),(90,'juanblancosegleau@gmail.com',NULL,'Test',NULL,9,0,'2018-04-30 09:20:53','2018-05-02 16:51:02'),(91,'juanblancosegleau@gmail.com',NULL,'Test',NULL,10,0,'2018-04-30 09:20:53','2018-05-02 16:51:02'),(92,'juanblancosegleau@gmail.com',NULL,'Test',NULL,11,0,'2018-04-30 09:20:53','2018-05-02 16:51:02'),(93,'juanblancosegleau@gmail.com',NULL,'Test',NULL,12,0,'2018-04-30 09:20:53','2018-05-02 16:51:02'),(94,'juanblancosegleau@gmail.com',NULL,'Test',NULL,13,0,'2018-04-30 09:20:53','2018-05-02 16:51:02'),(95,'juanblancosegleau@gmail.com',NULL,'Test',NULL,14,0,'2018-04-30 09:20:53','2018-05-02 16:51:02'),(96,'juanblancosegleau@gmail.com',NULL,'Test',NULL,15,0,'2018-04-30 09:20:53','2018-05-02 16:51:02'),(97,'juanblancosegleau@gmail.com',NULL,'Test',NULL,16,0,'2018-04-30 09:20:53','2018-05-02 16:51:02'),(98,'juanblancosegleau@gmail.com',NULL,'Test',NULL,17,0,'2018-04-30 09:20:53','2018-05-02 16:51:02'),(99,'juanblancosegleau@gmail.com',NULL,'Test',NULL,18,0,'2018-04-30 09:20:53','2018-05-02 16:51:02'),(100,'juanblancosegleau@gmail.com',NULL,'Test',NULL,19,0,'2018-04-30 09:20:53','2018-05-02 16:51:02'),(101,'juanblancosegleau@gmail.com',NULL,'Test',NULL,20,0,'2018-04-30 09:20:53','2018-05-02 16:51:02'),(102,'juanblancosegleau@gmail.com',NULL,'Test',NULL,21,0,'2018-04-30 09:20:53','2018-05-02 16:51:02'),(103,'juanblancosegleau@gmail.com',NULL,'Test',NULL,22,0,'2018-04-30 09:20:53','2018-05-02 16:51:02'),(104,'juanblancosegleau@gmail.com',NULL,'Test',NULL,23,0,'2018-04-30 09:20:53','2018-05-02 16:51:02'),(105,'juanblancosegleau@gmail.com',NULL,'Test',NULL,24,0,'2018-04-30 09:20:53','2018-05-02 16:51:02'),(106,'juanblancosegleau@gmail.com',NULL,'Test',NULL,25,0,'2018-04-30 09:20:53','2018-05-02 16:51:02'),(107,'juanblancosegleau@gmail.com',NULL,'Test',NULL,26,0,'2018-04-30 09:20:53','2018-05-02 16:51:03'),(108,'juanblancosegleau@gmail.com',NULL,'Test',NULL,27,0,'2018-04-30 09:20:53','2018-05-02 16:51:03'),(109,'juanblancosegleau@gmail.com',NULL,'Test',NULL,28,0,'2018-04-30 09:20:53','2018-05-02 16:51:03'),(110,'juanblancosegleau@gmail.com',NULL,'Test',NULL,29,0,'2018-04-30 09:20:53','2018-05-02 16:51:03'),(111,'juanblancosegleau@gmail.com',NULL,'Test',NULL,30,0,'2018-04-30 09:20:53','2018-05-02 16:51:03'),(143,'juanblancosegleau@gmail.com',NULL,'Test',NULL,31,0,'2018-04-30 09:20:53','2018-11-01 16:20:14'),(146,'juanblancosegleau@gmail.com',NULL,'Test',NULL,32,0,'2018-04-30 09:20:53','2018-11-20 14:40:58'),(149,'juanblancosegleau@gmail.com',NULL,'Test',NULL,33,0,'2018-04-30 09:20:53','2018-11-21 16:11:31'),(214,'felipe.escalanteguido@ucr.ac.cr',NULL,'Inventario Mayo 2019','EM00200039XX\r\nEM00400002XX\r\nEM00400001XX\r\nEM00600294XX\r\nEM00600295XX\r\nEM00200040XX\r\nEM00200041XX\r\nEM00400003XX\r\nEM00400004XX\r\nEM00400007XX\r\nEM00400006XX\r\nEM00600107XX\r\nEM00600169XX\r\nEM00700049XX\r\nEM00700157XX\r\nEM00200045XX\r\nEM00200042XX\r\nEM00400009XX\r\nEM00600300XX\r\nEM00600301XX\r\nEM00400015XX\r\nEM00400014XX\r\nEM00200043XX\r\nEM00200044XX\r\nEM00400124XX\r\nEM00400123XX\r\nEM00600298XX\r\nEM00200048XX\r\nEM00400173XX\r\nEM00400096XX\r\nEM00600168XX\r\nEM00600302XX\r\nEM00400018XX\r\nEM00400019XX\r\nEM00600303XX\r\nEM00400164XX\r\nEM00400098XX\r\nEM00200046XX\r\nEM00700358XX\r\nEM00800050XX\r\nEM00600296XX\r\nEM00100309XX\r\nEM00400008XX\r\nEM00200047XX\r\n',2,0,'2019-05-15 11:35:36','2019-05-15 17:37:38'),(215,'felipe.escalanteguido@ucr.ac.cr',NULL,'Inventario Mayo 2019','EM00300317XX\r\nEM00200030XX\r\nEM00400010XX\r\nEM00400011XX\r\nEM00200031XX\r\nEM00300024XX\r\nEM00400334XX\r\nEM00400341XX\r\nEM00300028XX\r\nEM00400026XX\r\nEM00400027XX\r\nEM00700033XX\r\nEM00600037XX\r\nEM00600038XX\r\nEM00200032XX\r\nEM00600151XX\r\nEM00600035XX\r\nEM00600036XX\r\nEM00600034XX\r\nEM00600159XX\r\n',3,0,'2019-05-15 11:35:36','2019-05-16 15:39:41'),(216,'felipe.escalanteguido@ucr.ac.cr',NULL,'Inventario Mayo 2019','EM00200071XX\r\nEM00600070XX\r\nEM00600057XX\r\nEM00200063XX\r\nEM00600056XX\r\nEM00200062XX\r\nEM00200065XX\r\nEM00700069XX\r\nEM00200058XX\r\nEM00700067XX\r\nEM00700066XX\r\nEM00200064XX\r\nEM00200054XX\r\nEM00400053XX\r\nEM00400052XX\r\nEM00300055XX\r\nEM00400051XX\r\nEM00400059XX\r\nEM00400060XX\r\nEM00300061XX\r\nEM00700068XX',4,0,'2019-05-15 11:35:36','2019-05-16 15:55:50'),(217,'felipe.escalanteguido@ucr.ac.cr',NULL,'Inventario Mayo 2019','EM00600149XX\r\nEM00600150XX\r\nEM00700158XX\r\nEM00300140XX',5,0,'2019-05-15 11:35:36','2019-05-16 15:43:17'),(218,'felipe.escalanteguido@ucr.ac.cr',NULL,'Inventario Mayo 2019','EM00300089XX\r\nEM00200086XX\r\nEM00200305XX\r\nEM00200087XX\r\nEM00200088XX\r\nEM00700090XX\r\nEM00700091XX\r\nEM00600092XX\r\nEM00600093XX\r\nEM00400363XX\r\nEM00400362XX',6,0,'2019-05-15 11:35:36','2019-05-22 15:48:20'),(219,'felipe.escalanteguido@ucr.ac.cr',NULL,'Inventario Mayo 2019','EM00200304XX\r\nEM00700077XX\r\nEM00200201XX\r\nEM00200146XX\r\nEM00300074XX\r\nEM00400072XX\r\nEM00400073XX\r\nEM00600297XX\r\nEM00600080XX',7,0,'2019-05-15 11:35:36','2019-05-16 16:05:38'),(220,'felipe.escalanteguido@ucr.ac.cr',NULL,'Inventario Mayo 2019','EM00200307XX\r\nEM00400109XX\r\nEM00400108XX\r\nEM00700119XX\r\nEM00300111XX\r\nEM00200113XX\r\nEM00200115XX\r\nEM00200114XX\r\nEM00700118XX\r\nEM00600117XX\r\nEM00400110XX\r\nEM00600116XX\r\n',8,0,'2019-05-15 11:35:36','2019-05-16 16:15:39'),(221,'felipe.escalanteguido@ucr.ac.cr',NULL,'Inventario Mayo 2019','EM00400094XX\r\nEM00400095XX\r\nEM00400097XX\r\nEM00300099XX\r\nEM00200306XX\r\nEM00200102XX\r\nEM00200101XX\r\nEM00700103XX\r\nEM00200350XX\r\nEM00600170XX\r\nEM00600105XX\r\nEM00200106XX\r\nEM00600104XX\r\n',9,0,'2019-05-15 11:35:36','2019-05-16 16:29:40'),(222,'felipe.escalanteguido@ucr.ac.cr',NULL,'Inventario Mayo 2019','EM00700152XX\r\nEM00400021XX\r\nEM00400020XX\r\nEM00700343XX\r\nEM00200147XX\r\nEM00200145XX\r\nEM00700342XX\r\nEM00400013XX\r\nEM00400012XX\r\nEM00300315XX\r\nEM00300316XX\r\nEM00600299XX\r\nEM00600293XX\r\nEM00600079XX\r\nEM00600078XX\r\n',10,0,'2019-05-15 11:35:36','2019-05-16 16:47:36'),(223,'felipe.escalanteguido@ucr.ac.cr',NULL,'Inventario Mayo 2019','EM00800161XX\r\nEM00800160XX',11,0,'2019-05-15 11:35:36','2019-05-22 16:44:14'),(224,'felipe.escalanteguido@ucr.ac.cr',NULL,'Inventario Mayo 2019','EM00400162XX\r\nEM00400214XX\r\nEM00400163XX\r\nEM00400172XX\r\nEM00300203XX\r\nEM00400213XX\r\nEM00700177XX\r\nEM00200176XX\r\nEM00200175XX\r\nEM00600174XX\r\nEM00400171XX\r\n',12,0,'2019-05-15 11:35:36','2019-05-20 16:45:38'),(225,'felipe.escalanteguido@ucr.ac.cr',NULL,'Inventario Mayo 2019','EM00700178XX\r\nEM00100191XX\r\nEM00200183XX\r\nEM00200181XX\r\nEM00200184XX\r\nEM00200185XX\r\nEM00200182XX\r\nEM00200186XX\r\nEM00200190XX\r\nEM00200189XX\r\nEM00200187XX\r\nEM00200188XX\r\nEM00700179XX\r\nEM00200180XX',13,0,'2019-05-15 11:35:36','2019-05-20 16:56:51'),(226,'felipe.escalanteguido@ucr.ac.cr',NULL,'Inventario Mayo 2019','EM00400193XX\r\nEM00300194XX\r\nEM00400195XX\r\nEM00200196XX\r\nEM00200199XX\r\nEM00200200XX\r\nEM00200076XX\r\nEM00200075XX\r\nEM00200198XX\r\nEM00200202XX\r\nEM00200197XX\r\n',14,0,'2019-05-15 11:35:36','2019-05-21 16:14:50'),(227,'felipe.escalanteguido@ucr.ac.cr',NULL,'Inventario Mayo 2019','EM00200219XX\r\nEM00200225XX\r\nEM00600221XX\r\nEM00200222XX\r\nEM00400349XX\r\nEM00400216XX\r\nEM00300217XX\r\nEM00200220XX\r\nEM00200224XX\r\nEM00400354XX\r\nEM00400311XX\r\nEM00400230XX\r\nEM00400229XX\r\nEM00400237XX\r\nEM00400228XX\r\nEM00700234XX\r\nEM00700364XX\r\nEM00400351XX\r\nEM00700235XX\r\nEM00700356XX\r\nEM00700233XX\r\nEM00400122XX\r\nEM00400355XX\r\nEM00200030XX\r\nEM00400330XX\r\nEM00300318XX\r\nEM00600319XX\r\nEM00400239XX\r\nEM00600353XX\r\nEM00400025XX\r\nEM00400121XX\r\nEM00400336XX\r\nEM00400215XX\r\nEM00600218XX\r\nEM00300029XX\r\nEM00700226XX\r\nEM00200223XX\r\nEM00400227XX\r\nEM00400231XX\r\nEM00400232XX\r\nEM00400238XX\r\nEM00100240XX\r\nEM00400335XX\r\nEM00400365XX\r\nEM00300246XX\r\nEM00400333XX\r\nEM00600241XX\r\nEM00400368XX',15,0,'2019-05-15 11:35:36','2019-05-21 17:50:51'),(228,'felipe.escalanteguido@ucr.ac.cr',NULL,'Inventario Mayo 2019','EM00200211XX\r\nEM00200209XX\r\nEM00400112XX\r\nEM00400205XX\r\nEM00300208XX\r\nEM00400204XX\r\nEM00200207XX\r\nEM00200210XX\r\nEM00400206XX\r\n',16,0,'2019-05-15 11:35:36','2019-05-22 16:42:25'),(229,'felipe.escalanteguido@ucr.ac.cr',NULL,'Inventario Mayo 2019',NULL,17,0,'2019-05-15 11:35:36','2019-05-15 17:36:10'),(230,'felipe.escalanteguido@ucr.ac.cr',NULL,'Inventario Mayo 2019','EM00200249XX\r\nEM00400243XX\r\nEM00400244XX\r\nEM00400245XX\r\nEM00200253XX\r\nEM00400247XX\r\nEM00200250XX\r\nEM00200251XX\r\nEM00200254XX\r\nEM00700226XX\r\nEM00600155XX\r\nEM00200252XX\r\n',18,0,'2019-05-15 11:35:36','2019-05-22 16:01:11'),(231,'felipe.escalanteguido@ucr.ac.cr',NULL,'Inventario Mayo 2019','EM00600154XX\r\nEM00800262XX\r\nEM00800260XX\r\n',19,0,'2019-05-15 11:35:36','2019-05-22 17:07:29'),(232,'felipe.escalanteguido@ucr.ac.cr',NULL,'Inventario Mayo 2019',NULL,20,0,'2019-05-15 11:35:36','2019-05-15 17:36:10'),(233,'felipe.escalanteguido@ucr.ac.cr',NULL,'Inventario Mayo 2019','EM00600120XX\r\nEM00400192XX\r\nEM00400016XX\r\nEM00400083XX\r\nEM00400345XX\r\nEM00400017XX\r\nEM00400085XX\r\nEM00200144XX\r\nEM00600241XX\r\nEM00400337XX\r\nEM00400023XX\r\nEM00600319XX\r\nEM00400022XX\r\n',21,0,'2019-05-15 11:35:36','2019-05-22 17:11:36'),(234,'felipe.escalanteguido@ucr.ac.cr',NULL,'Inventario Mayo 2019','EM00200267XX\r\nEM00200266XX\r\nEM00200269XX\r\nEM00200270XX\r\nEM00200268XX\r\nEM00200265XX\r\nEM00200264XX\r\nEM00200271XX\r\nEM00200272XX\r\nEM00500357XX\r\nEM00200273XX\r\nEM00200275XX\r\nEM00500274XX\r\nEM00500276XX\r\nEM00500277XX\r\nEM00500281XX\r\nEM00500344XX\r\nEM00200285XX\r\nEM00500279XX\r\nEM00500280XX\r\nEM00500283XX\r\nEM00500284XX\r\nEM00500278XX\r\n',22,0,'2019-05-15 11:35:36','2019-05-20 16:25:51'),(235,'felipe.escalanteguido@ucr.ac.cr',NULL,'Inventario Mayo 2019',NULL,23,0,'2019-05-15 11:35:36','2019-05-15 17:36:10'),(236,'felipe.escalanteguido@ucr.ac.cr',NULL,'Inventario Mayo 2019','EM00400331XX\r\nEM00100310XX\r\nEM00500292XX\r\nEM00800287XX\r\nEM00700290XX\r\nEM00700289XX\r\nEM00800288XX\r\nEM00100291XX\r\n',24,0,'2019-05-15 11:35:36','2019-05-22 15:47:48'),(237,'felipe.escalanteguido@ucr.ac.cr',NULL,'Inventario Mayo 2019','EM00600156XX\r\n',25,0,'2019-05-15 11:35:36','2019-05-22 17:17:31'),(238,'felipe.escalanteguido@ucr.ac.cr',NULL,'Inventario Mayo 2019',NULL,26,0,'2019-05-15 11:35:36','2019-05-15 17:36:10'),(239,'felipe.escalanteguido@ucr.ac.cr',NULL,'Inventario Mayo 2019','\r\n',27,0,'2019-05-15 11:35:36','2019-05-23 14:47:13'),(240,'felipe.escalanteguido@ucr.ac.cr',NULL,'Inventario Mayo 2019','EM00600125XX\r\nEM00400313XX\r\nEM00400165XX\r\nEM00600143XX\r\nEM00700366XX\r\nEM00400166XX',28,0,'2019-05-15 11:35:36','2019-05-22 16:45:43'),(241,'felipe.escalanteguido@ucr.ac.cr',NULL,'Inventario Mayo 2019',NULL,29,0,'2019-05-15 11:35:36','2019-05-15 17:36:10'),(242,'felipe.escalanteguido@ucr.ac.cr',NULL,'Inventario Mayo 2019',NULL,30,0,'2019-05-15 11:35:36','2019-05-15 17:36:10'),(243,'felipe.escalanteguido@ucr.ac.cr',NULL,'Inventario Mayo 2019','EM00200148XX\r\nEM00700153XX\r\n',31,0,'2019-05-15 11:35:36','2019-05-22 17:18:57'),(244,'felipe.escalanteguido@ucr.ac.cr',NULL,'Inventario Mayo 2019','EM00400340XX\r\nEM00400338XX\r\n',32,0,'2019-05-15 11:35:36','2019-05-23 14:47:22'),(245,'felipe.escalanteguido@ucr.ac.cr',NULL,'Inventario Mayo 2019',NULL,33,0,'2019-05-15 11:35:36','2019-05-15 17:36:10');

--
-- Table structure for table `ubicaciones`
--

CREATE TABLE `ubicaciones` (
  `ubicacionID` int(11) NOT NULL AUTO_INCREMENT,
  `lugar` char(70) DEFAULT NULL,
  `croquisID` int(11) DEFAULT NULL,
  `ultima_modificacion` char(50) DEFAULT NULL,
  `descripcion` char(255) DEFAULT NULL,
  PRIMARY KEY (`ubicacionID`),
  KEY `croquisID` (`croquisID`),
  CONSTRAINT `ubicaciones_ibfk_1` FOREIGN KEY (`croquisID`) REFERENCES `croquis` (`croquisID`) ON DELETE SET NULL
) ENGINE=InnoDB AUTO_INCREMENT=34 DEFAULT CHARSET=latin1;

--
-- Dumping data for table `ubicaciones`
--

INSERT INTO `ubicaciones` VALUES (2,'Oficina 205',1,NULL,'Laboratorio de Cómputo'),(3,'Oficina 206',1,'felipe.escalanteguido@ucr.ac.cr','Cubículo 10'),(4,'Oficina 207',1,'felipe.escalanteguido@ucr.ac.cr','Cubículo 09'),(5,'Oficina 208',1,NULL,'Bodega Suministros de Papelería'),(6,'Oficina 209',1,'felipe.escalanteguido@ucr.ac.cr','Cubículo 07'),(7,'Oficina 210',1,'felipe.escalanteguido@ucr.ac.cr','Cubículo 08'),(8,'Oficina 211',1,'felipe.escalanteguido@ucr.ac.cr','Cubículo 05'),(9,'Oficina 212',1,'felipe.escalanteguido@ucr.ac.cr','Cubículo 06'),(10,'Oficina 213',1,'felipe.escalanteguido@ucr.ac.cr','Cubículos del 1 al 4'),(11,'Oficina 214',1,NULL,'Bodega Suministros de Limpieza'),(12,'Oficina 215',1,NULL,'Servicios Informáticos'),(13,'Oficina 216',1,NULL,'Sala de Sesiones'),(14,'Oficina 218',1,NULL,'Dirección'),(15,'Oficina 219',1,NULL,'Jefatura Administrativa'),(16,'Oficina 220',1,NULL,'Revista de Matemática'),(17,'Baño 223',1,NULL,'Baño de Mujeres'),(18,'Recepción',1,NULL,'Recepción'),(19,'Ducto 224',1,NULL,'Ducto'),(20,'Baño 226',1,NULL,'Baño de Hombres'),(21,'Cuarto Eléctrico  228',1,NULL,'Cuarto Eléctrico'),(22,'Comedor 201',1,NULL,'Comedor'),(23,'Cuarto de Limpieza 227',1,NULL,'Cuarto de Limpieza'),(24,'Pasillo',1,NULL,'Pasillo'),(25,'Cuarto de Aseo Piso 3',1,NULL,'Cuarto de Aseo'),(26,'OLCOMA',1,NULL,'Primer Piso'),(27,'Oficina 320',1,NULL,'Piso 3'),(28,'Cuarto de Red 204',1,NULL,'Cuarto de Red'),(29,'Centro de Informática',1,NULL,'CI'),(30,'ECCI 252',1,NULL,'Oficina 252'),(31,'Miniauditorio 110',1,NULL,'Miniauditorio'),(32,'Oficina 325',1,NULL,'Oficina 325'),(33,'Préstamo',1,NULL,'Préstamo');
DELIMITER ;;
/*!50003 CREATE*/ /*!50017 DEFINER=`root`@`localhost`*/ /*!50003 TRIGGER `trigger_historial_ubicaciones` BEFORE UPDATE ON `ubicaciones`
 FOR EACH ROW BEGIN
        IF OLD.croquisID != NEW.croquisID
        THEN
                INSERT INTO historial
                    (
                        tabla_modificada    ,
                        columna_modificada       ,
                        IDelemento_modificado ,
                        valor_anterior     ,
                        valor_posterior     ,
                        usuario

                    )
                    VALUES
                    (
                        'ubicaciones'    ,
                        'croquisID'       ,
                        NEW.ubicacionID ,
                        OLD.croquisID     ,
                        NEW.croquisID     ,
                        NEW.ultima_modificacion
                    );
        END IF;
        IF OLD.lugar != NEW.lugar
        THEN
                INSERT INTO historial
                    (
                        tabla_modificada    ,
                        columna_modificada       ,
                        IDelemento_modificado ,
                        valor_anterior     ,
                        valor_posterior     ,
                        usuario

                    )
                    VALUES
                    (
                        'ubicaciones'    ,
                        'lugar'       ,
                        NEW.ubicacionID ,
                        OLD.lugar     ,
                        NEW.lugar     ,
                        NEW.ultima_modificacion
                    );
        END IF;
        
 
        
 
    END */;;
DELIMITER ;


